{"id":15330,"date":"2024-10-06T18:02:50","date_gmt":"2024-10-06T16:02:50","guid":{"rendered":"https:\/\/9play.de\/shop\/produkt\/zirkus-2000-puzzleteile\/"},"modified":"2024-10-06T18:03:01","modified_gmt":"2024-10-06T16:03:01","slug":"zirkus-2000-puzzleteile","status":"publish","type":"product","link":"https:\/\/9play.de\/shop\/produkt\/zirkus-2000-puzzleteile\/","title":{"rendered":"Zirkus &#8211; 2000 Puzzleteile"},"content":{"rendered":"<p>Puzzle Der Zirkus 2000 Teile<\/p>\n<p>Clementoni \u00abpuzzle Circus 2000 St\u00fcck\u00bb<\/p>\n<p>Die High Quality Puzzle Collection Clementoniist eine elegante R\u00e4tsellinie, die speziell f\u00fcr Menschen mit Liebe zum Detail entwickelt wurde. Die Qualit\u00e4t der verwendeten Materialien und die exklusive Drucktechnik verb\u00fcrgen sich Bilder, die immer sch\u00f6n, lebendig und klar sind.<br \/>Clementoni Puzzles bestechen durch Materialien in h\u00f6chster Qualit\u00e4t, wundersch\u00f6ne Bilder, exklusive Kollektionen, hochwertige Drucke, sowie Puzzleteile von pr\u00e4ziser Passform. Eine kluge Produktionstechnik macht ein perfektes Ineinanderpassen m\u00f6glich. Die Puzzle-Sortimente werden h\u00f6chsten Anspr\u00fcchen gerecht und nicht zuletzt dadurch ist Clementoni in vielen L\u00e4ndern Europas Marktf\u00fchrer.<\/p>\n<p>&nbsp;<\/p>\n<p>Farbe: mehrfarbig<br \/>Material: Karton<br \/>St\u00fcckzahl: 2000<br \/>Abmessungen: 97,5 x 66,8 cm<\/p>\n<p>Warnhinweis: Achtung! Nicht f\u00fcr Kinder unter 3 Jahren geeignet. Es besteht Erstickungsgefahr wegen verschluckbarer Kleinteile!<\/p>\n","protected":false},"excerpt":{"rendered":"<p>Puzzle Der Zirkus 2000 Teile Clementoni \u00abpuzzle Circus 2000 St\u00fcck\u00bb Die High Quality Puzzle Collection Clementoniist eine elegante R\u00e4tsellinie, die speziell f\u00fcr Menschen mit Liebe zum Detail entwickelt wurde. Die Qualit\u00e4t der verwendeten Materialien und die exklusive Drucktechnik verb\u00fcrgen sich Bilder, die immer sch\u00f6n, lebendig und klar sind.Clementoni Puzzles bestechen durch Materialien in h\u00f6chster Qualit\u00e4t, [&hellip;]<\/p>\n","protected":false},"featured_media":15331,"comment_status":"closed","ping_status":"open","template":"","meta":[],"product_brand":[],"product_cat":[443],"product_tag":[],"class_list":{"0":"post-15330","1":"product","2":"type-product","3":"status-publish","4":"has-post-thumbnail","6":"product_cat-klassiker","8":"first","9":"instock","10":"shipping-taxable","11":"purchasable","12":"product-type-simple"},"_links":{"self":[{"href":"https:\/\/9play.de\/shop\/wp-json\/wp\/v2\/product\/15330","targetHints":{"allow":["GET"]}}],"collection":[{"href":"https:\/\/9play.de\/shop\/wp-json\/wp\/v2\/product"}],"about":[{"href":"https:\/\/9play.de\/shop\/wp-json\/wp\/v2\/types\/product"}],"replies":[{"embeddable":true,"href":"https:\/\/9play.de\/shop\/wp-json\/wp\/v2\/comments?post=15330"}],"wp:featuredmedia":[{"embeddable":true,"href":"https:\/\/9play.de\/shop\/wp-json\/wp\/v2\/media\/15331"}],"wp:attachment":[{"href":"https:\/\/9play.de\/shop\/wp-json\/wp\/v2\/media?parent=15330"}],"wp:term":[{"taxonomy":"product_brand","embeddable":true,"href":"https:\/\/9play.de\/shop\/wp-json\/wp\/v2\/product_brand?post=15330"},{"taxonomy":"product_cat","embeddable":true,"href":"https:\/\/9play.de\/shop\/wp-json\/wp\/v2\/product_cat?post=15330"},{"taxonomy":"product_tag","embeddable":true,"href":"https:\/\/9play.de\/shop\/wp-json\/wp\/v2\/product_tag?post=15330"}],"curies":[{"name":"wp","href":"https:\/\/api.w.org\/{rel}","templated":true}]}}