{"id":15340,"date":"2024-10-06T18:02:50","date_gmt":"2024-10-06T16:02:50","guid":{"rendered":"https:\/\/9play.de\/shop\/produkt\/steckpuzzle-eule-aus-holz\/"},"modified":"2024-10-06T18:03:07","modified_gmt":"2024-10-06T16:03:07","slug":"steckpuzzle-eule-aus-holz","status":"publish","type":"product","link":"https:\/\/9play.de\/shop\/produkt\/steckpuzzle-eule-aus-holz\/","title":{"rendered":"Steckpuzzle Eule aus Holz"},"content":{"rendered":"<p>Steckpuzzle Formen, Eule, nat\u00fcrliches Holz, Steckeule mit verschiedenen Steckformen<\/p>\n<p>Eulen sind voll im Trend!<\/p>\n<p>Dieses h\u00f6lzerne Exemplar ist besonders reizvoll, da verschiedene Formen und Farben auf ihrem Bauch richtig zugeordnet werden m\u00fcssen. Die bunt lackierte Puzzle-Eule f\u00f6rdert die Entwicklung von Motorik und Sensorik.<\/p>\n<p>&nbsp;<\/p>\n<p>Ma\u00dfe: &nbsp;&nbsp;&nbsp;ca. 24 x 19 x 2,5 cm<br \/>Marke: &nbsp;&nbsp;&nbsp;small foot<br \/>Material : &nbsp;&nbsp;Holz<br \/>Einstiegsalter : &nbsp;&nbsp;ab 12 Monate<br \/>Gewicht inkl. Verpackung (brutto) : &nbsp;&nbsp;0,44 kg<\/p>\n<p>&nbsp;<\/p>\n<p>&nbsp;<\/p>\n<p>&nbsp;<\/p>\n<p>Achtung: Mindestalter 12 Monate.<\/p>\n","protected":false},"excerpt":{"rendered":"<p>Die bunt lackierte Puzzle-Eule f\u00f6rdert die Entwicklung von Motorik und Sensorik.<\/p>\n","protected":false},"featured_media":15341,"comment_status":"closed","ping_status":"open","template":"","meta":[],"product_brand":[],"product_cat":[445],"product_tag":[],"class_list":{"0":"post-15340","1":"product","2":"type-product","3":"status-publish","4":"has-post-thumbnail","6":"product_cat-puzzle","8":"first","9":"instock","10":"shipping-taxable","11":"purchasable","12":"product-type-simple"},"_links":{"self":[{"href":"https:\/\/9play.de\/shop\/wp-json\/wp\/v2\/product\/15340","targetHints":{"allow":["GET"]}}],"collection":[{"href":"https:\/\/9play.de\/shop\/wp-json\/wp\/v2\/product"}],"about":[{"href":"https:\/\/9play.de\/shop\/wp-json\/wp\/v2\/types\/product"}],"replies":[{"embeddable":true,"href":"https:\/\/9play.de\/shop\/wp-json\/wp\/v2\/comments?post=15340"}],"wp:featuredmedia":[{"embeddable":true,"href":"https:\/\/9play.de\/shop\/wp-json\/wp\/v2\/media\/15341"}],"wp:attachment":[{"href":"https:\/\/9play.de\/shop\/wp-json\/wp\/v2\/media?parent=15340"}],"wp:term":[{"taxonomy":"product_brand","embeddable":true,"href":"https:\/\/9play.de\/shop\/wp-json\/wp\/v2\/product_brand?post=15340"},{"taxonomy":"product_cat","embeddable":true,"href":"https:\/\/9play.de\/shop\/wp-json\/wp\/v2\/product_cat?post=15340"},{"taxonomy":"product_tag","embeddable":true,"href":"https:\/\/9play.de\/shop\/wp-json\/wp\/v2\/product_tag?post=15340"}],"curies":[{"name":"wp","href":"https:\/\/api.w.org\/{rel}","templated":true}]}}