{"id":15355,"date":"2024-10-06T18:02:50","date_gmt":"2024-10-06T16:02:50","guid":{"rendered":"https:\/\/9play.de\/shop\/produkt\/spieluhr-schaefchen-lotta\/"},"modified":"2024-10-06T18:03:15","modified_gmt":"2024-10-06T16:03:15","slug":"spieluhr-schaefchen-lotta","status":"publish","type":"product","link":"https:\/\/9play.de\/shop\/produkt\/spieluhr-schaefchen-lotta\/","title":{"rendered":"Spieluhr Sch\u00e4fchen &#8211; Lotta"},"content":{"rendered":"<p><b>Spieluhr Sch\u00e4fchen &#8222;Lotta&#8220; Kinderspielzeug<\/b><br \/>&#8222;Guten Abend, Gute Nacht&#8220; spielt diese pl\u00fcschige Spieluhr.<br \/>Das kleine Sch\u00e4fchen &#8222;Lotta&#8220; ziert diese tolle Einschlafhilfe. Zieht man am Blatt, ert\u00f6nt die Musik und das Sch\u00e4fchen \u201efrisst\u201c nach und nach das Bl\u00e4ttchen wieder zu sich heran.<br \/>Als Aufh\u00e4ngung dient ein blaues Band, so kann diese Spieluhr im Bettchen oder Kinderwagen wunderbar eingesetzt werden. &#8222;Guten Abend, Gute Nacht&#8220; spielt diese pl\u00fcschige Spieluhr.<br \/>Das kleine Sch\u00e4fchen &#8222;Lotta&#8220; ziert diese tolle Einschlafhilfe. Zieht man am Blatt, ert\u00f6nt die Musik und das Sch\u00e4fchen \u201efrisst\u201c nach und nach das Bl\u00e4ttchen wieder zu sich heran.<br \/>Als Aufh\u00e4ngung dient ein blaues Band, so kann diese Spieluhr im Bettchen oder Kinderwagen wunderbar eingesetzt werden.<\/p>\n<p>&nbsp;<\/p>\n<p>Ma\u00dfe:&nbsp;ca. 24 x 16 x 7,5 cm<br \/>Marke:&nbsp;small foot<br \/>Material:&nbsp;Pl\u00fcsch<br \/>Einstiegsalter:&nbsp;ab 0 Monate<br \/>Gewicht inkl. Verpackung (brutto):&nbsp;0,21 kg<\/p>\n<p>Besondere Eigenschaften &#8211;&nbsp;Artikel mit Ger\u00e4usch-Funktion<\/p>\n<p>&nbsp;<\/p>\n<p>Achtung: Benutzung unter unmittelbarer Aufsicht von Erwachsenen.<\/p>\n","protected":false},"excerpt":{"rendered":"<p>&#8222;Guten Abend, Gute Nacht&#8220; spielt diese pl\u00fcschige Spieluhr. Zieht man am Blatt, ert\u00f6nt die Musik und das Sch\u00e4fchen \u201efrisst\u201c nach und nach das Bl\u00e4ttchen wieder zu sich heran.<\/p>\n","protected":false},"featured_media":15356,"comment_status":"closed","ping_status":"open","template":"","meta":[],"product_brand":[],"product_cat":[446],"product_tag":[],"class_list":{"0":"post-15355","1":"product","2":"type-product","3":"status-publish","4":"has-post-thumbnail","6":"product_cat-babyspielzeug","8":"first","9":"instock","10":"shipping-taxable","11":"purchasable","12":"product-type-simple"},"_links":{"self":[{"href":"https:\/\/9play.de\/shop\/wp-json\/wp\/v2\/product\/15355","targetHints":{"allow":["GET"]}}],"collection":[{"href":"https:\/\/9play.de\/shop\/wp-json\/wp\/v2\/product"}],"about":[{"href":"https:\/\/9play.de\/shop\/wp-json\/wp\/v2\/types\/product"}],"replies":[{"embeddable":true,"href":"https:\/\/9play.de\/shop\/wp-json\/wp\/v2\/comments?post=15355"}],"wp:featuredmedia":[{"embeddable":true,"href":"https:\/\/9play.de\/shop\/wp-json\/wp\/v2\/media\/15356"}],"wp:attachment":[{"href":"https:\/\/9play.de\/shop\/wp-json\/wp\/v2\/media?parent=15355"}],"wp:term":[{"taxonomy":"product_brand","embeddable":true,"href":"https:\/\/9play.de\/shop\/wp-json\/wp\/v2\/product_brand?post=15355"},{"taxonomy":"product_cat","embeddable":true,"href":"https:\/\/9play.de\/shop\/wp-json\/wp\/v2\/product_cat?post=15355"},{"taxonomy":"product_tag","embeddable":true,"href":"https:\/\/9play.de\/shop\/wp-json\/wp\/v2\/product_tag?post=15355"}],"curies":[{"name":"wp","href":"https:\/\/api.w.org\/{rel}","templated":true}]}}