{"id":15369,"date":"2024-10-06T18:02:50","date_gmt":"2024-10-06T16:02:50","guid":{"rendered":"https:\/\/9play.de\/shop\/produkt\/polizei-interaktives-holzbuch\/"},"modified":"2024-10-06T18:03:25","modified_gmt":"2024-10-06T16:03:25","slug":"polizei-interaktives-holzbuch","status":"publish","type":"product","link":"https:\/\/9play.de\/shop\/produkt\/polizei-interaktives-holzbuch\/","title":{"rendered":"Polizei interaktives Holzbuch"},"content":{"rendered":"<p><b>Bilderbuch Polizei interaktiv, Holzbuch aus robustem Holz<\/b><\/p>\n<p>Hier ist Action garantiert! Mit diesem liebevoll gestalteten interaktiven Bilderbuch aus Holz lernen Kinder die Polizei und ihre Funktion kennen. Mit dem beigef\u00fcgten Polizeiauto geht es auf Verbrecherjagd! Die Holzfiguren regen die Phantasie an und bieten Kindern die M\u00f6glichkeit, sich eine eigene Geschichte zum Geschehen auszudenken und diese nachzuspielen. Nachdem der Verbrecher gefasst ist, werden die beiden Holzautos ganz einfach an den praktischen Klettverschl\u00fcssen auf der R\u00fcckseite des Buches befestigt. Ein lehrreiches Buch, um spielerisch die Phantasie und das Geschichtenerz\u00e4hlen zu f\u00f6rdern. Dieser Artikel ist mit den anderen interaktiven Holzb\u00fcchern kombinierbar<\/p>\n<p>&nbsp;<\/p>\n<p>Ma\u00dfe : &nbsp;&nbsp;Holzbuch ca. 18 x 15 x 2 cm, Polizeiauto ca. 11 x 6 x 1 cm<br \/>Marke : &nbsp;&nbsp;small foot<br \/>Material: &nbsp;&nbsp;&nbsp;Holz, Stoff<br \/>Einstiegsalter : &nbsp;&nbsp;ab 12 Monate<br \/>Gewicht inkl. Verpackung (brutto) : &nbsp;&nbsp;0,4kg<\/p>\n<p>&nbsp;<\/p>\n<p>ACHTUNG! Nicht f\u00fcr Kinder unter 12 Monaten geeignet!<br \/>Bitte vor jedem Gebrauch auf Besch\u00e4digungen \u00fcberpr\u00fcfen!<\/p>\n","protected":false},"excerpt":{"rendered":"<p>Mit diesem liebevoll gestalteten interaktiven Bilderbuch aus Holz lernen Kinder die Polizei und ihre Funktion kennen.<\/p>\n","protected":false},"featured_media":15370,"comment_status":"closed","ping_status":"open","template":"","meta":[],"product_brand":[],"product_cat":[448],"product_tag":[],"class_list":{"0":"post-15369","1":"product","2":"type-product","3":"status-publish","4":"has-post-thumbnail","6":"product_cat-buecher-aus-holz","8":"first","9":"instock","10":"shipping-taxable","11":"purchasable","12":"product-type-simple"},"_links":{"self":[{"href":"https:\/\/9play.de\/shop\/wp-json\/wp\/v2\/product\/15369","targetHints":{"allow":["GET"]}}],"collection":[{"href":"https:\/\/9play.de\/shop\/wp-json\/wp\/v2\/product"}],"about":[{"href":"https:\/\/9play.de\/shop\/wp-json\/wp\/v2\/types\/product"}],"replies":[{"embeddable":true,"href":"https:\/\/9play.de\/shop\/wp-json\/wp\/v2\/comments?post=15369"}],"wp:featuredmedia":[{"embeddable":true,"href":"https:\/\/9play.de\/shop\/wp-json\/wp\/v2\/media\/15370"}],"wp:attachment":[{"href":"https:\/\/9play.de\/shop\/wp-json\/wp\/v2\/media?parent=15369"}],"wp:term":[{"taxonomy":"product_brand","embeddable":true,"href":"https:\/\/9play.de\/shop\/wp-json\/wp\/v2\/product_brand?post=15369"},{"taxonomy":"product_cat","embeddable":true,"href":"https:\/\/9play.de\/shop\/wp-json\/wp\/v2\/product_cat?post=15369"},{"taxonomy":"product_tag","embeddable":true,"href":"https:\/\/9play.de\/shop\/wp-json\/wp\/v2\/product_tag?post=15369"}],"curies":[{"name":"wp","href":"https:\/\/api.w.org\/{rel}","templated":true}]}}