{"id":15406,"date":"2024-10-06T18:03:36","date_gmt":"2024-10-06T16:03:36","guid":{"rendered":"https:\/\/9play.de\/shop\/produkt\/abc-activity-dreieck\/"},"modified":"2024-10-06T18:03:48","modified_gmt":"2024-10-06T16:03:48","slug":"abc-activity-dreieck","status":"publish","type":"product","link":"https:\/\/9play.de\/shop\/produkt\/abc-activity-dreieck\/","title":{"rendered":"ABC Activity Dreieck"},"content":{"rendered":"<p>Multifunktionsspielzeug mit einer Vielzahl an motorischen Elementen unterst\u00fctzt die Entwicklung in den ersten Lebensjahren.<\/p>\n<p>Das ABC Activity Dreieck ist ein Multifunktionsspielzeug mit einer Vielzahl an motorischen Elementen f\u00fcr kleine Entdecker.&nbsp;<\/p>\n<p>Lieferumfang: 1 x ABC Activity Dreieck<br \/>Altersempfehlung: ab 12 Monaten<br \/>Gr\u00f6\u00dfe: ca. 17 cm x 20 cm (H\u00f6he, Breite)<br \/>Hersteller: Simba<\/p>\n<p>&nbsp;<\/p>\n<p>&nbsp;<\/p>\n<p>&nbsp;<\/p>\n<p>&nbsp;<\/p>\n<p>Achtung: Mindestalter 12 Monate.<\/p>\n","protected":false},"excerpt":{"rendered":"<p>Das ABC Activity Dreieck ist ein Multifunktionsspielzeug mit einer Vielzahl an motorischen Elementen f\u00fcr kleine Entdecker.\u00a0<\/p>\n","protected":false},"featured_media":15407,"comment_status":"closed","ping_status":"open","template":"","meta":[],"product_brand":[],"product_cat":[446],"product_tag":[],"class_list":{"0":"post-15406","1":"product","2":"type-product","3":"status-publish","4":"has-post-thumbnail","6":"product_cat-babyspielzeug","8":"first","9":"instock","10":"shipping-taxable","11":"purchasable","12":"product-type-simple"},"_links":{"self":[{"href":"https:\/\/9play.de\/shop\/wp-json\/wp\/v2\/product\/15406","targetHints":{"allow":["GET"]}}],"collection":[{"href":"https:\/\/9play.de\/shop\/wp-json\/wp\/v2\/product"}],"about":[{"href":"https:\/\/9play.de\/shop\/wp-json\/wp\/v2\/types\/product"}],"replies":[{"embeddable":true,"href":"https:\/\/9play.de\/shop\/wp-json\/wp\/v2\/comments?post=15406"}],"wp:featuredmedia":[{"embeddable":true,"href":"https:\/\/9play.de\/shop\/wp-json\/wp\/v2\/media\/15407"}],"wp:attachment":[{"href":"https:\/\/9play.de\/shop\/wp-json\/wp\/v2\/media?parent=15406"}],"wp:term":[{"taxonomy":"product_brand","embeddable":true,"href":"https:\/\/9play.de\/shop\/wp-json\/wp\/v2\/product_brand?post=15406"},{"taxonomy":"product_cat","embeddable":true,"href":"https:\/\/9play.de\/shop\/wp-json\/wp\/v2\/product_cat?post=15406"},{"taxonomy":"product_tag","embeddable":true,"href":"https:\/\/9play.de\/shop\/wp-json\/wp\/v2\/product_tag?post=15406"}],"curies":[{"name":"wp","href":"https:\/\/api.w.org\/{rel}","templated":true}]}}