{"id":15429,"date":"2024-10-06T18:03:36","date_gmt":"2024-10-06T16:03:36","guid":{"rendered":"https:\/\/9play.de\/shop\/produkt\/puzzle-sonnenblumen-1000-puzzleteile\/"},"modified":"2024-10-06T18:04:11","modified_gmt":"2024-10-06T16:04:11","slug":"puzzle-sonnenblumen-1000-puzzleteile","status":"publish","type":"product","link":"https:\/\/9play.de\/shop\/produkt\/puzzle-sonnenblumen-1000-puzzleteile\/","title":{"rendered":"Puzzle Sonnenblumen 1000 Puzzleteile"},"content":{"rendered":"<p><b>Clementoni Puzzle Museum Collection &#8211; Sonnenblumen 1000 Puzzleteile<\/b><\/p>\n<p>Clementoni Museum Collection &#8211; Sonnenblumen Puzzle<br \/>Bauen Sie Ihre Puzzle &#8211; Sammlung mit diesem coolen Puzzle Clementoni . Machen Sie dieses Puzzle von 1.000 St\u00fcck und sehen Sie die sch\u00f6nen Gem\u00e4lde Sonnenblumen durch Van Gogh.<\/p>\n<p>&nbsp;<\/p>\n<p>Sammlung: Museum Collection<br \/>Alter: 12 und \u00e4lter<br \/>Farbe: Mehrfarbig<br \/>Material: Karton<br \/>St\u00fcckzahl: 1000<br \/>Puzzle Dimension: 69 x 50 cm<\/p>\n<p>Achtung! Nicht f\u00fcr Kinder unter 3 Jahren geeignet.Es besteht Erstickungsgefahr wegen verschluckbarer Kleinteile!&nbsp;<\/p>\n","protected":false},"excerpt":{"rendered":"<p>Machen Sie dieses Puzzle von 1.000 St\u00fcck und sehen Sie die sch\u00f6nen Gem\u00e4lde Sonnenblumen durch Van Gogh.<\/p>\n","protected":false},"featured_media":15430,"comment_status":"closed","ping_status":"open","template":"","meta":[],"product_brand":[],"product_cat":[443],"product_tag":[],"class_list":{"0":"post-15429","1":"product","2":"type-product","3":"status-publish","4":"has-post-thumbnail","6":"product_cat-klassiker","8":"first","9":"instock","10":"shipping-taxable","11":"purchasable","12":"product-type-simple"},"_links":{"self":[{"href":"https:\/\/9play.de\/shop\/wp-json\/wp\/v2\/product\/15429","targetHints":{"allow":["GET"]}}],"collection":[{"href":"https:\/\/9play.de\/shop\/wp-json\/wp\/v2\/product"}],"about":[{"href":"https:\/\/9play.de\/shop\/wp-json\/wp\/v2\/types\/product"}],"replies":[{"embeddable":true,"href":"https:\/\/9play.de\/shop\/wp-json\/wp\/v2\/comments?post=15429"}],"wp:featuredmedia":[{"embeddable":true,"href":"https:\/\/9play.de\/shop\/wp-json\/wp\/v2\/media\/15430"}],"wp:attachment":[{"href":"https:\/\/9play.de\/shop\/wp-json\/wp\/v2\/media?parent=15429"}],"wp:term":[{"taxonomy":"product_brand","embeddable":true,"href":"https:\/\/9play.de\/shop\/wp-json\/wp\/v2\/product_brand?post=15429"},{"taxonomy":"product_cat","embeddable":true,"href":"https:\/\/9play.de\/shop\/wp-json\/wp\/v2\/product_cat?post=15429"},{"taxonomy":"product_tag","embeddable":true,"href":"https:\/\/9play.de\/shop\/wp-json\/wp\/v2\/product_tag?post=15429"}],"curies":[{"name":"wp","href":"https:\/\/api.w.org\/{rel}","templated":true}]}}