{"id":15506,"date":"2024-10-06T18:04:30","date_gmt":"2024-10-06T16:04:30","guid":{"rendered":"https:\/\/9play.de\/shop\/produkt\/paw-patrol-brotbox\/"},"modified":"2024-10-06T18:04:56","modified_gmt":"2024-10-06T16:04:56","slug":"paw-patrol-brotbox","status":"publish","type":"product","link":"https:\/\/9play.de\/shop\/produkt\/paw-patrol-brotbox\/","title":{"rendered":"Paw Patrol &#8211; Brotbox"},"content":{"rendered":"<p>Paw Patrol&nbsp;&#8211; Brotdose &#8211; Lunch to Go &#8211; Kinder Lunchbox<\/p>\n<p>F\u00fcr belegte Brote, Gem\u00fcse, M\u00fcsliriegel u.v.m.<br \/>Snack Box aus sehr stabilem Material.<br \/>Die Pausenverpflegung&nbsp;bleibt lecker und appetitlich!<br \/>So bleibt das Obst oder Gem\u00fcse lange frisch.<\/p>\n<p>Material: Kunststoff<br \/>Farbe: Mehrfarbig<br \/>Stil: Art Deco<br \/>Marke: Stor<br \/>Artikelma\u00dfe L x B x H: ca. 18.1 x 13.9 x 6.7 cm<br \/>Form: Sechseckig<br \/>Muster: Polka Dots<br \/>Artikelgewicht: 0.11 Kilogramm<\/p>\n","protected":false},"excerpt":{"rendered":"<p>Paw Patrol Brotdose. F\u00fcr belegte Brote, Gem\u00fcse, M\u00fcsliriegel u.v.m.<\/p>\n","protected":false},"featured_media":15507,"comment_status":"closed","ping_status":"open","template":"","meta":[],"product_brand":[],"product_cat":[463],"product_tag":[],"class_list":{"0":"post-15506","1":"product","2":"type-product","3":"status-publish","4":"has-post-thumbnail","6":"product_cat-brotdosen","8":"first","9":"instock","10":"shipping-taxable","11":"purchasable","12":"product-type-simple"},"_links":{"self":[{"href":"https:\/\/9play.de\/shop\/wp-json\/wp\/v2\/product\/15506","targetHints":{"allow":["GET"]}}],"collection":[{"href":"https:\/\/9play.de\/shop\/wp-json\/wp\/v2\/product"}],"about":[{"href":"https:\/\/9play.de\/shop\/wp-json\/wp\/v2\/types\/product"}],"replies":[{"embeddable":true,"href":"https:\/\/9play.de\/shop\/wp-json\/wp\/v2\/comments?post=15506"}],"wp:featuredmedia":[{"embeddable":true,"href":"https:\/\/9play.de\/shop\/wp-json\/wp\/v2\/media\/15507"}],"wp:attachment":[{"href":"https:\/\/9play.de\/shop\/wp-json\/wp\/v2\/media?parent=15506"}],"wp:term":[{"taxonomy":"product_brand","embeddable":true,"href":"https:\/\/9play.de\/shop\/wp-json\/wp\/v2\/product_brand?post=15506"},{"taxonomy":"product_cat","embeddable":true,"href":"https:\/\/9play.de\/shop\/wp-json\/wp\/v2\/product_cat?post=15506"},{"taxonomy":"product_tag","embeddable":true,"href":"https:\/\/9play.de\/shop\/wp-json\/wp\/v2\/product_tag?post=15506"}],"curies":[{"name":"wp","href":"https:\/\/api.w.org\/{rel}","templated":true}]}}