{"id":15517,"date":"2024-10-06T18:04:30","date_gmt":"2024-10-06T16:04:30","guid":{"rendered":"https:\/\/9play.de\/shop\/produkt\/einhorn-regenschirm-milky-kiss\/"},"modified":"2024-10-06T18:05:04","modified_gmt":"2024-10-06T16:05:04","slug":"einhorn-regenschirm-milky-kiss","status":"publish","type":"product","link":"https:\/\/9play.de\/shop\/produkt\/einhorn-regenschirm-milky-kiss\/","title":{"rendered":"Einhorn Regenschirm &#8211; Milky Kiss"},"content":{"rendered":"<p>Wie l\u00e4sst sich ein tr\u00fcber Regentag doch noch etwas sonniger gestalten? Alles, was Sie tun m\u00fcssen, ist, ihm diesen bunten Regenschirm zu geben. Die Farben mischen sich wunderbar, und Ihre Tochter sieht sofort, dass es der Schirm von Milky Kiss ist. Wie alles von der Marke ist auch der Regenschirm super trendy.<br \/>Pl\u00f6tzlich durch den Regen zur Schule zu laufen, ist f\u00fcr Ihr kleines M\u00e4dchen kein Problem mehr. Der Regenschirm hat einen Aufdruck mit Einh\u00f6rnern. Wer liebt ihn nicht? Der Griff ist rund und liegt bequem in der Hand.<br \/>Der Schirm ist sehr leicht.<\/p>\n<p>Marke: Vadobag<\/p>\n<p>Manuelle Schiebefunktion<br \/>Band zum Anlegen der Schirmlappen mit Druckknopf<br \/>&nbsp;Abmessungen (HxBxT in cm): 63cm x 70cm x 70cm<br \/>Gewicht: ca. 0,22 kg<br \/>Durchmesser: ca. 71 cm<br \/>Streben: 8 St\u00fcck<br \/>Material: Polyester<\/p>\n","protected":false},"excerpt":{"rendered":"<p>Regenschirm f\u00fcr Kinder Milky Kiss Don&#8217;t Worry About Rain<\/p>\n","protected":false},"featured_media":15518,"comment_status":"closed","ping_status":"open","template":"","meta":[],"product_brand":[],"product_cat":[464],"product_tag":[],"class_list":{"0":"post-15517","1":"product","2":"type-product","3":"status-publish","4":"has-post-thumbnail","6":"product_cat-regenschirme","8":"first","9":"instock","10":"shipping-taxable","11":"purchasable","12":"product-type-simple"},"_links":{"self":[{"href":"https:\/\/9play.de\/shop\/wp-json\/wp\/v2\/product\/15517","targetHints":{"allow":["GET"]}}],"collection":[{"href":"https:\/\/9play.de\/shop\/wp-json\/wp\/v2\/product"}],"about":[{"href":"https:\/\/9play.de\/shop\/wp-json\/wp\/v2\/types\/product"}],"replies":[{"embeddable":true,"href":"https:\/\/9play.de\/shop\/wp-json\/wp\/v2\/comments?post=15517"}],"wp:featuredmedia":[{"embeddable":true,"href":"https:\/\/9play.de\/shop\/wp-json\/wp\/v2\/media\/15518"}],"wp:attachment":[{"href":"https:\/\/9play.de\/shop\/wp-json\/wp\/v2\/media?parent=15517"}],"wp:term":[{"taxonomy":"product_brand","embeddable":true,"href":"https:\/\/9play.de\/shop\/wp-json\/wp\/v2\/product_brand?post=15517"},{"taxonomy":"product_cat","embeddable":true,"href":"https:\/\/9play.de\/shop\/wp-json\/wp\/v2\/product_cat?post=15517"},{"taxonomy":"product_tag","embeddable":true,"href":"https:\/\/9play.de\/shop\/wp-json\/wp\/v2\/product_tag?post=15517"}],"curies":[{"name":"wp","href":"https:\/\/api.w.org\/{rel}","templated":true}]}}