{"id":15583,"date":"2024-10-06T18:05:20","date_gmt":"2024-10-06T16:05:20","guid":{"rendered":"https:\/\/9play.de\/shop\/produkt\/glitter-kinder-tattoo-20-vorlagen-in-4-coolen-farben\/"},"modified":"2024-10-06T18:05:46","modified_gmt":"2024-10-06T16:05:46","slug":"glitter-kinder-tattoo-20-vorlagen-in-4-coolen-farben","status":"publish","type":"product","link":"https:\/\/9play.de\/shop\/produkt\/glitter-kinder-tattoo-20-vorlagen-in-4-coolen-farben\/","title":{"rendered":"Glitter Kinder Tattoo 20 Vorlagen in 4 coolen Farben"},"content":{"rendered":"<p>Jetzt wird es sch\u00f6n bunt!<br \/>Dieses tolle Fashion Glitter Tattoo Set von LENA ist f\u00fcr modebewusste M\u00e4dchen ab sechs Jahren ein absoluter Muss.<br \/>In dem Set enthalten sind vier schimmernde K\u00f6rperfarben in Rosa, Gr\u00fcn, Rot und Purpurn, ein Pinsel, ein D\u00f6schen Latex und zehn Schablonen mit vielen niedlichen Motiven wie Herzen und Blumen.<br \/>Die Schablonen werden einfach auf die gew\u00fcnschte K\u00f6rperstelle aufgelegt und mit dem Pinsel in der gew\u00fcnschten Farbe ausgemalt.<br \/>Die Farben k\u00f6nnen ganz einfach mit Wasser wieder entfernt werden. Nebenbei \u00fcbt Ihr kleines M\u00e4dchen mit viel Freude auch das Malen mit Schablonen und kann ihrer Kreativit\u00e4t freien Lauf lassen.<br \/>Eine Anleitung ist enthalten.<\/p>\n<p>Altersempfehlung: ab 6 Jahre<br \/>Hersteller: Simm<br \/>Genre: Kosmetik &amp; Schmuck<br \/>Ma\u00dfe: 1,7 \/ 2,0 \/ 0,3cm<br \/>Gewicht: 116 Gramm<br \/>Sprache: Deutsch<\/p>\n<p>4 coolen Farben 20 Vorlagen<\/p>\n<p>&nbsp;<\/p>\n<p>Achtung: Enth\u00e4lt Duftstoffe, die Allergien ausl\u00f6sen k\u00f6nnen.<\/p>\n<p>Achtung: Nicht geeignet f\u00fcr Kinder unter 36 Monaten geeignet! &nbsp;Erstickungsgefahr durch verschluckbare Kleinteile!<\/p>\n","protected":false},"excerpt":{"rendered":"<p>LENA Glitter Tattoo. K\u00f6rperglitzer in 4 coolen Farben zum Anwenden als Tattoo. Komplettset mit Latex, Pinsel und Schablonen.<\/p>\n","protected":false},"featured_media":15584,"comment_status":"closed","ping_status":"open","template":"","meta":[],"product_brand":[],"product_cat":[470],"product_tag":[],"class_list":{"0":"post-15583","1":"product","2":"type-product","3":"status-publish","4":"has-post-thumbnail","6":"product_cat-schmuck","8":"first","9":"instock","10":"shipping-taxable","11":"purchasable","12":"product-type-simple"},"_links":{"self":[{"href":"https:\/\/9play.de\/shop\/wp-json\/wp\/v2\/product\/15583","targetHints":{"allow":["GET"]}}],"collection":[{"href":"https:\/\/9play.de\/shop\/wp-json\/wp\/v2\/product"}],"about":[{"href":"https:\/\/9play.de\/shop\/wp-json\/wp\/v2\/types\/product"}],"replies":[{"embeddable":true,"href":"https:\/\/9play.de\/shop\/wp-json\/wp\/v2\/comments?post=15583"}],"wp:featuredmedia":[{"embeddable":true,"href":"https:\/\/9play.de\/shop\/wp-json\/wp\/v2\/media\/15584"}],"wp:attachment":[{"href":"https:\/\/9play.de\/shop\/wp-json\/wp\/v2\/media?parent=15583"}],"wp:term":[{"taxonomy":"product_brand","embeddable":true,"href":"https:\/\/9play.de\/shop\/wp-json\/wp\/v2\/product_brand?post=15583"},{"taxonomy":"product_cat","embeddable":true,"href":"https:\/\/9play.de\/shop\/wp-json\/wp\/v2\/product_cat?post=15583"},{"taxonomy":"product_tag","embeddable":true,"href":"https:\/\/9play.de\/shop\/wp-json\/wp\/v2\/product_tag?post=15583"}],"curies":[{"name":"wp","href":"https:\/\/api.w.org\/{rel}","templated":true}]}}