{"id":15668,"date":"2024-10-06T18:06:12","date_gmt":"2024-10-06T16:06:12","guid":{"rendered":"https:\/\/9play.de\/shop\/produkt\/exit-das-spiel-der-verwunschene-wald\/"},"modified":"2024-10-06T18:06:49","modified_gmt":"2024-10-06T16:06:49","slug":"exit-das-spiel-der-verwunschene-wald","status":"publish","type":"product","link":"https:\/\/9play.de\/shop\/produkt\/exit-das-spiel-der-verwunschene-wald\/","title":{"rendered":"EXIT &#8211; Das Spiel: Der verwunschene Wald"},"content":{"rendered":"<p>In nur wenigen Minuten von der Wirklichkeit mitten hinein in ein aufregendes M\u00e4rchen-Abenteuer: Im EXIT\u00ae Spiel \u201eDer verwunschene Wald\u201c geht es von einem Moment auf den anderen nicht mehr mit rechten Dingen zu!<br \/>Die Spielerinnen und Spieler sto\u00dfen auf seltsame M\u00e4rchenwesen, die ihnen ungew\u00f6hnliche R\u00e4tsel stellen.<br \/>Nur wenn sie diese gemeinsam l\u00f6sen, finden sie aus dem Wald wieder heraus.<br \/>Wie sie am besten vorgehen und welche Hilfsmittel sie daf\u00fcr einsetzen entscheiden alle gemeinsam im Team.<br \/>Seite f\u00fcr Seite und Karte um Karte kommen sie den Geheimnissen des mysteri\u00f6sen Ortes und seiner Bewohner n\u00e4her.<br \/>Tolle R\u00e4tsel-Erfolgserlebnisse und ein spannendes Setting erwarten euch!<\/p>\n<p>Mit der Reihe \u201eEXIT\u00ae \u2013 Das Spiel\u201c bringt KOSMOS das Gef\u00fchl der Live-Escape-Rooms zu euch nach Hause.<br \/>Jede Box bietet einer Gruppe von 1 bis 4 Personen ein au\u00dfergew\u00f6hnliches Spielerlebnis f\u00fcr einen einmaligen und absolut unvergesslichen Abend!<br \/>Der Wettlauf gegen die Zeit und die cleveren R\u00e4tsel dieser innovativen Spielreihe sorgen f\u00fcr Spannung und geistige Herausforderung in den eigenen vier W\u00e4nden.<br \/>Um die R\u00e4tsel zu l\u00f6sen und sich somit gemeinsam aus der misslichen Lage zu befreien ist Teamgeist gefragt!<br \/>Also arbeitet gut zusammen, denn die Zeit l\u00e4uft\u2026 Live-Escape-Feeling im Einsteiger-Level.<\/p>\n<p>Inhalt: 1 Decodier-Scheibe, 88 Karten, 10 seltsame Teile, 1 Buch, 1 Spielanleitung<\/p>\n<p>Altersempfehlung: ab 10 Jahre<br \/>Spieldauer: ca. 45-90 Min.<br \/>Anzahl der Spieler: 1-4<br \/>Verpackungsgr\u00f6\u00dfe: 18x13x4cm (LxBxH)<br \/>&nbsp;<\/p>\n<p>Achtung: Nicht f\u00fcr Kinder unter 36 Monaten geeignet wegen verschluckbarer Kleinteile, Erstickungsgefahr.<br \/>&nbsp;<\/p>\n","protected":false},"excerpt":{"rendered":"<p>Teamgeist und Entscheidungsfreude sind hier gefragt! Gemeinsam erkunden die Spielerinnen und Spieler im Team den seltsamen M\u00e4rchenwald und l\u00f6sen knifflige R\u00e4tsel. Nur im Team kann es ihnen gelingen, wieder in die reale Welt zur\u00fcck zu kommen. Ein lustiges und aufregendes EXIT\u00ae Spiel im Level \u201eEinsteiger\u201c.<\/p>\n","protected":false},"featured_media":15669,"comment_status":"closed","ping_status":"open","template":"","meta":[],"product_brand":[],"product_cat":[468],"product_tag":[],"class_list":{"0":"post-15668","1":"product","2":"type-product","3":"status-publish","4":"has-post-thumbnail","6":"product_cat-kartenspiele","8":"first","9":"instock","10":"shipping-taxable","11":"purchasable","12":"product-type-simple"},"_links":{"self":[{"href":"https:\/\/9play.de\/shop\/wp-json\/wp\/v2\/product\/15668","targetHints":{"allow":["GET"]}}],"collection":[{"href":"https:\/\/9play.de\/shop\/wp-json\/wp\/v2\/product"}],"about":[{"href":"https:\/\/9play.de\/shop\/wp-json\/wp\/v2\/types\/product"}],"replies":[{"embeddable":true,"href":"https:\/\/9play.de\/shop\/wp-json\/wp\/v2\/comments?post=15668"}],"wp:featuredmedia":[{"embeddable":true,"href":"https:\/\/9play.de\/shop\/wp-json\/wp\/v2\/media\/15669"}],"wp:attachment":[{"href":"https:\/\/9play.de\/shop\/wp-json\/wp\/v2\/media?parent=15668"}],"wp:term":[{"taxonomy":"product_brand","embeddable":true,"href":"https:\/\/9play.de\/shop\/wp-json\/wp\/v2\/product_brand?post=15668"},{"taxonomy":"product_cat","embeddable":true,"href":"https:\/\/9play.de\/shop\/wp-json\/wp\/v2\/product_cat?post=15668"},{"taxonomy":"product_tag","embeddable":true,"href":"https:\/\/9play.de\/shop\/wp-json\/wp\/v2\/product_tag?post=15668"}],"curies":[{"name":"wp","href":"https:\/\/api.w.org\/{rel}","templated":true}]}}