{"id":15673,"date":"2024-10-06T18:06:12","date_gmt":"2024-10-06T16:06:12","guid":{"rendered":"https:\/\/9play.de\/shop\/produkt\/adventure-games-im-nebelreich\/"},"modified":"2024-10-06T18:06:53","modified_gmt":"2024-10-06T16:06:53","slug":"adventure-games-im-nebelreich","status":"publish","type":"product","link":"https:\/\/9play.de\/shop\/produkt\/adventure-games-im-nebelreich\/","title":{"rendered":"Adventure Games &#8211; Im Nebelreich"},"content":{"rendered":"<p>Was ist hier geschehen?!<br \/>Nur wenige Tage waren die Held*innen des Spiels im Auftrag der alten Seherin unterwegs.<br \/>Doch bei ihrer R\u00fcckkehr finden sie ihr Dorf ausgestorben vor.<br \/>Wohin sind alle verschwunden?<br \/>Die ein bis vier Spieler*innen z\u00f6gern keine Sekunde und begeben sich auf eine spannende Reise.<\/p>\n<p>In drei Kapiteln treffen sie geheimnisvolle Personen, entdecken neue Orte und erleben ein spannendes Abenteuer.<br \/>W\u00e4hrend ihrer Ermittlungen erfahren die Spieler*innen auch mehr \u00fcber die einzelnen Helden dieses kooperativen Gesellschaftsspiels.<br \/>Wie die fantastische Geschichte ausgehen wird?<br \/>Das haben die Spieler*innen selbst in der Hand!<\/p>\n<p>Point and Click: Orte erkunden, Gegenst\u00e4nde kombinieren, Entscheidungen treffen \u2013 nur im Team erreichen die Spieler*innen ihr Ziel.<br \/>Ein analoges PC-Spiel voller Mystery und Fantasy.<br \/>Der n\u00e4chste Spieleabend kann kommen!<\/p>\n<p>Inhalt: 1 Abenteuerbuch, 1 Tagebuch von Amira, 20 Ortskarten, 120 Abenteuerkarten, 58 Pl\u00e4ttchen, 4 Standf\u00fc\u00dfchen, 1 Anleitung, 2 Zip-Beutel<\/p>\n<p>Altersempfehlung: ab 10 Jahre<br \/>Spieldauer: 3x ca. 2 Stunden<br \/>Anzahl der Spieler: 1-4<br \/>Verpackungsgr\u00f6\u00dfe: 18x13x4cm (LxBxH)<\/p>\n<p>Achtung: Nicht f\u00fcr Kinder unter 36 Monaten geeignet wegen verschluckbarer Kleinteile, Erstickungsgefahr.<\/p>\n","protected":false},"excerpt":{"rendered":"<p>Unerkl\u00e4rliche Dinge sind im Dorf geschehen. Was oder wer steckt dahinter? Ein bis vier Spieler*innen machen sich bei diesem Abenteuerspiel auf die Suche nach Antworten. Daf\u00fcr m\u00fcssen sie im Team Orte erkunden, Gegenst\u00e4nde kombinieren und R\u00e4tsel l\u00f6sen. F\u00fcr alle, die Storytelling lieben, ist dieses Erlebnisspiel ein geniales Geschenk.<\/p>\n","protected":false},"featured_media":15674,"comment_status":"closed","ping_status":"open","template":"","meta":[],"product_brand":[],"product_cat":[468],"product_tag":[],"class_list":{"0":"post-15673","1":"product","2":"type-product","3":"status-publish","4":"has-post-thumbnail","6":"product_cat-kartenspiele","8":"first","9":"instock","10":"shipping-taxable","11":"purchasable","12":"product-type-simple"},"_links":{"self":[{"href":"https:\/\/9play.de\/shop\/wp-json\/wp\/v2\/product\/15673","targetHints":{"allow":["GET"]}}],"collection":[{"href":"https:\/\/9play.de\/shop\/wp-json\/wp\/v2\/product"}],"about":[{"href":"https:\/\/9play.de\/shop\/wp-json\/wp\/v2\/types\/product"}],"replies":[{"embeddable":true,"href":"https:\/\/9play.de\/shop\/wp-json\/wp\/v2\/comments?post=15673"}],"wp:featuredmedia":[{"embeddable":true,"href":"https:\/\/9play.de\/shop\/wp-json\/wp\/v2\/media\/15674"}],"wp:attachment":[{"href":"https:\/\/9play.de\/shop\/wp-json\/wp\/v2\/media?parent=15673"}],"wp:term":[{"taxonomy":"product_brand","embeddable":true,"href":"https:\/\/9play.de\/shop\/wp-json\/wp\/v2\/product_brand?post=15673"},{"taxonomy":"product_cat","embeddable":true,"href":"https:\/\/9play.de\/shop\/wp-json\/wp\/v2\/product_cat?post=15673"},{"taxonomy":"product_tag","embeddable":true,"href":"https:\/\/9play.de\/shop\/wp-json\/wp\/v2\/product_tag?post=15673"}],"curies":[{"name":"wp","href":"https:\/\/api.w.org\/{rel}","templated":true}]}}