{"id":15697,"date":"2024-10-06T18:06:12","date_gmt":"2024-10-06T16:06:12","guid":{"rendered":"https:\/\/9play.de\/shop\/produkt\/police-polizei-handschellen-aus-metal\/"},"modified":"2024-10-06T18:07:10","modified_gmt":"2024-10-06T16:07:10","slug":"police-polizei-handschellen-aus-metal","status":"publish","type":"product","link":"https:\/\/9play.de\/shop\/produkt\/police-polizei-handschellen-aus-metal\/","title":{"rendered":"Police Polizei Handschellen aus Metal"},"content":{"rendered":"<p>Rollenspiel Handschellen Spielzeug: Geeignet f\u00fcr das Polizei und Diebesspiel, die Handschellen aus echtem Metall machen das Spiel realistischer und interessanter.<br \/>Diebe fangen. Bu\u00dfgelder verteilen. Gew\u00e4hrleistung der Sicherheit \u2013 das alles ist mit der praktischen Ausr\u00fcstung der Toi-Toys Spielzeuglinie &#8218;Polizei&#8216; kein Problem.<br \/>F\u00fcr alle Verkehrss\u00fcnder und sonstigen Schurken gibt es ab jetzt kein Entkommen mehr! Mit der Polizei Ausr\u00fcstung von Toi-Toys haben Verbrecher keine Chance mehr. Also worauf wartest du noch? Werde ein Agent der Spezialeinheit, zieh dir deine schusssichere Weste an, schnapp dir deine Pistole und packe deine Handschellen ein.<br \/>Jetzt fehlt dir nur noch das richtige Polizeiauto. Kein Problem! Wir haben eine Reihe an schnellen Spielzeugautos zur Auswahl. Such dir einfach dein Lieblingsrennwagen aus. Licht an, Sound an und los gehts!<br \/>Unsere aerodynamischen Flitzer aus unserem Polizei-Set sind einer der leistungsst\u00e4rksten Sportwagen der Welt und ben\u00f6tigt lediglich ein paar Sekunden von 0 auf 100 km\/h \u2013 genau das Richtige, um Misset\u00e4tern rasch das Handwerk zu legen. Front-, Heck- und Innenlicht unserer Polizeiautos sorgen stets f\u00fcr beste Sicht.<br \/>Dank Blaulicht und lautstarkem Sound k\u00fcndigen sich kleine Nachwuchs-Polizisten schon aus der Ferne an.<br \/>Damit kein Raser entkommt, bietet Toi-Toys auch Polizei Motorr\u00e4der an. So k\u00f6nnen die kleinen Polizisten selbst in den kleinsten Gassen den Gaunern auf die Spur kommen.<br \/>F\u00fcr eine lebensechte Verfolgungsjagd ist das Polizei Fahrradlicht f\u00fcr Kinder die perfekte Erg\u00e4nzung f\u00fcr jeden angehenden Polizisten, der gerne auf dem Fahrrad unterwegs ist.<br \/>Einfach das Polizeilicht an das Kinderfahrrad montieren, die Sirene anschalten und losd\u00fcsen.<br \/>Mit dem Polizei-Spielzeug-Set von Toi-Toys wird Diebe Fangen zum Kinderspiel!<\/p>\n<p>Material: Metall&nbsp;<\/p>\n<p>Gr\u00f6\u00dfe ca. 28 x 12 x 1 cm&nbsp;<\/p>\n<p>2 Schl\u00fcsseln<\/p>\n<p>Altersempfehlung:&nbsp; ab 6 Jahren<\/p>\n<p>\u00d6ffnen&nbsp;auch ohne Schl\u00fcssel m\u00f6glich (Sicherheitshebel)<\/p>\n<p>&nbsp;<\/p>\n<p>Achtung: Benutzung unter unmittelbarer Aufsicht von Erwachsenen.<\/p>\n<p>Achtung: Nicht f\u00fcr Kinder unter 3 Jahren geeignet wegen verschluckbarer Kleinteile, Erstickungsgefahr.<\/p>\n","protected":false},"excerpt":{"rendered":"<p>Handschellen f\u00fcr werdenen Polizei-Nachwuchs.<\/p>\n","protected":false},"featured_media":15698,"comment_status":"closed","ping_status":"open","template":"","meta":[],"product_brand":[],"product_cat":[476],"product_tag":[],"class_list":{"0":"post-15697","1":"product","2":"type-product","3":"status-publish","4":"has-post-thumbnail","6":"product_cat-polizei-detektiv","8":"first","9":"instock","10":"shipping-taxable","11":"purchasable","12":"product-type-simple"},"_links":{"self":[{"href":"https:\/\/9play.de\/shop\/wp-json\/wp\/v2\/product\/15697","targetHints":{"allow":["GET"]}}],"collection":[{"href":"https:\/\/9play.de\/shop\/wp-json\/wp\/v2\/product"}],"about":[{"href":"https:\/\/9play.de\/shop\/wp-json\/wp\/v2\/types\/product"}],"replies":[{"embeddable":true,"href":"https:\/\/9play.de\/shop\/wp-json\/wp\/v2\/comments?post=15697"}],"wp:featuredmedia":[{"embeddable":true,"href":"https:\/\/9play.de\/shop\/wp-json\/wp\/v2\/media\/15698"}],"wp:attachment":[{"href":"https:\/\/9play.de\/shop\/wp-json\/wp\/v2\/media?parent=15697"}],"wp:term":[{"taxonomy":"product_brand","embeddable":true,"href":"https:\/\/9play.de\/shop\/wp-json\/wp\/v2\/product_brand?post=15697"},{"taxonomy":"product_cat","embeddable":true,"href":"https:\/\/9play.de\/shop\/wp-json\/wp\/v2\/product_cat?post=15697"},{"taxonomy":"product_tag","embeddable":true,"href":"https:\/\/9play.de\/shop\/wp-json\/wp\/v2\/product_tag?post=15697"}],"curies":[{"name":"wp","href":"https:\/\/api.w.org\/{rel}","templated":true}]}}