{"id":15706,"date":"2024-10-06T18:06:12","date_gmt":"2024-10-06T16:06:12","guid":{"rendered":"https:\/\/9play.de\/shop\/produkt\/doktor-set-arzt-rucksack-mit-viel-zubehoer-20-teilig\/"},"modified":"2024-10-06T18:07:15","modified_gmt":"2024-10-06T16:07:15","slug":"doktor-set-arzt-rucksack-mit-viel-zubehoer-20-teilig","status":"publish","type":"product","link":"https:\/\/9play.de\/shop\/produkt\/doktor-set-arzt-rucksack-mit-viel-zubehoer-20-teilig\/","title":{"rendered":"Doktor Set Arzt Rucksack mit viel Zubeh\u00f6r 20 Teilig"},"content":{"rendered":"<p>Kinder lieben es in Doktor-Rollen zu schl\u00fcpfen. Dabei lernt das Kind spielerisch sich in andere hineinzuversetzen, die Welt mit anderen Augen zu sehen und nimmt verschiedene Sichtweisen ein. Dieses &#8222;Rollenspiel&#8220; f\u00f6rdert au\u00dferdem das Sozialverhalten. F\u00f6rdern Sie die Phantasie Ihrer Kinder mit diesem tollen Arztkoffer-Set. Dieses Set enth\u00e4lt neben einem handlichen Koffer diverse Arzt-Utensilien.<\/p>\n<p>Spezifikationen: Farbe: rot, wei\u00df<br \/>Geschlecht: junior<br \/>Material: Kunststoff<br \/>Abmessungen des Koffers: ca. 26 x 22,5 x 14 cm<br \/>Alter: ab 3 Jahren<br \/>Zum Inhalt: 1 Reisekoffer 1 Gl\u00e4ser 1 Stethoskop 1 Spritze 1 Schere 1 Augenspiegel 1 Hammer 1 Messer 1 Pinzette 1 Zange 1 Mundspiegel 5 Sonstiges Zubeh\u00f6r.<\/p>\n<p>&nbsp;<\/p>\n<p>Achtung: Nicht f\u00fcr Kinder unter 36 Monaten geeignet wegen verschluckbarer Kleinteile, Erstickungsgefahr.<\/p>\n<p>Achtung: Benutzung unter unmittelbarer Aufsicht von Erwachsenen.<\/p>\n<p>&nbsp;<\/p>\n<p>&nbsp;<\/p>\n","protected":false},"excerpt":{"rendered":"<p>Kinder lieben es in Doktor-Rollen zu schl\u00fcpfen.<\/p>\n","protected":false},"featured_media":15707,"comment_status":"closed","ping_status":"open","template":"","meta":[],"product_brand":[],"product_cat":[444],"product_tag":[],"class_list":{"0":"post-15706","1":"product","2":"type-product","3":"status-publish","4":"has-post-thumbnail","6":"product_cat-arzt","8":"first","9":"instock","10":"shipping-taxable","11":"purchasable","12":"product-type-simple"},"_links":{"self":[{"href":"https:\/\/9play.de\/shop\/wp-json\/wp\/v2\/product\/15706","targetHints":{"allow":["GET"]}}],"collection":[{"href":"https:\/\/9play.de\/shop\/wp-json\/wp\/v2\/product"}],"about":[{"href":"https:\/\/9play.de\/shop\/wp-json\/wp\/v2\/types\/product"}],"replies":[{"embeddable":true,"href":"https:\/\/9play.de\/shop\/wp-json\/wp\/v2\/comments?post=15706"}],"wp:featuredmedia":[{"embeddable":true,"href":"https:\/\/9play.de\/shop\/wp-json\/wp\/v2\/media\/15707"}],"wp:attachment":[{"href":"https:\/\/9play.de\/shop\/wp-json\/wp\/v2\/media?parent=15706"}],"wp:term":[{"taxonomy":"product_brand","embeddable":true,"href":"https:\/\/9play.de\/shop\/wp-json\/wp\/v2\/product_brand?post=15706"},{"taxonomy":"product_cat","embeddable":true,"href":"https:\/\/9play.de\/shop\/wp-json\/wp\/v2\/product_cat?post=15706"},{"taxonomy":"product_tag","embeddable":true,"href":"https:\/\/9play.de\/shop\/wp-json\/wp\/v2\/product_tag?post=15706"}],"curies":[{"name":"wp","href":"https:\/\/api.w.org\/{rel}","templated":true}]}}