{"id":15770,"date":"2024-10-06T18:07:23","date_gmt":"2024-10-06T16:07:23","guid":{"rendered":"https:\/\/9play.de\/shop\/produkt\/traktor-anhaenger-mit-schraubendreher-zum-reparieren\/"},"modified":"2024-10-06T18:07:52","modified_gmt":"2024-10-06T16:07:52","slug":"traktor-anhaenger-mit-schraubendreher-zum-reparieren","status":"publish","type":"product","link":"https:\/\/9play.de\/shop\/produkt\/traktor-anhaenger-mit-schraubendreher-zum-reparieren\/","title":{"rendered":"Traktor + Anh\u00e4nger mit Schraubendreher zum reparieren"},"content":{"rendered":"<p>Toi-Toys Traktor mit Anh\u00e4nger und Schraubendreher.<br \/>Toller praktischer Koffer, den Sie \u00fcberall hin mitnehmen k\u00f6nnen, mit Ihrem Lieblingstraktor und verschiedenen Anh\u00e4ngern.<br \/>Sie m\u00fcssen nur zuerst die R\u00e4der montieren, bevor Sie damit fahren k\u00f6nnen. Aber das macht Spa\u00df und ist mit dem mitgelieferten Schraubendreher und Schraubenschl\u00fcssel ein Kinderspiel.<br \/>Klicken Sie auch die verschiedenen Teile der Anh\u00e4nger an und h\u00e4ngen Sie sie der Reihe nach hinter das landwirtschaftliche Fahrzeug.<br \/>Vielseitiges und lehrreiches Set f\u00fcr jede Menge Spielspa\u00df.<br \/>Bauen Sie diesen Traktor und Anh\u00e4nger zusammen und f\u00fcgen Sie ihn Ihrer Spielfarm hinzu.<\/p>\n<p>Material: Kunststoff<br \/>Farbe: gr\u00fcn<br \/>Abmessungen: ca.45 cm<\/p>\n<p>Altersempfehlung: ab 4 Jahre<\/p>\n<p>Verpackung:&nbsp;28,5 x 21 x 16,5 cm<\/p>\n<p>Achtung: Nicht f\u00fcr Kinder unter 36 Monaten geeignet wegen verschluckbarer Kleinteile, Erstickungsgefahr.<\/p>\n","protected":false},"excerpt":{"rendered":"<p>Bauen Sie diesen Traktor und Anh\u00e4nger zusammen und f\u00fcgen Sie ihn Ihrer Spielfarm hinzu.<\/p>\n","protected":false},"featured_media":15771,"comment_status":"closed","ping_status":"open","template":"","meta":[],"product_brand":[],"product_cat":[479],"product_tag":[],"class_list":{"0":"post-15770","1":"product","2":"type-product","3":"status-publish","4":"has-post-thumbnail","6":"product_cat-bagger-trecker","8":"first","9":"instock","10":"shipping-taxable","11":"purchasable","12":"product-type-simple"},"_links":{"self":[{"href":"https:\/\/9play.de\/shop\/wp-json\/wp\/v2\/product\/15770","targetHints":{"allow":["GET"]}}],"collection":[{"href":"https:\/\/9play.de\/shop\/wp-json\/wp\/v2\/product"}],"about":[{"href":"https:\/\/9play.de\/shop\/wp-json\/wp\/v2\/types\/product"}],"replies":[{"embeddable":true,"href":"https:\/\/9play.de\/shop\/wp-json\/wp\/v2\/comments?post=15770"}],"wp:featuredmedia":[{"embeddable":true,"href":"https:\/\/9play.de\/shop\/wp-json\/wp\/v2\/media\/15771"}],"wp:attachment":[{"href":"https:\/\/9play.de\/shop\/wp-json\/wp\/v2\/media?parent=15770"}],"wp:term":[{"taxonomy":"product_brand","embeddable":true,"href":"https:\/\/9play.de\/shop\/wp-json\/wp\/v2\/product_brand?post=15770"},{"taxonomy":"product_cat","embeddable":true,"href":"https:\/\/9play.de\/shop\/wp-json\/wp\/v2\/product_cat?post=15770"},{"taxonomy":"product_tag","embeddable":true,"href":"https:\/\/9play.de\/shop\/wp-json\/wp\/v2\/product_tag?post=15770"}],"curies":[{"name":"wp","href":"https:\/\/api.w.org\/{rel}","templated":true}]}}