{"id":15775,"date":"2024-10-06T18:07:23","date_gmt":"2024-10-06T16:07:23","guid":{"rendered":"https:\/\/9play.de\/shop\/produkt\/feuerwehr-hubschrauber-rescue-mit-licht-und-sound\/"},"modified":"2024-10-06T18:07:55","modified_gmt":"2024-10-06T16:07:55","slug":"feuerwehr-hubschrauber-rescue-mit-licht-und-sound","status":"publish","type":"product","link":"https:\/\/9play.de\/shop\/produkt\/feuerwehr-hubschrauber-rescue-mit-licht-und-sound\/","title":{"rendered":"Feuerwehr &#8211; Hubschrauber Rescue mit Licht und Sound"},"content":{"rendered":"<p>Toi-Toys Rescue Notfall-Hubschrauber.<br \/>Der Feuerwehrauto-Hubschrauber aus der Produktlinie Cars and Trucks kann gut fahren, weil die R\u00e4der eine Reibungsfunktion haben.<br \/>Obwohl sie nat\u00fcrlich in der Luft am besten ist. Wenn du die Tasten dr\u00fcckst, gibt jede Taste ein anderes Ger\u00e4usch von sich und die blauen Blinklichter leuchten auf.<br \/>Drehen Sie die Fl\u00fcgel, heben Sie schnell ab und fliegen Sie dorthin, wo Hilfe ben\u00f6tigt wird. Vielleicht ein Unfall oder ein Waldbrand. Jeden Tag anders&#8230;.<br \/>Dieser Rettungshubschrauber ist ein Feuerwehrhubschrauber. Der Hubschrauber gibt nicht nur Licht, sondern macht auch Ger\u00e4usche!<br \/>K\u00f6nnen Sie der Feuerwehr aus der Luft helfen?<\/p>\n<p>Typ Spielfahrzeug Hubschrauber<\/p>\n<p>Verpackungsabmessungen: L\u00e4nge in cm: 22,5, H\u00f6he in cm: 13,5, Breite in cm: 10<\/p>\n<p>Gewicht in kg: 0.2<\/p>\n<p>Mechanisch: Nein<\/p>\n<p>Sound-Funktion: Ja&nbsp;<\/p>\n<p>Mit Beleuchtung: Ja<\/p>\n<p>Verwendete Stromquelle: Batterie ( im Lieferumfang enthalten )<\/p>\n<p>Stecker: Nein<\/p>\n<p>Material: Kunststoff<\/p>\n<p>Alter: ab 4 Jahre<\/p>\n<p>Farbe: Rot<\/p>\n<p>&nbsp;<\/p>\n<p>Achtung: Nicht f\u00fcr Kinder unter 36 Monaten geeignet wegen verschluckbarer Kleinteile, Erstickungsgefahr.<\/p>\n<p>&nbsp;<\/p>\n<p>Hinweis zur Entsorgung von Altbatterien<\/p>\n<p>Der nachfolgende Hinweis richtet sich an diejenigen, die Batterien oder Produkte mit eingebauten Batterien nutzen und in der an sie gelieferten Form nicht mehr weiterver\u00e4u\u00dfern (Endnutzer):<\/p>\n<p>1. Unentgeltliche R\u00fccknahme von Altbatterien<\/p>\n<p>Batterien d\u00fcrfen nicht \u00fcber den Hausm\u00fcll entsorgt werden. Sie sind zur R\u00fcckgabe von Altbatterien gesetzlich verpflichtet, damit eine fachgerechte Entsorgung gew\u00e4hrleistet werden kann. Sie k\u00f6nnen Altbatterien an einer kommunalen Sammelstelle oder im Handel vor Ort abgeben. Auch wir sind als Vertreiber von Batterien zur R\u00fccknahme von Altbatterien verpflichtet, wobei sich unsere R\u00fccknahmeverpflichtung auf Altbatterien der Art beschr\u00e4nkt, die wir als Neubatterien in unserem Sortiment f\u00fchren oder gef\u00fchrt haben. Altbatterien vorgenannter Art k\u00f6nnen Sie daher entweder ausreichend frankiert an uns zur\u00fccksenden oder sie direkt an unserem Versandlager unter der im Impressum genannten Adresse unentgeltlich abgeben.<\/p>\n<p>2. Bedeutung der Batteriesymbole<\/p>\n<p>Batterien sind mit dem Symbol einer durchgekreuzten M\u00fclltonne gekennzeichnet. Dieses Symbol weist darauf hin, dass Batterien nicht in den Hausm\u00fcll gegeben werden d\u00fcrfen. Bei Batterien, die mehr als 0,0005 Masseprozent Quecksilber, mehr als 0,002 Masseprozent Cadmium oder mehr als 0,004 Masseprozent Blei enthalten, befindet sich unter dem M\u00fclltonnen-Symbol die chemische Bezeichnung des jeweils eingesetzten Schadstoffes \u2013 dabei steht &#8222;Cd&#8220; f\u00fcr Cadmium, &#8222;Pb&#8220; steht f\u00fcr Blei, und &#8222;Hg&#8220; f\u00fcr Quecksilber.<\/p>\n","protected":false},"excerpt":{"rendered":"<p>Achtung! Benutzung unter unmittelbarer Aufsicht von Erwachsenen.<\/p>\n","protected":false},"featured_media":15776,"comment_status":"closed","ping_status":"open","template":"","meta":[],"product_brand":[],"product_cat":[480],"product_tag":[],"class_list":{"0":"post-15775","1":"product","2":"type-product","3":"status-publish","4":"has-post-thumbnail","6":"product_cat-hubschrauber","8":"first","9":"instock","10":"shipping-taxable","11":"purchasable","12":"product-type-simple"},"_links":{"self":[{"href":"https:\/\/9play.de\/shop\/wp-json\/wp\/v2\/product\/15775","targetHints":{"allow":["GET"]}}],"collection":[{"href":"https:\/\/9play.de\/shop\/wp-json\/wp\/v2\/product"}],"about":[{"href":"https:\/\/9play.de\/shop\/wp-json\/wp\/v2\/types\/product"}],"replies":[{"embeddable":true,"href":"https:\/\/9play.de\/shop\/wp-json\/wp\/v2\/comments?post=15775"}],"wp:featuredmedia":[{"embeddable":true,"href":"https:\/\/9play.de\/shop\/wp-json\/wp\/v2\/media\/15776"}],"wp:attachment":[{"href":"https:\/\/9play.de\/shop\/wp-json\/wp\/v2\/media?parent=15775"}],"wp:term":[{"taxonomy":"product_brand","embeddable":true,"href":"https:\/\/9play.de\/shop\/wp-json\/wp\/v2\/product_brand?post=15775"},{"taxonomy":"product_cat","embeddable":true,"href":"https:\/\/9play.de\/shop\/wp-json\/wp\/v2\/product_cat?post=15775"},{"taxonomy":"product_tag","embeddable":true,"href":"https:\/\/9play.de\/shop\/wp-json\/wp\/v2\/product_tag?post=15775"}],"curies":[{"name":"wp","href":"https:\/\/api.w.org\/{rel}","templated":true}]}}