{"id":15787,"date":"2024-10-06T18:07:23","date_gmt":"2024-10-06T16:07:23","guid":{"rendered":"https:\/\/9play.de\/shop\/produkt\/megawachstumsei-dino-welt-der-dinosaurier-xxl\/"},"modified":"2024-10-06T18:08:02","modified_gmt":"2024-10-06T16:08:02","slug":"megawachstumsei-dino-welt-der-dinosaurier-xxl","status":"publish","type":"product","link":"https:\/\/9play.de\/shop\/produkt\/megawachstumsei-dino-welt-der-dinosaurier-xxl\/","title":{"rendered":"Megawachstumsei Dino Welt der Dinosaurier XXL"},"content":{"rendered":"<p>Aus diesem Mega Wachstumsei Dino von \u00fcber 20 Zentimetern w\u00e4chst ein Dinosaurier mit einer Gr\u00f6\u00dfe von \u00fcber 50 Zentimetern! Wie? Legen Sie das Ei in kaltes Wasser und warten Sie 1 bis 2 Tage. Dann bricht die Schale des Eies und der Dinosaurier schlupft und w\u00e4chst. Achten Sie darauf, dass das Wasser immer das Ei bedeckt. Auch wenn der Dino vollst\u00e4ndig aus dem Mega Wachstumsei herausgekommen ist, lassen Sie ihn in kaltem Wasser, bis er ausgewachsen ist und dann hast du einen neuen Dino-Kumpel!<\/p>\n<p>Gr\u00f6\u00dfe Artikel: L\u00e4nge ca. 50 cm<br \/>Packma\u00df: 23 x 18 x 18 cm<br \/>Altersempfehlung: Ab 6 Jahren<br \/>Material: Kunststoff, Schaum<\/p>\n<p>Achtung: Nicht f\u00fcr Kinder unter 36 Monaten geeignet wegen verschluckbarer Kleinteile, Erstickungsgefahr.<\/p>\n","protected":false},"excerpt":{"rendered":"<p>Legen Sie das Ei in kaltes Wasser und warten Sie 24 bis 48 Stunden, dann schlupft Dino 50cm gro\u00df !<\/p>\n","protected":false},"featured_media":15788,"comment_status":"closed","ping_status":"open","template":"","meta":[],"product_brand":[],"product_cat":[473],"product_tag":[],"class_list":{"0":"post-15787","1":"product","2":"type-product","3":"status-publish","4":"has-post-thumbnail","6":"product_cat-experiment","8":"first","9":"instock","10":"shipping-taxable","11":"purchasable","12":"product-type-simple"},"_links":{"self":[{"href":"https:\/\/9play.de\/shop\/wp-json\/wp\/v2\/product\/15787","targetHints":{"allow":["GET"]}}],"collection":[{"href":"https:\/\/9play.de\/shop\/wp-json\/wp\/v2\/product"}],"about":[{"href":"https:\/\/9play.de\/shop\/wp-json\/wp\/v2\/types\/product"}],"replies":[{"embeddable":true,"href":"https:\/\/9play.de\/shop\/wp-json\/wp\/v2\/comments?post=15787"}],"wp:featuredmedia":[{"embeddable":true,"href":"https:\/\/9play.de\/shop\/wp-json\/wp\/v2\/media\/15788"}],"wp:attachment":[{"href":"https:\/\/9play.de\/shop\/wp-json\/wp\/v2\/media?parent=15787"}],"wp:term":[{"taxonomy":"product_brand","embeddable":true,"href":"https:\/\/9play.de\/shop\/wp-json\/wp\/v2\/product_brand?post=15787"},{"taxonomy":"product_cat","embeddable":true,"href":"https:\/\/9play.de\/shop\/wp-json\/wp\/v2\/product_cat?post=15787"},{"taxonomy":"product_tag","embeddable":true,"href":"https:\/\/9play.de\/shop\/wp-json\/wp\/v2\/product_tag?post=15787"}],"curies":[{"name":"wp","href":"https:\/\/api.w.org\/{rel}","templated":true}]}}