{"id":15811,"date":"2024-10-06T18:08:18","date_gmt":"2024-10-06T16:08:18","guid":{"rendered":"https:\/\/9play.de\/shop\/produkt\/power-tools-werkzeugset-huefttasche-mit-werkzeug\/"},"modified":"2024-10-06T18:08:18","modified_gmt":"2024-10-06T16:08:18","slug":"power-tools-werkzeugset-huefttasche-mit-werkzeug","status":"publish","type":"product","link":"https:\/\/9play.de\/shop\/produkt\/power-tools-werkzeugset-huefttasche-mit-werkzeug\/","title":{"rendered":"Power Tools Werkzeugset H\u00fcfttasche mit Werkzeug"},"content":{"rendered":"<p>Toi-Toys Werkzeugausr\u00fcstung.<\/p>\n<p>Mit diesem Tool k\u00f6nnen Sie jeden Auftrag erledigen. Steckt eure Sachen in die G\u00fcrteltasche und macht weiter!<\/p>\n<p>Das Set enth\u00e4lt Hammer, S\u00e4ge, Bohrer, Schraubendreher, Zange und Schl\u00fcssel.<\/p>\n<p>Material: Kunststoff<\/p>\n<p>Verpackungsgr\u00f6\u00dfe: 41 x 25 cm<\/p>\n<p>Alter: ab 4 Jahre<\/p>\n<p>Inhalt: 1 H\u00fcfttasche 1 S\u00e4ge 1 Hammer 1 Bohrmaschine 1 Schraubendreher 1 Zange 1 Schl\u00fcssel<\/p>\n<p>Achtung: Benutzung unter unmittelbarer Aufsicht von Erwachsenen.<\/p>\n<p>Achtung: Nicht f\u00fcr Kinder unter 36 Monaten geeignet wegen verschluckbarer Kleinteile, Erstickungsgefahr.<\/p>\n","protected":false},"excerpt":{"rendered":"<p>Toi-Toys Werkzeugausr\u00fcstung. Mit diesem Tool k\u00f6nnen Sie jeden Auftrag erledigen.<\/p>\n","protected":false},"featured_media":15812,"comment_status":"closed","ping_status":"open","template":"","meta":[],"product_brand":[],"product_cat":[457],"product_tag":[],"class_list":{"0":"post-15811","1":"product","2":"type-product","3":"status-publish","4":"has-post-thumbnail","6":"product_cat-handwerk","8":"first","9":"instock","10":"shipping-taxable","11":"purchasable","12":"product-type-simple"},"_links":{"self":[{"href":"https:\/\/9play.de\/shop\/wp-json\/wp\/v2\/product\/15811","targetHints":{"allow":["GET"]}}],"collection":[{"href":"https:\/\/9play.de\/shop\/wp-json\/wp\/v2\/product"}],"about":[{"href":"https:\/\/9play.de\/shop\/wp-json\/wp\/v2\/types\/product"}],"replies":[{"embeddable":true,"href":"https:\/\/9play.de\/shop\/wp-json\/wp\/v2\/comments?post=15811"}],"wp:featuredmedia":[{"embeddable":true,"href":"https:\/\/9play.de\/shop\/wp-json\/wp\/v2\/media\/15812"}],"wp:attachment":[{"href":"https:\/\/9play.de\/shop\/wp-json\/wp\/v2\/media?parent=15811"}],"wp:term":[{"taxonomy":"product_brand","embeddable":true,"href":"https:\/\/9play.de\/shop\/wp-json\/wp\/v2\/product_brand?post=15811"},{"taxonomy":"product_cat","embeddable":true,"href":"https:\/\/9play.de\/shop\/wp-json\/wp\/v2\/product_cat?post=15811"},{"taxonomy":"product_tag","embeddable":true,"href":"https:\/\/9play.de\/shop\/wp-json\/wp\/v2\/product_tag?post=15811"}],"curies":[{"name":"wp","href":"https:\/\/api.w.org\/{rel}","templated":true}]}}