{"id":15818,"date":"2024-10-06T18:08:18","date_gmt":"2024-10-06T16:08:18","guid":{"rendered":"https:\/\/9play.de\/shop\/produkt\/power-tools-werkzeugset-mit-bauhelm-saegen-schrauben-klopfen\/"},"modified":"2024-10-06T18:08:22","modified_gmt":"2024-10-06T16:08:22","slug":"power-tools-werkzeugset-mit-bauhelm-saegen-schrauben-klopfen","status":"publish","type":"product","link":"https:\/\/9play.de\/shop\/produkt\/power-tools-werkzeugset-mit-bauhelm-saegen-schrauben-klopfen\/","title":{"rendered":"Power Tools Werkzeugset mit Bauhelm S\u00e4gen Schrauben Klopfen"},"content":{"rendered":"<p>Baukasten Modell POWER TOOLS Tool Set mit Konstruktionshelm. Der Fantasie sind keine Grenzen gesetzt. Authentisches Kinderwerkzeug bietet nicht nur viel Spielspa\u00df, sondern auch viele Vorteile f\u00fcr die Entwicklung Ihres Kindes. Einmal arbeiten wie Papa oder Mama?<\/p>\n<p>Jetzt kann jedes Kind zu Hause zum kleinen Handwerker werden.<br \/>Bauhelm, S\u00e4ge, Schrauben mit Muttern und passendem Schl\u00fcssel, Schraubendreher, Bock, Spachtel!<\/p>\n<p>Die kindergerechten Werkzeuge sind optimal an Kinderh\u00e4nde angepasst.<br \/>Das Spielzeug entspricht den europ\u00e4ischen Richtlinien und Sicherheitsanforderungen.<br \/>Die Produkte dieser Marke werden aus hochwertigen Materialien hergestellt.<\/p>\n<p>Altersempfehlung: ab 4 Jahre<br \/>Anzahl der Teile: 14 Werkzeuge (1x Ring-Maulschl\u00fcssel, 1x Verstellbarer&nbsp;Maulschl\u00fcssel,1x Hammer, 1x Schraubenzieher, 1x Spachtel, 1x Hands\u00e4ge, 3x Schrauben, 3x Muttern, 1x&nbsp;Kunststofftritt, 1x&nbsp;Schutzhelm)<br \/>Verpackungsabmessungen: 43 x 31,5 x 6 cm<br \/>Material: Kunststoff&nbsp;&nbsp;<\/p>\n<p>&nbsp;<\/p>\n<p>Achtung: Benutzung unter unmittelbarer Aufsicht von Erwachsenen.<br \/>Achtung: Nicht f\u00fcr Kinder unter 36 Monaten geeignet wegen verschluckbarer Kleinteile, Erstickungsgefahr.<br \/>Achtung: Dieses Spielzeug bietet keinen Schutz.<\/p>\n","protected":false},"excerpt":{"rendered":"<p>Einmal arbeiten wie Papa oder Mama? Jetzt kann jedes Kind zu Hause zum kleinen Handwerker werden.<\/p>\n","protected":false},"featured_media":15819,"comment_status":"closed","ping_status":"open","template":"","meta":[],"product_brand":[],"product_cat":[457],"product_tag":[],"class_list":{"0":"post-15818","1":"product","2":"type-product","3":"status-publish","4":"has-post-thumbnail","6":"product_cat-handwerk","8":"first","9":"instock","10":"shipping-taxable","11":"purchasable","12":"product-type-simple"},"_links":{"self":[{"href":"https:\/\/9play.de\/shop\/wp-json\/wp\/v2\/product\/15818","targetHints":{"allow":["GET"]}}],"collection":[{"href":"https:\/\/9play.de\/shop\/wp-json\/wp\/v2\/product"}],"about":[{"href":"https:\/\/9play.de\/shop\/wp-json\/wp\/v2\/types\/product"}],"replies":[{"embeddable":true,"href":"https:\/\/9play.de\/shop\/wp-json\/wp\/v2\/comments?post=15818"}],"wp:featuredmedia":[{"embeddable":true,"href":"https:\/\/9play.de\/shop\/wp-json\/wp\/v2\/media\/15819"}],"wp:attachment":[{"href":"https:\/\/9play.de\/shop\/wp-json\/wp\/v2\/media?parent=15818"}],"wp:term":[{"taxonomy":"product_brand","embeddable":true,"href":"https:\/\/9play.de\/shop\/wp-json\/wp\/v2\/product_brand?post=15818"},{"taxonomy":"product_cat","embeddable":true,"href":"https:\/\/9play.de\/shop\/wp-json\/wp\/v2\/product_cat?post=15818"},{"taxonomy":"product_tag","embeddable":true,"href":"https:\/\/9play.de\/shop\/wp-json\/wp\/v2\/product_tag?post=15818"}],"curies":[{"name":"wp","href":"https:\/\/api.w.org\/{rel}","templated":true}]}}