{"id":15863,"date":"2024-10-06T18:08:18","date_gmt":"2024-10-06T16:08:18","guid":{"rendered":"https:\/\/9play.de\/shop\/produkt\/puzzle-paw-patrol-holz-puzzlespiel-30-stueck\/"},"modified":"2024-10-06T18:08:45","modified_gmt":"2024-10-06T16:08:45","slug":"puzzle-paw-patrol-holz-puzzlespiel-30-stueck","status":"publish","type":"product","link":"https:\/\/9play.de\/shop\/produkt\/puzzle-paw-patrol-holz-puzzlespiel-30-stueck\/","title":{"rendered":"Puzzle Paw Patrol Holz-Puzzlespiel 30 St\u00fcck"},"content":{"rendered":"<p>PAW Patrol&nbsp;\u2013 Helfer auf vier Pfoten Holz-Puzzle im Eimer<\/p>\n<p>Ein neues noch originalverpacktes Kinder-Puzzle im Papp-Eimer.<\/p>\n<p>Alle Kinder lieben sie &#8230;. die Helden von Paw Patrol. Hier ein sch\u00f6nes stabiles Holz-Puzzle zum Spielen und Lernen!<\/p>\n<p>-Puzzle<\/p>\n<p>Motive: PAW PATROL<\/p>\n<p>Anzahl der Teile: 30 Teile<\/p>\n<p>Puzzle Gr\u00f6\u00dfe: ausgelegt ca. 24 x 20 cm<\/p>\n<p>Material: Holz<\/p>\n<p>-Eimer<\/p>\n<p>Material: Pappe<\/p>\n<p>Eimer Gr\u00f6\u00dfe ca.13 cm hoch,&nbsp; ca. \u00d8 11 cm<\/p>\n<p>Altersempfehlung:&nbsp;ab 3 Jahre<\/p>\n<p>&nbsp;<\/p>\n<p>Achtung: Nicht f\u00fcr Kinder unter 36 Monaten geeignet wegen verschluckbarer Kleinteile, Erstickungsgefahr.<\/p>\n","protected":false},"excerpt":{"rendered":"<p>Hier ein sch\u00f6nes stabiles Holz-Puzzle zum Spielen und Lernen!<\/p>\n","protected":false},"featured_media":15864,"comment_status":"closed","ping_status":"open","template":"","meta":[],"product_brand":[],"product_cat":[492],"product_tag":[],"class_list":{"0":"post-15863","1":"product","2":"type-product","3":"status-publish","4":"has-post-thumbnail","6":"product_cat-kinderpuzzle","8":"first","9":"instock","10":"shipping-taxable","11":"purchasable","12":"product-type-simple"},"_links":{"self":[{"href":"https:\/\/9play.de\/shop\/wp-json\/wp\/v2\/product\/15863","targetHints":{"allow":["GET"]}}],"collection":[{"href":"https:\/\/9play.de\/shop\/wp-json\/wp\/v2\/product"}],"about":[{"href":"https:\/\/9play.de\/shop\/wp-json\/wp\/v2\/types\/product"}],"replies":[{"embeddable":true,"href":"https:\/\/9play.de\/shop\/wp-json\/wp\/v2\/comments?post=15863"}],"wp:featuredmedia":[{"embeddable":true,"href":"https:\/\/9play.de\/shop\/wp-json\/wp\/v2\/media\/15864"}],"wp:attachment":[{"href":"https:\/\/9play.de\/shop\/wp-json\/wp\/v2\/media?parent=15863"}],"wp:term":[{"taxonomy":"product_brand","embeddable":true,"href":"https:\/\/9play.de\/shop\/wp-json\/wp\/v2\/product_brand?post=15863"},{"taxonomy":"product_cat","embeddable":true,"href":"https:\/\/9play.de\/shop\/wp-json\/wp\/v2\/product_cat?post=15863"},{"taxonomy":"product_tag","embeddable":true,"href":"https:\/\/9play.de\/shop\/wp-json\/wp\/v2\/product_tag?post=15863"}],"curies":[{"name":"wp","href":"https:\/\/api.w.org\/{rel}","templated":true}]}}