{"id":15929,"date":"2024-10-06T18:09:05","date_gmt":"2024-10-06T16:09:05","guid":{"rendered":"https:\/\/9play.de\/shop\/produkt\/roboterhund-ferngesteuert-dog-roboter-puppy-hund-welpe-licht-sound\/"},"modified":"2024-10-06T18:09:41","modified_gmt":"2024-10-06T16:09:41","slug":"roboterhund-ferngesteuert-dog-roboter-puppy-hund-welpe-licht-sound","status":"publish","type":"product","link":"https:\/\/9play.de\/shop\/produkt\/roboterhund-ferngesteuert-dog-roboter-puppy-hund-welpe-licht-sound\/","title":{"rendered":"Roboterhund Ferngesteuert Dog Roboter Puppy Hund Welpe Licht Sound"},"content":{"rendered":"<p>Ein&nbsp;s\u00fc\u00dfer und sehr intelligenter Hund. Dein neuer Begleiter f\u00fcr stundenlanges Spielen. Ein Spielzeug, das dank seiner Fernbedienung in alle Richtungen gesteuert werden kann.<br \/>Taktil und reagiert auf Liebkosungen. Der DOG01 kann sitzen, sich hinlegen, sich aufsetzen und betteln. Zudem kann er Liegest\u00fctzen und viele weitere Tricks machen.<br \/>Viele Ton- und Lichteffekte. Die Augen leuchten mit LED-Lichtern auf und lassen den Hund sehr liebenswert aussehen. Lichteffekte an ihrer Halskette. Zahlen durch Bellen erlernen.<br \/>Trainingsfunktion zum Programmieren von neuen T\u00e4nze und Bewegungen. Der Power Puppy gehorcht stets.<\/p>\n<p><span style=\"font-size:12.0pt\"><span style=\"font-family:Times New Roman,serif\">Inhalt: 1x Roboter-Hund&nbsp;<br \/>Altersempfehlung: Ab 4&nbsp;Jahre.<br \/>Material: Kunststoff&nbsp;<\/span><\/span><br \/>Produktma\u00dfe von 25,7 x 16 x 28 cm.<br \/>Stromversorgung \u00fcer 1x Akku und 2x Akkus f\u00fcr die Fernbedienung (nicht im Lieferumfang enthalten).<br \/>Garantie von 2 Jahren.<\/p>\n<p>Achtung: Nicht f\u00fcr Kinder unter 36 Monaten geeignet wegen verschluckbarer Kleinteile, Erstickungsgefahr.<\/p>\n<p style=\"margin-bottom: 0cm\">Hinweis zur Entsorgung von Altbatterien<\/p>\n<p>Der nachfolgende Hinweis richtet sich an diejenigen, die Batterien oder Produkte mit eingebauten Batterien nutzen und in der an sie gelieferten Form nicht mehr weiterver\u00e4u\u00dfern (Endnutzer):<\/p>\n<p>1. Unentgeltliche R\u00fccknahme von Altbatterien<\/p>\n<p>Batterien d\u00fcrfen nicht \u00fcber den Hausm\u00fcll entsorgt werden. Sie sind zur R\u00fcckgabe von Altbatterien gesetzlich verpflichtet, damit eine fachgerechte Entsorgung gew\u00e4hrleistet werden kann. Sie k\u00f6nnen Altbatterien an einer kommunalen Sammelstelle oder im Handel vor Ort abgeben. Auch wir sind als Vertreiber von Batterien zur R\u00fccknahme von Altbatterien verpflichtet, wobei sich unsere R\u00fccknahmeverpflichtung auf Altbatterien der Art beschr\u00e4nkt, die wir als Neubatterien in unserem Sortiment f\u00fchren oder gef\u00fchrt haben. Altbatterien vorgenannter Art k\u00f6nnen Sie daher entweder ausreichend frankiert an uns zur\u00fccksenden oder sie direkt an unserem Versandlager unter der im Impressum genannten Adresse unentgeltlich abgeben.<\/p>\n<p>2. Bedeutung der Batteriesymbole<\/p>\n<p>Batterien sind mit dem Symbol einer durchgekreuzten M\u00fclltonne gekennzeichnet. Dieses Symbol weist darauf hin, dass Batterien nicht in den Hausm\u00fcll gegeben werden d\u00fcrfen. Bei Batterien, die mehr als 0,0005 Masseprozent Quecksilber, mehr als 0,002 Masseprozent Cadmium oder mehr als 0,004 Masseprozent Blei enthalten, befindet sich unter dem M\u00fclltonnen-Symbol die chemische Bezeichnung des jeweils eingesetzten Schadstoffes \u2013 dabei steht &#8222;Cd&#8220; f\u00fcr Cadmium, &#8222;Pb&#8220; steht f\u00fcr Blei, und &#8222;Hg&#8220; f\u00fcr Quecksilber.<\/p>\n","protected":false},"excerpt":{"rendered":"<p>Ein sehr s\u00fc\u00dfer und sehr intelligenter Hund. Dein neuer Begleiter f\u00fcr stundenlanges Spielen. Ein Spielzeug, das dank seiner Fernbedienung in alle Richtungen gesteuert werden kann.<\/p>\n","protected":false},"featured_media":15930,"comment_status":"closed","ping_status":"open","template":"","meta":[],"product_brand":[],"product_cat":[498],"product_tag":[],"class_list":{"0":"post-15929","1":"product","2":"type-product","3":"status-publish","4":"has-post-thumbnail","6":"product_cat-roboter","8":"first","9":"instock","10":"shipping-taxable","11":"purchasable","12":"product-type-simple"},"_links":{"self":[{"href":"https:\/\/9play.de\/shop\/wp-json\/wp\/v2\/product\/15929","targetHints":{"allow":["GET"]}}],"collection":[{"href":"https:\/\/9play.de\/shop\/wp-json\/wp\/v2\/product"}],"about":[{"href":"https:\/\/9play.de\/shop\/wp-json\/wp\/v2\/types\/product"}],"replies":[{"embeddable":true,"href":"https:\/\/9play.de\/shop\/wp-json\/wp\/v2\/comments?post=15929"}],"wp:featuredmedia":[{"embeddable":true,"href":"https:\/\/9play.de\/shop\/wp-json\/wp\/v2\/media\/15930"}],"wp:attachment":[{"href":"https:\/\/9play.de\/shop\/wp-json\/wp\/v2\/media?parent=15929"}],"wp:term":[{"taxonomy":"product_brand","embeddable":true,"href":"https:\/\/9play.de\/shop\/wp-json\/wp\/v2\/product_brand?post=15929"},{"taxonomy":"product_cat","embeddable":true,"href":"https:\/\/9play.de\/shop\/wp-json\/wp\/v2\/product_cat?post=15929"},{"taxonomy":"product_tag","embeddable":true,"href":"https:\/\/9play.de\/shop\/wp-json\/wp\/v2\/product_tag?post=15929"}],"curies":[{"name":"wp","href":"https:\/\/api.w.org\/{rel}","templated":true}]}}