{"id":16094,"date":"2024-10-06T18:11:17","date_gmt":"2024-10-06T16:11:17","guid":{"rendered":"https:\/\/9play.de\/shop\/produkt\/einhorn-farbwechsel-nachtlicht-im-3d-design\/"},"modified":"2024-10-06T18:11:30","modified_gmt":"2024-10-06T16:11:30","slug":"einhorn-farbwechsel-nachtlicht-im-3d-design","status":"publish","type":"product","link":"https:\/\/9play.de\/shop\/produkt\/einhorn-farbwechsel-nachtlicht-im-3d-design\/","title":{"rendered":"Einhorn Farbwechsel Nachtlicht im 3D Design"},"content":{"rendered":"<p>Das dekorative Nachtlicht f\u00fcr Kinder!<br \/>Das perfekte Nachtlicht f\u00fcr Kinder: Es erzeugt ein weiches und beruhigendes Licht, das \u00c4ngste mindert und ihnen beim Einschlafen hilft!<\/p>\n<p>Mit seiner trendigen Einhorn -Form wird es ihr bester Freund werden und gleichzeitig ihr Zimmer auf niedliche Weise dekorieren.<\/p>\n<p>Energieeffizientes LED-Licht Nachtlich im Einhorn Design. Sorgt f\u00fcr eine sanfte und beruhigende Beleuchtung. Aus sto\u00dffestem Material, sicher f\u00fcr Nutzung von Kindern. 2 Beleuchtungsmodi&#8230; ein wei\u00dfes Licht und Regenbogenfarben in wei\u00df, blau, violett, rot, gr\u00fcn, gelb. Zwischen kontinuierlichem Licht und automatischer Ausschaltfunktion (nach 10 Minuten) w\u00e4hlen.<\/p>\n<p>Altersempfehlung: ab 3 Jahre.<br \/>Material: Kunststoff&nbsp;<br \/>Stromversorgung: 3 x AA\/LR6 (im Lieferumfang nicht enthalten) oder micro USB Kabel (im Lieferumfang enthalten)<br \/>Gr\u00f6\u00dfe: ca. 14.3 x 13.7 x 21.5 cm<br \/>&nbsp;<\/p>\n<p style=\"margin-bottom: 0cm\">Achtung: Nicht f\u00fcr Kinder unter 36 Monaten geeignet wegen verschluckbarer Kleinteile, Erstickungsgefahr.<\/p>\n<p style=\"margin-bottom: 0cm\">&nbsp;<\/p>\n<p style=\"margin-bottom: 0cm\">Hinweis zur Entsorgung von Altbatterien<\/p>\n<p>Der nachfolgende Hinweis richtet sich an diejenigen, die Batterien oder Produkte mit eingebauten Batterien nutzen und in der an sie gelieferten Form nicht mehr weiterver\u00e4u\u00dfern (Endnutzer):<\/p>\n<p>1. Unentgeltliche R\u00fccknahme von Altbatterien<\/p>\n<p>Batterien d\u00fcrfen nicht \u00fcber den Hausm\u00fcll entsorgt werden. Sie sind zur R\u00fcckgabe von Altbatterien gesetzlich verpflichtet, damit eine fachgerechte Entsorgung gew\u00e4hrleistet werden kann. Sie k\u00f6nnen Altbatterien an einer kommunalen Sammelstelle oder im Handel vor Ort abgeben. Auch wir sind als Vertreiber von Batterien zur R\u00fccknahme von Altbatterien verpflichtet, wobei sich unsere R\u00fccknahmeverpflichtung auf Altbatterien der Art beschr\u00e4nkt, die wir als Neubatterien in unserem Sortiment f\u00fchren oder gef\u00fchrt haben. Altbatterien vorgenannter Art k\u00f6nnen Sie daher entweder ausreichend frankiert an uns zur\u00fccksenden oder sie direkt an unserem Versandlager unter der im Impressum genannten Adresse unentgeltlich abgeben.<\/p>\n<p>2. Bedeutung der Batteriesymbole<\/p>\n<p>Batterien sind mit dem Symbol einer durchgekreuzten M\u00fclltonne gekennzeichnet. Dieses Symbol weist darauf hin, dass Batterien nicht in den Hausm\u00fcll gegeben werden d\u00fcrfen. Bei Batterien, die mehr als 0,0005 Masseprozent Quecksilber, mehr als 0,002 Masseprozent Cadmium oder mehr als 0,004 Masseprozent Blei enthalten, befindet sich unter dem M\u00fclltonnen-Symbol die chemische Bezeichnung des jeweils eingesetzten Schadstoffes \u2013 dabei steht &#8222;Cd&#8220; f\u00fcr Cadmium, &#8222;Pb&#8220; steht f\u00fcr Blei, und &#8222;Hg&#8220; f\u00fcr Quecksilber.<\/p>\n","protected":false},"excerpt":{"rendered":"<p>Energieeffizientes LED-Licht Nachtlich im Einhorn Design. Sorgt f\u00fcr eine sanfte und beruhigende Beleuchtung.<\/p>\n","protected":false},"featured_media":16095,"comment_status":"closed","ping_status":"open","template":"","meta":[],"product_brand":[],"product_cat":[501],"product_tag":[],"class_list":{"0":"post-16094","1":"product","2":"type-product","3":"status-publish","4":"has-post-thumbnail","6":"product_cat-nachtleuchten","8":"first","9":"instock","10":"shipping-taxable","11":"purchasable","12":"product-type-simple"},"_links":{"self":[{"href":"https:\/\/9play.de\/shop\/wp-json\/wp\/v2\/product\/16094","targetHints":{"allow":["GET"]}}],"collection":[{"href":"https:\/\/9play.de\/shop\/wp-json\/wp\/v2\/product"}],"about":[{"href":"https:\/\/9play.de\/shop\/wp-json\/wp\/v2\/types\/product"}],"replies":[{"embeddable":true,"href":"https:\/\/9play.de\/shop\/wp-json\/wp\/v2\/comments?post=16094"}],"wp:featuredmedia":[{"embeddable":true,"href":"https:\/\/9play.de\/shop\/wp-json\/wp\/v2\/media\/16095"}],"wp:attachment":[{"href":"https:\/\/9play.de\/shop\/wp-json\/wp\/v2\/media?parent=16094"}],"wp:term":[{"taxonomy":"product_brand","embeddable":true,"href":"https:\/\/9play.de\/shop\/wp-json\/wp\/v2\/product_brand?post=16094"},{"taxonomy":"product_cat","embeddable":true,"href":"https:\/\/9play.de\/shop\/wp-json\/wp\/v2\/product_cat?post=16094"},{"taxonomy":"product_tag","embeddable":true,"href":"https:\/\/9play.de\/shop\/wp-json\/wp\/v2\/product_tag?post=16094"}],"curies":[{"name":"wp","href":"https:\/\/api.w.org\/{rel}","templated":true}]}}