{"id":16157,"date":"2024-10-06T18:11:17","date_gmt":"2024-10-06T16:11:17","guid":{"rendered":"https:\/\/9play.de\/shop\/produkt\/master-stem-roboter-powerman-mit-quiz-musik-spielen-scheibenschiessen\/"},"modified":"2024-10-06T18:12:10","modified_gmt":"2024-10-06T16:12:10","slug":"master-stem-roboter-powerman-mit-quiz-musik-spielen-scheibenschiessen","status":"publish","type":"product","link":"https:\/\/9play.de\/shop\/produkt\/master-stem-roboter-powerman-mit-quiz-musik-spielen-scheibenschiessen\/","title":{"rendered":"MASTER STEM Roboter POWERMAN\u00ae mit Quiz, Musik, Spielen, Scheibenschie\u00dfen"},"content":{"rendered":"<p>POWERMAN\u00ae MASTER, der erste intelligenter Roboter, der deine Gedanken liest. Dank seiner k\u00fcnstlichen Intelligenz liest er die Gedanken der Menschen. Man denkt an ein Tier, und POWERMAN wird grundlegende Fragen stellen, die Du mit Ja \/ Nein-Antworten kannst, und er wird das Tier erraten. Dank der Fernbedienung in alle Richtungen steuerbar. Lernquiz \u00fcber viele Tierger\u00e4usche inbegriffen. Programmierfunktion zum Erstellen von Bewegungsabl\u00e4ufen und sogar zum Erstellen neuer T\u00e4nze durch Hinzuf\u00fcgen von Musik. Lesen und erstellen Sie tolle Geschichten. Spielt tolle Musik und tanzt im Takt mit. Schie\u00dft Schaumstoffscheiben ab, mit denen man \u00fcberall zu Hause sicher spielen kann. Wiedergabe- und Karaokefunktion.<\/p>\n<p>Altersempfehlung: ab 4&nbsp;Jahre.<br \/>Material: Kunststoff&nbsp;<br \/>Gr\u00f6\u00dfe: ca.&nbsp;15,9 x 8,6 x 24,5 cm<br \/>Batteriebetrieb \u00fcber 3x AA Robot und 2x AA Fernsteuerung (im Lieferumfang nicht enthalten).<\/p>\n<p>&nbsp;<\/p>\n<p>Achtung: Nicht f\u00fcr Kinder unter 36 Monaten geeignet wegen verschluckbarer Kleinteile, Erstickungsgefahr.<\/p>\n<p>&nbsp;<\/p>\n<p>Hinweis zur Entsorgung von Altbatterien<\/p>\n<p>Der nachfolgende Hinweis richtet sich an diejenigen, die Batterien oder Produkte mit eingebauten Batterien nutzen und in der an sie gelieferten Form nicht mehr weiterver\u00e4u\u00dfern (Endnutzer):<\/p>\n<p>1. Unentgeltliche R\u00fccknahme von Altbatterien<\/p>\n<p>Batterien d\u00fcrfen nicht \u00fcber den Hausm\u00fcll entsorgt werden. Sie sind zur R\u00fcckgabe von Altbatterien gesetzlich verpflichtet, damit eine fachgerechte Entsorgung gew\u00e4hrleistet werden kann. Sie k\u00f6nnen Altbatterien an einer kommunalen Sammelstelle oder im Handel vor Ort abgeben. Auch wir sind als Vertreiber von Batterien zur R\u00fccknahme von Altbatterien verpflichtet, wobei sich unsere R\u00fccknahmeverpflichtung auf Altbatterien der Art beschr\u00e4nkt, die wir als Neubatterien in unserem Sortiment f\u00fchren oder gef\u00fchrt haben. Altbatterien vorgenannter Art k\u00f6nnen Sie daher entweder ausreichend frankiert an uns zur\u00fccksenden oder sie direkt an unserem Versandlager unter der im Impressum genannten Adresse unentgeltlich abgeben.<\/p>\n<p>2. Bedeutung der Batteriesymbole<\/p>\n<p>Batterien sind mit dem Symbol einer durchgekreuzten M\u00fclltonne gekennzeichnet. Dieses Symbol weist darauf hin, dass Batterien nicht in den Hausm\u00fcll gegeben werden d\u00fcrfen. Bei Batterien, die mehr als 0,0005 Masseprozent Quecksilber, mehr als 0,002 Masseprozent Cadmium oder mehr als 0,004 Masseprozent Blei enthalten, befindet sich unter dem M\u00fclltonnen-Symbol die chemische Bezeichnung des jeweils eingesetzten Schadstoffes \u2013 dabei steht &#8222;Cd&#8220; f\u00fcr Cadmium, &#8222;Pb&#8220; steht f\u00fcr Blei, und &#8222;Hg&#8220; f\u00fcr Quecksilber.<\/p>\n","protected":false},"excerpt":{"rendered":"<p>POWERMAN\u00ae MASTER, der erste intelligenter Roboter, der deine Gedanken liest.<\/p>\n","protected":false},"featured_media":16158,"comment_status":"closed","ping_status":"open","template":"","meta":[],"product_brand":[],"product_cat":[498],"product_tag":[],"class_list":{"0":"post-16157","1":"product","2":"type-product","3":"status-publish","4":"has-post-thumbnail","6":"product_cat-roboter","8":"first","9":"instock","10":"shipping-taxable","11":"purchasable","12":"product-type-simple"},"_links":{"self":[{"href":"https:\/\/9play.de\/shop\/wp-json\/wp\/v2\/product\/16157","targetHints":{"allow":["GET"]}}],"collection":[{"href":"https:\/\/9play.de\/shop\/wp-json\/wp\/v2\/product"}],"about":[{"href":"https:\/\/9play.de\/shop\/wp-json\/wp\/v2\/types\/product"}],"replies":[{"embeddable":true,"href":"https:\/\/9play.de\/shop\/wp-json\/wp\/v2\/comments?post=16157"}],"wp:featuredmedia":[{"embeddable":true,"href":"https:\/\/9play.de\/shop\/wp-json\/wp\/v2\/media\/16158"}],"wp:attachment":[{"href":"https:\/\/9play.de\/shop\/wp-json\/wp\/v2\/media?parent=16157"}],"wp:term":[{"taxonomy":"product_brand","embeddable":true,"href":"https:\/\/9play.de\/shop\/wp-json\/wp\/v2\/product_brand?post=16157"},{"taxonomy":"product_cat","embeddable":true,"href":"https:\/\/9play.de\/shop\/wp-json\/wp\/v2\/product_cat?post=16157"},{"taxonomy":"product_tag","embeddable":true,"href":"https:\/\/9play.de\/shop\/wp-json\/wp\/v2\/product_tag?post=16157"}],"curies":[{"name":"wp","href":"https:\/\/api.w.org\/{rel}","templated":true}]}}