{"id":16180,"date":"2024-10-06T18:12:18","date_gmt":"2024-10-06T16:12:18","guid":{"rendered":"https:\/\/9play.de\/shop\/produkt\/spider-man-3d-projektions-wecker-mit-sound\/"},"modified":"2024-10-06T18:12:27","modified_gmt":"2024-10-06T16:12:27","slug":"spider-man-3d-projektions-wecker-mit-sound","status":"publish","type":"product","link":"https:\/\/9play.de\/shop\/produkt\/spider-man-3d-projektions-wecker-mit-sound\/","title":{"rendered":"Spider-Man 3D Projektions-Wecker mit Sound"},"content":{"rendered":"<p>Ein wunderbarer Projektionswecker mit Spiderman Helden im 3D-Design! Dr\u00fccken Sie die Taste \u201ePROJECT\u201c, um die Uhrzeit an die Decke zu projizieren. Wenn Sie auf die Figur dr\u00fccken, erklingen tolle Ger\u00e4usche aus der Welt ihrer Lieblingshelden. Dr\u00fccken Sie auf den Wecker, um ein gem\u00fctliches Nachtlicht einzuschalten, das bis zu 15 Minuten leuchtet. Digitale Zeitanzeige auf dem LCD-Bildschirm, um die Zeit im Handumdrehen abzulesen. Alarm mit Schlummerfunktion.<\/p>\n<p>4 Soundeffekte, Nachtlicht, UKW-Radio, Digitale Zeitanzeige<br \/>Altersempfehlung: ab 4 Jahre.<br \/>Material: Kunststoff&nbsp;<br \/>Stromversorgung \u00fcber 4x LR6 \/ AA-Batterien (nicht im Lieferumfang enthalten).<br \/>Gr\u00f6\u00dfe: ca. 20 x 17.5 x 18.5 cm<br \/>Verpackung: ca. 22,5 x 20 x 22 cm<\/p>\n<p>Achtung: Nicht f\u00fcr Kinder unter 36 Monaten geeignet wegen verschluckbarer Kleinteile, Erstickungsgefahr.<\/p>\n<p>&nbsp;<\/p>\n<p style=\"margin-bottom: 0cm\">Hinweis zur Entsorgung von Altbatterien<\/p>\n<p>Der nachfolgende Hinweis richtet sich an diejenigen, die Batterien oder Produkte mit eingebauten Batterien nutzen und in der an sie gelieferten Form nicht mehr weiterver\u00e4u\u00dfern (Endnutzer):<\/p>\n<p>1. Unentgeltliche R\u00fccknahme von Altbatterien<\/p>\n<p>Batterien d\u00fcrfen nicht \u00fcber den Hausm\u00fcll entsorgt werden. Sie sind zur R\u00fcckgabe von Altbatterien gesetzlich verpflichtet, damit eine fachgerechte Entsorgung gew\u00e4hrleistet werden kann. Sie k\u00f6nnen Altbatterien an einer kommunalen Sammelstelle oder im Handel vor Ort abgeben. Auch wir sind als Vertreiber von Batterien zur R\u00fccknahme von Altbatterien verpflichtet, wobei sich unsere R\u00fccknahmeverpflichtung auf Altbatterien der Art beschr\u00e4nkt, die wir als Neubatterien in unserem Sortiment f\u00fchren oder gef\u00fchrt haben. Altbatterien vorgenannter Art k\u00f6nnen Sie daher entweder ausreichend frankiert an uns zur\u00fccksenden oder sie direkt an unserem Versandlager unter der im Impressum genannten Adresse unentgeltlich abgeben.<\/p>\n<p>2. Bedeutung der Batteriesymbole<\/p>\n<p>Batterien sind mit dem Symbol einer durchgekreuzten M\u00fclltonne gekennzeichnet. Dieses Symbol weist darauf hin, dass Batterien nicht in den Hausm\u00fcll gegeben werden d\u00fcrfen. Bei Batterien, die mehr als 0,0005 Masseprozent Quecksilber, mehr als 0,002 Masseprozent Cadmium oder mehr als 0,004 Masseprozent Blei enthalten, befindet sich unter dem M\u00fclltonnen-Symbol die chemische Bezeichnung des jeweils eingesetzten Schadstoffes \u2013 dabei steht &#8222;Cd&#8220; f\u00fcr Cadmium, &#8222;Pb&#8220; steht f\u00fcr Blei, und &#8222;Hg&#8220; f\u00fcr Quecksilber.<\/p>\n","protected":false},"excerpt":{"rendered":"<p>Ein wunderbarer Projektionswecker mit Spiderman Helden im 3D-Design!<\/p>\n","protected":false},"featured_media":16181,"comment_status":"closed","ping_status":"open","template":"","meta":[],"product_brand":[],"product_cat":[503],"product_tag":[],"class_list":{"0":"post-16180","1":"product","2":"type-product","3":"status-publish","4":"has-post-thumbnail","6":"product_cat-wecker","8":"first","9":"instock","10":"shipping-taxable","11":"purchasable","12":"product-type-simple"},"_links":{"self":[{"href":"https:\/\/9play.de\/shop\/wp-json\/wp\/v2\/product\/16180","targetHints":{"allow":["GET"]}}],"collection":[{"href":"https:\/\/9play.de\/shop\/wp-json\/wp\/v2\/product"}],"about":[{"href":"https:\/\/9play.de\/shop\/wp-json\/wp\/v2\/types\/product"}],"replies":[{"embeddable":true,"href":"https:\/\/9play.de\/shop\/wp-json\/wp\/v2\/comments?post=16180"}],"wp:featuredmedia":[{"embeddable":true,"href":"https:\/\/9play.de\/shop\/wp-json\/wp\/v2\/media\/16181"}],"wp:attachment":[{"href":"https:\/\/9play.de\/shop\/wp-json\/wp\/v2\/media?parent=16180"}],"wp:term":[{"taxonomy":"product_brand","embeddable":true,"href":"https:\/\/9play.de\/shop\/wp-json\/wp\/v2\/product_brand?post=16180"},{"taxonomy":"product_cat","embeddable":true,"href":"https:\/\/9play.de\/shop\/wp-json\/wp\/v2\/product_cat?post=16180"},{"taxonomy":"product_tag","embeddable":true,"href":"https:\/\/9play.de\/shop\/wp-json\/wp\/v2\/product_tag?post=16180"}],"curies":[{"name":"wp","href":"https:\/\/api.w.org\/{rel}","templated":true}]}}