{"id":16275,"date":"2024-10-06T18:13:16","date_gmt":"2024-10-06T16:13:16","guid":{"rendered":"https:\/\/9play.de\/shop\/produkt\/kinder-rucksack-paw-patrol-25-cm\/"},"modified":"2024-10-06T18:13:25","modified_gmt":"2024-10-06T16:13:25","slug":"kinder-rucksack-paw-patrol-25-cm","status":"publish","type":"product","link":"https:\/\/9play.de\/shop\/produkt\/kinder-rucksack-paw-patrol-25-cm\/","title":{"rendered":"Kinder Rucksack Paw Patrol 25 cm"},"content":{"rendered":"<p>Hat jemand Abenteuerzeit gesagt? Vergessen Sie nicht, diese Neoprentasche von Paw Patrol mitzunehmen!<br \/>Dies ist kein typischer Rucksack. Es besteht aus einem Neoprenmaterial, so das der wasserdicht, waschbar, leicht und isoliert ist.<br \/>Es h\u00e4lt die ganze Hitze\/K\u00e4lte von Ihren Sachen fern. Durch das Material l\u00e4sst sich die Tasche einfach zusammenfalten und verstauen.<br \/>Abgesehen von seinen erstaunlichen Eigenschaften ist es super funktional, da es ein zylindrisches Fach im Inneren hat, um Ihre Wasserflasche aufzubewahren!<br \/>Und um das Ganze abzurunden, wird es mit einem passenden runden Paw Patrol-Beutel geliefert, um alle M\u00fcnzen oder kleinen Schmuckst\u00fccke aufzubewahren, die Sie w\u00e4hrend Ihres Abenteuers finden k\u00f6nnten. Ein Must-have!<\/p>\n<p>Gr\u00f6\u00dfe: 18 \u00d7 12 \u00d7 25 cm<br \/>Material: Neoprene<br \/>Altersempfehlung: Ab 3 Jahre<br \/><span style=\"font-size:12.0pt\"><span style=\"font-family:Times New Roman,serif\">Achtung: Nicht f\u00fcr Kinder unter 36 Monaten geeignet wegen verschluckbarer Kleinteile, Erstickungsgefahr.<\/span><\/span><\/p>\n","protected":false},"excerpt":{"rendered":"<p>Hat jemand Abenteuerzeit gesagt? Vergessen Sie nicht, diese Neoprentasche von Paw Patrol mitzunehmen!<\/p>\n","protected":false},"featured_media":16276,"comment_status":"closed","ping_status":"open","template":"","meta":[],"product_brand":[],"product_cat":[465],"product_tag":[],"class_list":{"0":"post-16275","1":"product","2":"type-product","3":"status-publish","4":"has-post-thumbnail","6":"product_cat-rucksaecke-taschen","8":"first","9":"instock","10":"shipping-taxable","11":"purchasable","12":"product-type-simple"},"_links":{"self":[{"href":"https:\/\/9play.de\/shop\/wp-json\/wp\/v2\/product\/16275","targetHints":{"allow":["GET"]}}],"collection":[{"href":"https:\/\/9play.de\/shop\/wp-json\/wp\/v2\/product"}],"about":[{"href":"https:\/\/9play.de\/shop\/wp-json\/wp\/v2\/types\/product"}],"replies":[{"embeddable":true,"href":"https:\/\/9play.de\/shop\/wp-json\/wp\/v2\/comments?post=16275"}],"wp:featuredmedia":[{"embeddable":true,"href":"https:\/\/9play.de\/shop\/wp-json\/wp\/v2\/media\/16276"}],"wp:attachment":[{"href":"https:\/\/9play.de\/shop\/wp-json\/wp\/v2\/media?parent=16275"}],"wp:term":[{"taxonomy":"product_brand","embeddable":true,"href":"https:\/\/9play.de\/shop\/wp-json\/wp\/v2\/product_brand?post=16275"},{"taxonomy":"product_cat","embeddable":true,"href":"https:\/\/9play.de\/shop\/wp-json\/wp\/v2\/product_cat?post=16275"},{"taxonomy":"product_tag","embeddable":true,"href":"https:\/\/9play.de\/shop\/wp-json\/wp\/v2\/product_tag?post=16275"}],"curies":[{"name":"wp","href":"https:\/\/api.w.org\/{rel}","templated":true}]}}