{"id":16279,"date":"2024-10-06T18:13:16","date_gmt":"2024-10-06T16:13:16","guid":{"rendered":"https:\/\/9play.de\/shop\/produkt\/haarzubehoer-und-handtasche-frozen-die-eiskoenigin-elsa-anna\/"},"modified":"2024-10-06T18:13:27","modified_gmt":"2024-10-06T16:13:27","slug":"haarzubehoer-und-handtasche-frozen-die-eiskoenigin-elsa-anna","status":"publish","type":"product","link":"https:\/\/9play.de\/shop\/produkt\/haarzubehoer-und-handtasche-frozen-die-eiskoenigin-elsa-anna\/","title":{"rendered":"Haarzubeh\u00f6r und Handtasche Frozen die Eisk\u00f6nigin Elsa Anna"},"content":{"rendered":"<p>Nicht nur f\u00fcr kleine Fans des Disney-Hits Frozen II sind die Schmuckst\u00fccke eine wunderbare Geschenkidee, sondern auch f\u00fcr alle modebegeisterten M\u00e4dchen, die Spa\u00df an h\u00fcbschen Accessoires haben.<br \/>Denn davon hat das Set so einiges zu bieten. Eine tolle Idee f\u00fcr Fans von Anna und Elsa, die die beiden Prinzessinnen gerne bei sich tragen m\u00f6chten.<\/p>\n<p>Gr\u00f6\u00dfe: ca. 19 x 8 x 17 cm<br \/>Teile: 12 Teile<br \/>Material: Kunststoff, Metal<br \/>Altersempfehlung: Ab 3 Jahre<\/p>\n<p><span style=\"font-size:12.0pt\"><span style=\"font-family:Times New Roman,serif\">Achtung: Nicht f\u00fcr Kinder unter 36 Monaten geeignet wegen verschluckbarer Kleinteile, Erstickungsgefahr.<\/span><\/span><\/p>\n","protected":false},"excerpt":{"rendered":"<p>Nicht nur f\u00fcr kleine Fans des Disney-Hits Frozen II sind die Schmuckst\u00fccke eine wunderbare Geschenkidee!<\/p>\n","protected":false},"featured_media":16280,"comment_status":"closed","ping_status":"open","template":"","meta":[],"product_brand":[],"product_cat":[470],"product_tag":[],"class_list":{"0":"post-16279","1":"product","2":"type-product","3":"status-publish","4":"has-post-thumbnail","6":"product_cat-schmuck","8":"first","9":"instock","10":"shipping-taxable","11":"purchasable","12":"product-type-simple"},"_links":{"self":[{"href":"https:\/\/9play.de\/shop\/wp-json\/wp\/v2\/product\/16279","targetHints":{"allow":["GET"]}}],"collection":[{"href":"https:\/\/9play.de\/shop\/wp-json\/wp\/v2\/product"}],"about":[{"href":"https:\/\/9play.de\/shop\/wp-json\/wp\/v2\/types\/product"}],"replies":[{"embeddable":true,"href":"https:\/\/9play.de\/shop\/wp-json\/wp\/v2\/comments?post=16279"}],"wp:featuredmedia":[{"embeddable":true,"href":"https:\/\/9play.de\/shop\/wp-json\/wp\/v2\/media\/16280"}],"wp:attachment":[{"href":"https:\/\/9play.de\/shop\/wp-json\/wp\/v2\/media?parent=16279"}],"wp:term":[{"taxonomy":"product_brand","embeddable":true,"href":"https:\/\/9play.de\/shop\/wp-json\/wp\/v2\/product_brand?post=16279"},{"taxonomy":"product_cat","embeddable":true,"href":"https:\/\/9play.de\/shop\/wp-json\/wp\/v2\/product_cat?post=16279"},{"taxonomy":"product_tag","embeddable":true,"href":"https:\/\/9play.de\/shop\/wp-json\/wp\/v2\/product_tag?post=16279"}],"curies":[{"name":"wp","href":"https:\/\/api.w.org\/{rel}","templated":true}]}}