{"id":16410,"date":"2024-10-06T18:14:22","date_gmt":"2024-10-06T16:14:22","guid":{"rendered":"https:\/\/9play.de\/shop\/produkt\/rosa-einhorn-spielzeug-mit-kamm-und-trinkeimer\/"},"modified":"2024-10-06T18:14:41","modified_gmt":"2024-10-06T16:14:41","slug":"rosa-einhorn-spielzeug-mit-kamm-und-trinkeimer","status":"publish","type":"product","link":"https:\/\/9play.de\/shop\/produkt\/rosa-einhorn-spielzeug-mit-kamm-und-trinkeimer\/","title":{"rendered":"Rosa Einhorn Spielzeug mit Kamm und Trinkeimer"},"content":{"rendered":"<p>Dieses s\u00fc\u00dfe rosa Einhorn ist durch eine Samtschicht sch\u00f6n weich und will gepflegt werden.<br \/>Ihre lange gebl\u00fcmte M\u00e4hne und ihr Schweif k\u00f6nnten eine B\u00fcrste gebrauchen. K\u00e4mmen Sie es, flechten Sie es sch\u00f6n oder verzieren Sie es mit den Haarspangen.<br \/>Nur ein Schluck Wasser aus dem Eimer und dieses Fantasiepferd ist bereit f\u00fcr ein neues Abenteuer, zusammen mit Ihnen!<br \/>&nbsp;<\/p>\n<p>Altersempfehlung: ab 3 Jahre<br \/>Gr\u00f6\u00dfe: ca. 18 cm<br \/>Packma\u00df: 24 x 22 x 8 cm<br \/>Material: Kunststoff&nbsp;<\/p>\n<p>Achtung: Nicht f\u00fcr Kinder unter 36 Monaten geeignet wegen verschluckbarer Kleinteile, Erstickungsgefahr.<\/p>\n","protected":false},"excerpt":{"rendered":"<p>Dieses s\u00fc\u00dfe rosa Einhorn ist durch eine Samtschicht sch\u00f6n weich und will gepflegt werden.<\/p>\n","protected":false},"featured_media":16411,"comment_status":"closed","ping_status":"open","template":"","meta":[],"product_brand":[],"product_cat":[517],"product_tag":[],"class_list":{"0":"post-16410","1":"product","2":"type-product","3":"status-publish","4":"has-post-thumbnail","6":"product_cat-einhoerner","8":"first","9":"instock","10":"shipping-taxable","11":"purchasable","12":"product-type-simple"},"_links":{"self":[{"href":"https:\/\/9play.de\/shop\/wp-json\/wp\/v2\/product\/16410","targetHints":{"allow":["GET"]}}],"collection":[{"href":"https:\/\/9play.de\/shop\/wp-json\/wp\/v2\/product"}],"about":[{"href":"https:\/\/9play.de\/shop\/wp-json\/wp\/v2\/types\/product"}],"replies":[{"embeddable":true,"href":"https:\/\/9play.de\/shop\/wp-json\/wp\/v2\/comments?post=16410"}],"wp:featuredmedia":[{"embeddable":true,"href":"https:\/\/9play.de\/shop\/wp-json\/wp\/v2\/media\/16411"}],"wp:attachment":[{"href":"https:\/\/9play.de\/shop\/wp-json\/wp\/v2\/media?parent=16410"}],"wp:term":[{"taxonomy":"product_brand","embeddable":true,"href":"https:\/\/9play.de\/shop\/wp-json\/wp\/v2\/product_brand?post=16410"},{"taxonomy":"product_cat","embeddable":true,"href":"https:\/\/9play.de\/shop\/wp-json\/wp\/v2\/product_cat?post=16410"},{"taxonomy":"product_tag","embeddable":true,"href":"https:\/\/9play.de\/shop\/wp-json\/wp\/v2\/product_tag?post=16410"}],"curies":[{"name":"wp","href":"https:\/\/api.w.org\/{rel}","templated":true}]}}