{"id":16425,"date":"2024-10-06T18:14:22","date_gmt":"2024-10-06T16:14:22","guid":{"rendered":"https:\/\/9play.de\/shop\/produkt\/reinigung-set-fuer-kinder-mit-besen-feger-und-wischmop\/"},"modified":"2024-10-06T18:14:50","modified_gmt":"2024-10-06T16:14:50","slug":"reinigung-set-fuer-kinder-mit-besen-feger-und-wischmop","status":"publish","type":"product","link":"https:\/\/9play.de\/shop\/produkt\/reinigung-set-fuer-kinder-mit-besen-feger-und-wischmop\/","title":{"rendered":"Reinigung Set f\u00fcr Kinder mit Besen, Feger und Wischmop"},"content":{"rendered":"<p>Der Reinigungs-Set bietet kleinen Hausm\u00e4nnern und -frauen jede Menge Zubeh\u00f6r f\u00fcr viele Stunden Spielspa\u00df.<br \/>Wie die Gro\u00dfen k\u00f6nnen sie mit dem Mopp wischen, mit dem Besen kehren und mit dem Kehrblech auch in den Ecken putzen.<br \/>Es steht alles griffbereit.<br \/>So ist Aufr\u00e4umen nie mehr langweilig!<\/p>\n<p>Altersempfehlung: ab 3 Jahre<br \/>Material: Kunststoff&nbsp;<br \/>Verpackung: ca. 24,5cm x 6,5cm x 36cm&nbsp;<\/p>\n<p>&nbsp;<\/p>\n<p>&nbsp;<\/p>\n<p>Achtung: Nicht f\u00fcr Kinder unter 36 Monaten geeignet wegen verschluckbarer Kleinteile, Erstickungsgefahr.<\/p>\n","protected":false},"excerpt":{"rendered":"<p>Der Reinigungs-Set bietet kleinen Hausm\u00e4nnern und -frauen jede Menge Zubeh\u00f6r f\u00fcr viele Stunden Spielspa\u00df.<\/p>\n","protected":false},"featured_media":16426,"comment_status":"closed","ping_status":"open","template":"","meta":[],"product_brand":[],"product_cat":[475],"product_tag":[],"class_list":{"0":"post-16425","1":"product","2":"type-product","3":"status-publish","4":"has-post-thumbnail","6":"product_cat-kinderkuechen","8":"first","9":"instock","10":"shipping-taxable","11":"purchasable","12":"product-type-simple"},"_links":{"self":[{"href":"https:\/\/9play.de\/shop\/wp-json\/wp\/v2\/product\/16425","targetHints":{"allow":["GET"]}}],"collection":[{"href":"https:\/\/9play.de\/shop\/wp-json\/wp\/v2\/product"}],"about":[{"href":"https:\/\/9play.de\/shop\/wp-json\/wp\/v2\/types\/product"}],"replies":[{"embeddable":true,"href":"https:\/\/9play.de\/shop\/wp-json\/wp\/v2\/comments?post=16425"}],"wp:featuredmedia":[{"embeddable":true,"href":"https:\/\/9play.de\/shop\/wp-json\/wp\/v2\/media\/16426"}],"wp:attachment":[{"href":"https:\/\/9play.de\/shop\/wp-json\/wp\/v2\/media?parent=16425"}],"wp:term":[{"taxonomy":"product_brand","embeddable":true,"href":"https:\/\/9play.de\/shop\/wp-json\/wp\/v2\/product_brand?post=16425"},{"taxonomy":"product_cat","embeddable":true,"href":"https:\/\/9play.de\/shop\/wp-json\/wp\/v2\/product_cat?post=16425"},{"taxonomy":"product_tag","embeddable":true,"href":"https:\/\/9play.de\/shop\/wp-json\/wp\/v2\/product_tag?post=16425"}],"curies":[{"name":"wp","href":"https:\/\/api.w.org\/{rel}","templated":true}]}}