{"id":16500,"date":"2024-10-06T18:15:12","date_gmt":"2024-10-06T16:15:12","guid":{"rendered":"https:\/\/9play.de\/shop\/produkt\/teeservice-kinder-geschirr-mit-teekanne-kekse-cupcake\/"},"modified":"2024-10-06T18:15:33","modified_gmt":"2024-10-06T16:15:33","slug":"teeservice-kinder-geschirr-mit-teekanne-kekse-cupcake","status":"publish","type":"product","link":"https:\/\/9play.de\/shop\/produkt\/teeservice-kinder-geschirr-mit-teekanne-kekse-cupcake\/","title":{"rendered":"Teeservice Kinder Geschirr mit Teekanne Kekse Cupcake"},"content":{"rendered":"<p>Gem\u00fctlich! Eine Teeparty. Und dazu geh\u00f6ren nat\u00fcrlich auch leckere Kekse und Muffins. Davon gibt es in diesem High Tea Set aus der Food Market Produktlinie reichlich.<br \/>Aber auch eine Teekanne, ein Marmeladenglas, Tassen, ein Tablett, ein Teller und eine Zange geh\u00f6ren dazu. Laden Sie Ihren besten Freund ein und lassen Sie die Party mit diesem kompletten 23-teiligen Set schnell beginnen.<br \/>Ein Teeservice ist eine unverzichtbare Ausstattung in jedem Kinderzimmer.<br \/>Jede kleine Hausfrau oder Hausmann muss es in der K\u00fcche haben, um jeden Besucher festlich zu empfangen!<br \/>Mit dem Teeset k\u00f6nnen Sie alleine oder mit Freunden spielen. Ein Kind kann Tee f\u00fcr Puppen, Teddyb\u00e4ren, Geschwister oder Eltern zubereiten. Das Set regt die Fantasie an und entwickelt die Fantasie der Kinder.<br \/>Dank des farbenfrohen Designs wird es jedes kleine Kind ansprechen, dass es seine Freunde einladen und eine unvergessliche Teeparty organisieren kann.<\/p>\n<p>Inhalt: 23 Teile (Teekanne, Kekse, Tee Tassen, Cupcakes)&nbsp;<br \/>Altersempfehlung:&nbsp;ab 3 Jahre<br \/>Verpackung: ca. 35cm x 12cm x 65cm<\/p>\n<p>Achtung: Nicht f\u00fcr Kinder unter 36 Monaten geeignet wegen verschluckbarer Kleinteile, Erstickungsgefahr.<\/p>\n","protected":false},"excerpt":{"rendered":"<p>Ein Teeservice ist eine unverzichtbare Ausstattung in jedem Kinderzimmer.<\/p>\n","protected":false},"featured_media":16501,"comment_status":"closed","ping_status":"open","template":"","meta":[],"product_brand":[],"product_cat":[475],"product_tag":[],"class_list":{"0":"post-16500","1":"product","2":"type-product","3":"status-publish","4":"has-post-thumbnail","6":"product_cat-kinderkuechen","8":"first","9":"instock","10":"shipping-taxable","11":"purchasable","12":"product-type-simple"},"_links":{"self":[{"href":"https:\/\/9play.de\/shop\/wp-json\/wp\/v2\/product\/16500","targetHints":{"allow":["GET"]}}],"collection":[{"href":"https:\/\/9play.de\/shop\/wp-json\/wp\/v2\/product"}],"about":[{"href":"https:\/\/9play.de\/shop\/wp-json\/wp\/v2\/types\/product"}],"replies":[{"embeddable":true,"href":"https:\/\/9play.de\/shop\/wp-json\/wp\/v2\/comments?post=16500"}],"wp:featuredmedia":[{"embeddable":true,"href":"https:\/\/9play.de\/shop\/wp-json\/wp\/v2\/media\/16501"}],"wp:attachment":[{"href":"https:\/\/9play.de\/shop\/wp-json\/wp\/v2\/media?parent=16500"}],"wp:term":[{"taxonomy":"product_brand","embeddable":true,"href":"https:\/\/9play.de\/shop\/wp-json\/wp\/v2\/product_brand?post=16500"},{"taxonomy":"product_cat","embeddable":true,"href":"https:\/\/9play.de\/shop\/wp-json\/wp\/v2\/product_cat?post=16500"},{"taxonomy":"product_tag","embeddable":true,"href":"https:\/\/9play.de\/shop\/wp-json\/wp\/v2\/product_tag?post=16500"}],"curies":[{"name":"wp","href":"https:\/\/api.w.org\/{rel}","templated":true}]}}