{"id":16520,"date":"2024-10-06T18:15:12","date_gmt":"2024-10-06T16:15:12","guid":{"rendered":"https:\/\/9play.de\/shop\/produkt\/kinder-militaer-set-grosser-koffer-mit-pistole-handschellen\/"},"modified":"2024-10-06T18:15:45","modified_gmt":"2024-10-06T16:15:45","slug":"kinder-militaer-set-grosser-koffer-mit-pistole-handschellen","status":"publish","type":"product","link":"https:\/\/9play.de\/shop\/produkt\/kinder-militaer-set-grosser-koffer-mit-pistole-handschellen\/","title":{"rendered":"Kinder Milit\u00e4r Set gro\u00dfer Koffer mit Pistole Handschellen"},"content":{"rendered":"<p>Dieser Koffer enth\u00e4lt alles, was dir helfen wird, dich auf die Armeemission Alfafox vorzubereiten und daran teilzunehmen !<br \/>Ein Messer, ein Fernglas und Handschellen. Aber auch 2 Handgranaten, ein Walkie-Talkie und nat\u00fcrlich gen\u00fcgend Munition f\u00fcr die Pistole.<br \/>Eine Pistole, mit der Sie Ihre Schie\u00dfk\u00fcnste trainieren k\u00f6nnen. Hierf\u00fcr finden Sie im Set 2 Schie\u00dfscheiben. Stecke einen der 3 Saugnapfpfeile in die Kanone und erziele so viele Punkte wie m\u00f6glich.<br \/>Es ist nat\u00fcrlich auch m\u00f6glich, einfach auf eine glatte Oberfl\u00e4che zu zielen. H\u00e4ngen Sie also Ihre Kette mit Anh\u00e4ngern auf, denn Sie sind bereit, Soldat!<br \/>Mit diesem supercoolen 17-teiligen Abenteuer-Set in Armee Farben k\u00f6nnen Sie wilde Abendteuer erleben. Spielen Sie einen Helden und treffen Sie die feindlich aufgestellte Ziele.<br \/>Na wie gut kannst du zielen? Nicht gut? Dann wirf einfach eine Handgranate, damit triffst du asl Soldat jeden Feind \ud83d\ude42<br \/>Das Set enth\u00e4lt ein Kinderfernglas, ein Spielzeug-Funkger\u00e4t, Granaten, Handschellen, Milit\u00e4rmarken, Zielscheiben, Messer und eine tolle Pistole mit Munition!<br \/>Wenn du nach Kinderpistolen suchst, dann bist du bei uns genau richtig.<br \/>Du suchst eine Kinderpistole f\u00fcr einen Kinderkost\u00fcm? Dann erg\u00e4nze dein Polizeikost\u00fcm mit dieser Pistole !<\/p>\n<p>Altersempfehlung: ab 3 Jahre<br \/>Inhalt: 12 Teile<br \/>Material: Kunststoff&nbsp;<br \/>&nbsp;<\/p>\n<p>Achtung: Nicht f\u00fcr Kinder unter 36 Monaten geeignet wegen verschluckbarer Kleinteile, Erstickungsgefahr.<\/p>\n","protected":false},"excerpt":{"rendered":"<p>Mit diesem supercoolen 17-teiligen Abenteuer-Set in Armee Farben k\u00f6nnen Sie wilde Abendteuer erleben.<\/p>\n","protected":false},"featured_media":16521,"comment_status":"closed","ping_status":"open","template":"","meta":[],"product_brand":[],"product_cat":[476],"product_tag":[],"class_list":{"0":"post-16520","1":"product","2":"type-product","3":"status-publish","4":"has-post-thumbnail","6":"product_cat-polizei-detektiv","8":"first","9":"instock","10":"shipping-taxable","11":"purchasable","12":"product-type-simple"},"_links":{"self":[{"href":"https:\/\/9play.de\/shop\/wp-json\/wp\/v2\/product\/16520","targetHints":{"allow":["GET"]}}],"collection":[{"href":"https:\/\/9play.de\/shop\/wp-json\/wp\/v2\/product"}],"about":[{"href":"https:\/\/9play.de\/shop\/wp-json\/wp\/v2\/types\/product"}],"replies":[{"embeddable":true,"href":"https:\/\/9play.de\/shop\/wp-json\/wp\/v2\/comments?post=16520"}],"wp:featuredmedia":[{"embeddable":true,"href":"https:\/\/9play.de\/shop\/wp-json\/wp\/v2\/media\/16521"}],"wp:attachment":[{"href":"https:\/\/9play.de\/shop\/wp-json\/wp\/v2\/media?parent=16520"}],"wp:term":[{"taxonomy":"product_brand","embeddable":true,"href":"https:\/\/9play.de\/shop\/wp-json\/wp\/v2\/product_brand?post=16520"},{"taxonomy":"product_cat","embeddable":true,"href":"https:\/\/9play.de\/shop\/wp-json\/wp\/v2\/product_cat?post=16520"},{"taxonomy":"product_tag","embeddable":true,"href":"https:\/\/9play.de\/shop\/wp-json\/wp\/v2\/product_tag?post=16520"}],"curies":[{"name":"wp","href":"https:\/\/api.w.org\/{rel}","templated":true}]}}