{"id":16540,"date":"2024-10-06T18:15:12","date_gmt":"2024-10-06T16:15:12","guid":{"rendered":"https:\/\/9play.de\/shop\/produkt\/spielzeug-auto-zum-bauen-militaerpanzer\/"},"modified":"2024-10-06T18:15:56","modified_gmt":"2024-10-06T16:15:56","slug":"spielzeug-auto-zum-bauen-militaerpanzer","status":"publish","type":"product","link":"https:\/\/9play.de\/shop\/produkt\/spielzeug-auto-zum-bauen-militaerpanzer\/","title":{"rendered":"Spielzeug-Auto zum Bauen Milit\u00e4rpanzer"},"content":{"rendered":"<p>Er ist bereits einsatzbereit, dieser Wagen aus der Alfafox-Produktlinie.<br \/>Die Idee ist jedoch, dass Sie es komplett zerlegen, damit Sie genau wissen, wie das Fahrzeug zusammengesetzt ist.<br \/>Auf diese Weise k\u00f6nnen Sie als Armeemechaniker dem Fahrzeug wieder reparieren, wenn er besch\u00e4digt wird. Also schnapp dir den Schraubenzieher und beginne diese herausfordernde Mission.<br \/>Hier das ultimative Spielzeugset f\u00fcr jeden kleinen Milit\u00e4r-Fan. Das Set besteht aus einem gr\u00fcnen Auto, 2 Raketen und einem Schraubenschl\u00fcssel. Der Wagen l\u00e4sst sich Zusammen- und auseinanderbauen.<br \/>Als gro\u00dfer Fan der Armee brauchen Sie dieses Milit\u00e4rset. Mit einem realistischen Modell, das Sie leicht auf- und abbauen k\u00f6nnen, gewinnen Sie Schlachtfelder, Kriege und Schlachten.<br \/>&nbsp;<\/p>\n<p>inkl. 2 Raketen und Schraubendreher aus Kunststoff<\/p>\n<p>Altersempfehlung: ab 4 Jahre<br \/>Farbe: gr\u00fcn<br \/>Material: Kunststoff<br \/>Panzergr\u00f6\u00dfe: ca. 18 cm (L)<br \/>Inhalt: Wagen +&nbsp;2 Raketen +&nbsp;Schraubendreher aus Kunststoff<br \/>Verpackung:&nbsp;ca. 24 x 14 x 12cm<\/p>\n<p>Achtung: Nicht f\u00fcr Kinder unter 36 Monaten geeignet wegen verschluckbarer Kleinteile, Erstickungsgefahr.<\/p>\n","protected":false},"excerpt":{"rendered":"<p>Hier das ultimative Spielzeugset f\u00fcr jeden kleinen Milit\u00e4t-Fan.<\/p>\n","protected":false},"featured_media":16541,"comment_status":"closed","ping_status":"open","template":"","meta":[],"product_brand":[],"product_cat":[466],"product_tag":[],"class_list":{"0":"post-16540","1":"product","2":"type-product","3":"status-publish","4":"has-post-thumbnail","6":"product_cat-dienstfahrzeuge","8":"first","9":"instock","10":"shipping-taxable","11":"purchasable","12":"product-type-simple"},"_links":{"self":[{"href":"https:\/\/9play.de\/shop\/wp-json\/wp\/v2\/product\/16540","targetHints":{"allow":["GET"]}}],"collection":[{"href":"https:\/\/9play.de\/shop\/wp-json\/wp\/v2\/product"}],"about":[{"href":"https:\/\/9play.de\/shop\/wp-json\/wp\/v2\/types\/product"}],"replies":[{"embeddable":true,"href":"https:\/\/9play.de\/shop\/wp-json\/wp\/v2\/comments?post=16540"}],"wp:featuredmedia":[{"embeddable":true,"href":"https:\/\/9play.de\/shop\/wp-json\/wp\/v2\/media\/16541"}],"wp:attachment":[{"href":"https:\/\/9play.de\/shop\/wp-json\/wp\/v2\/media?parent=16540"}],"wp:term":[{"taxonomy":"product_brand","embeddable":true,"href":"https:\/\/9play.de\/shop\/wp-json\/wp\/v2\/product_brand?post=16540"},{"taxonomy":"product_cat","embeddable":true,"href":"https:\/\/9play.de\/shop\/wp-json\/wp\/v2\/product_cat?post=16540"},{"taxonomy":"product_tag","embeddable":true,"href":"https:\/\/9play.de\/shop\/wp-json\/wp\/v2\/product_tag?post=16540"}],"curies":[{"name":"wp","href":"https:\/\/api.w.org\/{rel}","templated":true}]}}