{"id":16617,"date":"2024-10-06T18:16:00","date_gmt":"2024-10-06T16:16:00","guid":{"rendered":"https:\/\/9play.de\/shop\/produkt\/paw-patrol-fingerpuppen-5-charaktere\/"},"modified":"2024-10-06T18:16:39","modified_gmt":"2024-10-06T16:16:39","slug":"paw-patrol-fingerpuppen-5-charaktere","status":"publish","type":"product","link":"https:\/\/9play.de\/shop\/produkt\/paw-patrol-fingerpuppen-5-charaktere\/","title":{"rendered":"PAW PATROL Fingerpuppen 5 Charaktere"},"content":{"rendered":"<p>Mit diesen 5 lustigen Fingerpuppen kannst du die Abenteuer von Rubble, Marshall, Skye, Zuma und Chase aus der Paw Patrol nachspielen.<br \/>Oder erfinden Sie selbst eine ganz neue, spannende Geschichte f\u00fcr Ihre Lieblingspuppenhunde in Miniatur.<br \/>Stellen Sie mit diesen Fingerpuppen die heroischen Abenteuer der Helden von Paw Patrol nach!<br \/>Die f\u00fcnf Fingerpuppen k\u00f6nnen auf alle Ihre Finger aufgesetzt werden, um alle m\u00f6glichen Abenteuer nachzuspielen.<br \/>Geeignet f\u00fcr Kinder von 3 bis 6 Jahren.<\/p>\n<p>Inhalt: 5 Figuren &#8211;&nbsp;Rubble, Marshall, Skye, Zuma, Chase<br \/>Altersempfehlung: ab 3 Jahre<br \/>Material: Silikon<br \/>Gr\u00f6\u00dfe: jede Fingerpuppe: ca. 6 x 5 x 2 cm<br \/>Verpackung:&nbsp;20,5 x 17 x 3,5 cm<\/p>\n<p><span style=\"font-size:12.0pt\"><span style=\"font-family:Times New Roman,serif\">Achtung:&nbsp;Nicht f\u00fcr Kinder unter 36 Monaten geeignet wegen verschluckbarer Kleinteile, Erstickungsgefahr.<\/span><\/span><\/p>\n","protected":false},"excerpt":{"rendered":"<p>Stellen Sie mit diesen Fingerpuppen die heroischen Abenteuer der Helden von Paw Patrol nach!<\/p>\n","protected":false},"featured_media":16618,"comment_status":"closed","ping_status":"open","template":"","meta":[],"product_brand":[],"product_cat":[522],"product_tag":[],"class_list":{"0":"post-16617","1":"product","2":"type-product","3":"status-publish","4":"has-post-thumbnail","6":"product_cat-puppen","8":"first","9":"instock","10":"shipping-taxable","11":"purchasable","12":"product-type-simple"},"_links":{"self":[{"href":"https:\/\/9play.de\/shop\/wp-json\/wp\/v2\/product\/16617","targetHints":{"allow":["GET"]}}],"collection":[{"href":"https:\/\/9play.de\/shop\/wp-json\/wp\/v2\/product"}],"about":[{"href":"https:\/\/9play.de\/shop\/wp-json\/wp\/v2\/types\/product"}],"replies":[{"embeddable":true,"href":"https:\/\/9play.de\/shop\/wp-json\/wp\/v2\/comments?post=16617"}],"wp:featuredmedia":[{"embeddable":true,"href":"https:\/\/9play.de\/shop\/wp-json\/wp\/v2\/media\/16618"}],"wp:attachment":[{"href":"https:\/\/9play.de\/shop\/wp-json\/wp\/v2\/media?parent=16617"}],"wp:term":[{"taxonomy":"product_brand","embeddable":true,"href":"https:\/\/9play.de\/shop\/wp-json\/wp\/v2\/product_brand?post=16617"},{"taxonomy":"product_cat","embeddable":true,"href":"https:\/\/9play.de\/shop\/wp-json\/wp\/v2\/product_cat?post=16617"},{"taxonomy":"product_tag","embeddable":true,"href":"https:\/\/9play.de\/shop\/wp-json\/wp\/v2\/product_tag?post=16617"}],"curies":[{"name":"wp","href":"https:\/\/api.w.org\/{rel}","templated":true}]}}