{"id":16629,"date":"2024-10-06T18:16:48","date_gmt":"2024-10-06T16:16:48","guid":{"rendered":"https:\/\/9play.de\/shop\/produkt\/spiel-adventure-games-expedition-azcana\/"},"modified":"2024-10-06T18:16:48","modified_gmt":"2024-10-06T16:16:48","slug":"spiel-adventure-games-expedition-azcana","status":"publish","type":"product","link":"https:\/\/9play.de\/shop\/produkt\/spiel-adventure-games-expedition-azcana\/","title":{"rendered":"Spiel Adventure Games &#8211; Expedition Azcana"},"content":{"rendered":"<p>Abenteuer im Dschungel! Das Forschungsteam ist unterwegs, um das Geheimnis der verschwundenen Stadt Ka zu untersuchen. Stimmt es, dass hier vor langer Zeit eine besondere Technologie entwickelt wurde? Doch bei der Ankunft in Azcana geht die Reise anders weiter als geplant. Die 1-4 Spielerinnen und Spieler tauchen tief ein in das kooperative Erlebnis. Ein Buch f\u00fchrt sie in drei Kapiteln durch eine spannende Geschichte. Wie in einem analogen PC-Spiel m\u00fcssen sie viele Aufgaben l\u00f6sen, verborgene Orte entdecken und gemeinsam Entscheidungen treffen. Achtung! Auch andere sind an den Nachforschungen interessiert! Ein spannendes Abenteuerspiel ab 10 Jahren.<br \/>Das kooperative Abenteuerspiel: R\u00e4tsel l\u00f6sen, Spuren verfolgen, Gegenst\u00e4nde untersuchen und Entscheidungen treffen.<br \/>Point and Click: Orte erkunden, R\u00e4tsel l\u00f6sen, im Team Entscheidungen treffen &#8211; wie in einem PC-Spiel.<br \/>Abenteuerbuch selber lesen oder via App vorlesen lassen.<br \/>In drei Kapiteln tauchen die 1\u20134 SpieleInnen in eine packende Story ein.<br \/>Einsteigerfreundlich: Einfache Regeln \u2013 direkt losspielen.<br \/>Gesellschaftsspiel f\u00fcr Krimi-Fans und Abenteurer ab 10 Jahren.<br \/>Dank kompaktem Format ideal als Geburtstagsgeschenk, als Reise- und Mitbringspiel.<br \/>&nbsp;<\/p>\n<p>Inhalt: WIP: 1 Abenteuerbuch, 1 Forschungsheft, 17 Ortstafeln, 112 Karten, 1 Anleitung, 1 Spielfigur mit Standf\u00fc\u00dfchen, 31 Pl\u00e4ttchen, 2 Zip-Beutel<\/p>\n<div class=\"productdetail-list-age\">Alter: ab 10 Jahren<\/div>\n<div class=\"productdetail-list-playingtime\">Spieldauer: 1-2 Stunden je Kapitel<\/div>\n<div class=\"productdetail-list-numberofplayers\">Anzahl der Spieler: 1-4<\/div>\n<div class=\"productdetail-list-dimensions\">180x130x40mm (LxBxH)<\/div>\n<p style=\"margin-bottom:11px\"><span style=\"font-size:11pt\"><span style=\"line-height:107%\"><span style=\"font-family:Calibri,sans-serif\">ACHTUNG! Nicht f\u00fcr Kinder unter 3 Jahren geeignet. Erstickungsgefahr, da kleine Teile verschluckt oder eingeatmet werden k\u00f6nnen.<\/span><\/span><\/span><\/p>\n","protected":false},"excerpt":{"rendered":"<p>Das kooperative Abenteuerspiel: R\u00e4tsel l\u00f6sen, Spuren verfolgen, Gegenst\u00e4nde untersuchen und Entscheidungen treffen.<\/p>\n","protected":false},"featured_media":16630,"comment_status":"closed","ping_status":"open","template":"","meta":[],"product_brand":[],"product_cat":[468],"product_tag":[],"class_list":{"0":"post-16629","1":"product","2":"type-product","3":"status-publish","4":"has-post-thumbnail","6":"product_cat-kartenspiele","8":"first","9":"instock","10":"shipping-taxable","11":"purchasable","12":"product-type-simple"},"_links":{"self":[{"href":"https:\/\/9play.de\/shop\/wp-json\/wp\/v2\/product\/16629","targetHints":{"allow":["GET"]}}],"collection":[{"href":"https:\/\/9play.de\/shop\/wp-json\/wp\/v2\/product"}],"about":[{"href":"https:\/\/9play.de\/shop\/wp-json\/wp\/v2\/types\/product"}],"replies":[{"embeddable":true,"href":"https:\/\/9play.de\/shop\/wp-json\/wp\/v2\/comments?post=16629"}],"wp:featuredmedia":[{"embeddable":true,"href":"https:\/\/9play.de\/shop\/wp-json\/wp\/v2\/media\/16630"}],"wp:attachment":[{"href":"https:\/\/9play.de\/shop\/wp-json\/wp\/v2\/media?parent=16629"}],"wp:term":[{"taxonomy":"product_brand","embeddable":true,"href":"https:\/\/9play.de\/shop\/wp-json\/wp\/v2\/product_brand?post=16629"},{"taxonomy":"product_cat","embeddable":true,"href":"https:\/\/9play.de\/shop\/wp-json\/wp\/v2\/product_cat?post=16629"},{"taxonomy":"product_tag","embeddable":true,"href":"https:\/\/9play.de\/shop\/wp-json\/wp\/v2\/product_tag?post=16629"}],"curies":[{"name":"wp","href":"https:\/\/api.w.org\/{rel}","templated":true}]}}