{"id":16721,"date":"2024-10-06T18:17:43","date_gmt":"2024-10-06T16:17:43","guid":{"rendered":"https:\/\/9play.de\/shop\/produkt\/baby-dino-murmelbahn-dinosaurier\/"},"modified":"2024-10-06T18:17:43","modified_gmt":"2024-10-06T16:17:43","slug":"baby-dino-murmelbahn-dinosaurier","status":"publish","type":"product","link":"https:\/\/9play.de\/shop\/produkt\/baby-dino-murmelbahn-dinosaurier\/","title":{"rendered":"Baby Dino Murmelbahn Dinosaurier"},"content":{"rendered":"<p>Grrrruseliger Spa\u00df f\u00fcr deine Kleinen mit dieser super s\u00fc\u00dfen Dinosaurier-Kugelbahn aus der Produktlinie Little Stars.<br \/>Klicke die 4 Schienenteile auf die Basis und setzen Sie den Dinosaurierkopf darauf. Platziere die Kugeln nacheinander auf den Boden und beobachten Sie, wie sie zusammen herunterrollen.<br \/>Wetten, dass dein Baby sie immer und immer wieder anschauen will? Denn die bunt bedruckten Kugeln haben 2 unterschiedliche H\u00e4lften f\u00fcr einen besonders attraktiven Effekt.<br \/>Oder verstecke einen Ball im Maul des Dinos. Wei\u00df dein Kind, wo der Ball ist oder traut es sich vielleicht, ihn herauszuholen?<br \/>Es gibt viel zu spielen und zu entdecken, w\u00e4hrend gleichzeitig die Augen- und Handkoordination der Kleinen trainiert wird.<\/p>\n<p>Altersempfehlung: ab 3 Jahre<br \/>Material: Kunststoff&nbsp;<br \/>Packungsgr\u00f6\u00dfe: 28x26x9 cm<\/p>\n<p><span style=\"font-size:12.0pt\"><span style=\"font-family:Times New Roman,serif\">Achtung! Nicht f\u00fcr Kinder unter 6 Monaten geeignet wegen verschluckbarer Kleinteile, Erstickungsgefahr.<br \/>Achtung! Benutzung unter unmittelbarer Aufsicht von Erwachsenen.<\/span><\/span><\/p>\n","protected":false},"excerpt":{"rendered":"<p>Grrrruseliger Spa\u00df f\u00fcr deine Kleinen mit dieser super s\u00fc\u00dfen Dinosaurier-Kugelbahn!<\/p>\n","protected":false},"featured_media":16722,"comment_status":"closed","ping_status":"open","template":"","meta":[],"product_brand":[],"product_cat":[446],"product_tag":[],"class_list":{"0":"post-16721","1":"product","2":"type-product","3":"status-publish","4":"has-post-thumbnail","6":"product_cat-babyspielzeug","8":"first","9":"instock","10":"shipping-taxable","11":"purchasable","12":"product-type-simple"},"_links":{"self":[{"href":"https:\/\/9play.de\/shop\/wp-json\/wp\/v2\/product\/16721","targetHints":{"allow":["GET"]}}],"collection":[{"href":"https:\/\/9play.de\/shop\/wp-json\/wp\/v2\/product"}],"about":[{"href":"https:\/\/9play.de\/shop\/wp-json\/wp\/v2\/types\/product"}],"replies":[{"embeddable":true,"href":"https:\/\/9play.de\/shop\/wp-json\/wp\/v2\/comments?post=16721"}],"wp:featuredmedia":[{"embeddable":true,"href":"https:\/\/9play.de\/shop\/wp-json\/wp\/v2\/media\/16722"}],"wp:attachment":[{"href":"https:\/\/9play.de\/shop\/wp-json\/wp\/v2\/media?parent=16721"}],"wp:term":[{"taxonomy":"product_brand","embeddable":true,"href":"https:\/\/9play.de\/shop\/wp-json\/wp\/v2\/product_brand?post=16721"},{"taxonomy":"product_cat","embeddable":true,"href":"https:\/\/9play.de\/shop\/wp-json\/wp\/v2\/product_cat?post=16721"},{"taxonomy":"product_tag","embeddable":true,"href":"https:\/\/9play.de\/shop\/wp-json\/wp\/v2\/product_tag?post=16721"}],"curies":[{"name":"wp","href":"https:\/\/api.w.org\/{rel}","templated":true}]}}