{"id":16997,"date":"2024-10-06T18:20:48","date_gmt":"2024-10-06T16:20:48","guid":{"rendered":"https:\/\/9play.de\/shop\/produkt\/feen-kinder-kostuem-mit-fluegel-und-zauberstab\/"},"modified":"2024-10-06T18:20:48","modified_gmt":"2024-10-06T16:20:48","slug":"feen-kinder-kostuem-mit-fluegel-und-zauberstab","status":"publish","type":"product","link":"https:\/\/9play.de\/shop\/produkt\/feen-kinder-kostuem-mit-fluegel-und-zauberstab\/","title":{"rendered":"Feen Kinder-Kost\u00fcm mit Fl\u00fcgel und Zauberstab"},"content":{"rendered":"<p>PRINCESS FRIENDS Verkleidungs Set Fee mit Sternfl\u00fcgeln und Tutu !<br \/>Dieses 3-teilige Kost\u00fcm-Set l\u00e4sst Kinderherzen h\u00f6herschlagen.<br \/>Das bauschige T\u00fcll-R\u00f6ckchen ist in zarten rosa blau Farben. Set besteht aus Rock, Fl\u00fcgeln und Zauberstab.<br \/>F\u00f6rdert das Rollenspiel und die Kreativit\u00e4t und regt die Fantasie an.<br \/>Lass deiner Fantasie freien Lauf.<\/p>\n<p>Universalgr\u00f6\u00dfe im Beutel ca. 53 x 54 x 3 cm<br \/>Material: Polyester<br \/>Altersempfehlung: Ab 3 Jahre<br \/>Achtung! Nicht f\u00fcr Kinder unter 36 Monaten geeignet wegen verschluckbarer Kleinteile, Erstickungsgefahr.<\/p>\n","protected":false},"excerpt":{"rendered":"<p>PRINCESS FRIENDS Verkleidungsset Fee mit Sternfl\u00fcgeln !<\/p>\n","protected":false},"featured_media":16998,"comment_status":"closed","ping_status":"open","template":"","meta":[],"product_brand":[],"product_cat":[518],"product_tag":[],"class_list":{"0":"post-16997","1":"product","2":"type-product","3":"status-publish","4":"has-post-thumbnail","6":"product_cat-verkleiden","8":"first","9":"instock","10":"shipping-taxable","11":"purchasable","12":"product-type-simple"},"_links":{"self":[{"href":"https:\/\/9play.de\/shop\/wp-json\/wp\/v2\/product\/16997","targetHints":{"allow":["GET"]}}],"collection":[{"href":"https:\/\/9play.de\/shop\/wp-json\/wp\/v2\/product"}],"about":[{"href":"https:\/\/9play.de\/shop\/wp-json\/wp\/v2\/types\/product"}],"replies":[{"embeddable":true,"href":"https:\/\/9play.de\/shop\/wp-json\/wp\/v2\/comments?post=16997"}],"wp:featuredmedia":[{"embeddable":true,"href":"https:\/\/9play.de\/shop\/wp-json\/wp\/v2\/media\/16998"}],"wp:attachment":[{"href":"https:\/\/9play.de\/shop\/wp-json\/wp\/v2\/media?parent=16997"}],"wp:term":[{"taxonomy":"product_brand","embeddable":true,"href":"https:\/\/9play.de\/shop\/wp-json\/wp\/v2\/product_brand?post=16997"},{"taxonomy":"product_cat","embeddable":true,"href":"https:\/\/9play.de\/shop\/wp-json\/wp\/v2\/product_cat?post=16997"},{"taxonomy":"product_tag","embeddable":true,"href":"https:\/\/9play.de\/shop\/wp-json\/wp\/v2\/product_tag?post=16997"}],"curies":[{"name":"wp","href":"https:\/\/api.w.org\/{rel}","templated":true}]}}