{"id":17035,"date":"2024-10-06T18:20:48","date_gmt":"2024-10-06T16:20:48","guid":{"rendered":"https:\/\/9play.de\/shop\/produkt\/eisdiele-spielset-in-rucksack-mit-eis-und-zubehoer\/"},"modified":"2024-10-06T18:21:10","modified_gmt":"2024-10-06T16:21:10","slug":"eisdiele-spielset-in-rucksack-mit-eis-und-zubehoer","status":"publish","type":"product","link":"https:\/\/9play.de\/shop\/produkt\/eisdiele-spielset-in-rucksack-mit-eis-und-zubehoer\/","title":{"rendered":"Eisdiele Spielset in Rucksack mit Eis und Zubeh\u00f6r"},"content":{"rendered":"<p>Deine K\u00fcche in einem Rucksack !<br \/>Sch\u00f6nes Spielset, um dein eigenes Eis herzustellen.<br \/>Er\u00f6ffne eine Eisdiele und verkaufe Eis und S\u00fc\u00dfigkeiten.<br \/>Du kannst deinen Eisladen sammt allen Zubeh\u00f6rteilen und Eisbecher im Rucksack verstauen, sodass du ihn problemlos mitnehmen kannst.<\/p>\n<p>Produktgr\u00f6\u00dfe: ca. 28 x 23 cm<br \/>Material: Kunststoff<br \/>Inhalt: 13 Teile<br \/>Altersempfehlung: Ab 3 Jahre<br \/>Achtung! Nicht f\u00fcr Kinder unter 36 Monaten geeignet wegen verschluckbarer Kleinteile, Erstickungsgefahr.<\/p>\n","protected":false},"excerpt":{"rendered":"<p>Deine K\u00fcche in einem Rucksack !<\/p>\n","protected":false},"featured_media":17036,"comment_status":"closed","ping_status":"open","template":"","meta":[],"product_brand":[],"product_cat":[475],"product_tag":[],"class_list":{"0":"post-17035","1":"product","2":"type-product","3":"status-publish","4":"has-post-thumbnail","6":"product_cat-kinderkuechen","8":"first","9":"instock","10":"shipping-taxable","11":"purchasable","12":"product-type-simple"},"_links":{"self":[{"href":"https:\/\/9play.de\/shop\/wp-json\/wp\/v2\/product\/17035","targetHints":{"allow":["GET"]}}],"collection":[{"href":"https:\/\/9play.de\/shop\/wp-json\/wp\/v2\/product"}],"about":[{"href":"https:\/\/9play.de\/shop\/wp-json\/wp\/v2\/types\/product"}],"replies":[{"embeddable":true,"href":"https:\/\/9play.de\/shop\/wp-json\/wp\/v2\/comments?post=17035"}],"wp:featuredmedia":[{"embeddable":true,"href":"https:\/\/9play.de\/shop\/wp-json\/wp\/v2\/media\/17036"}],"wp:attachment":[{"href":"https:\/\/9play.de\/shop\/wp-json\/wp\/v2\/media?parent=17035"}],"wp:term":[{"taxonomy":"product_brand","embeddable":true,"href":"https:\/\/9play.de\/shop\/wp-json\/wp\/v2\/product_brand?post=17035"},{"taxonomy":"product_cat","embeddable":true,"href":"https:\/\/9play.de\/shop\/wp-json\/wp\/v2\/product_cat?post=17035"},{"taxonomy":"product_tag","embeddable":true,"href":"https:\/\/9play.de\/shop\/wp-json\/wp\/v2\/product_tag?post=17035"}],"curies":[{"name":"wp","href":"https:\/\/api.w.org\/{rel}","templated":true}]}}