{"id":17040,"date":"2024-10-06T18:20:48","date_gmt":"2024-10-06T16:20:48","guid":{"rendered":"https:\/\/9play.de\/shop\/produkt\/ritter-schwert-fuer-deinen-kostuem\/"},"modified":"2024-10-06T18:21:13","modified_gmt":"2024-10-06T16:21:13","slug":"ritter-schwert-fuer-deinen-kostuem","status":"publish","type":"product","link":"https:\/\/9play.de\/shop\/produkt\/ritter-schwert-fuer-deinen-kostuem\/","title":{"rendered":"Ritter Schwert f\u00fcr deinen Kost\u00fcm"},"content":{"rendered":"<p>Schwert mit Scheide, das zur Ausr\u00fcstung eines kleinen Kriegers geh\u00f6rt.<br \/>Werde ein Ritter und erlebe mit dem Schwert neue Abenteuer.<br \/>&nbsp;<\/p>\n<p>Produktgr\u00f6\u00dfe: ca. 50 cm<br \/>Material: Kunststoff<br \/>Altersempfehlung: Ab 3 Jahre<\/p>\n<p>Achtung! Nicht f\u00fcr Kinder unter 36 Monaten geeignet wegen verschluckbarer Kleinteile, Erstickungsgefahr.<\/p>\n","protected":false},"excerpt":{"rendered":"<p>Ritterschwert f\u00fcr deine neuen Abenteuer !<\/p>\n","protected":false},"featured_media":17041,"comment_status":"closed","ping_status":"open","template":"","meta":[],"product_brand":[],"product_cat":[518],"product_tag":[],"class_list":{"0":"post-17040","1":"product","2":"type-product","3":"status-publish","4":"has-post-thumbnail","6":"product_cat-verkleiden","8":"first","9":"instock","10":"shipping-taxable","11":"purchasable","12":"product-type-simple"},"_links":{"self":[{"href":"https:\/\/9play.de\/shop\/wp-json\/wp\/v2\/product\/17040","targetHints":{"allow":["GET"]}}],"collection":[{"href":"https:\/\/9play.de\/shop\/wp-json\/wp\/v2\/product"}],"about":[{"href":"https:\/\/9play.de\/shop\/wp-json\/wp\/v2\/types\/product"}],"replies":[{"embeddable":true,"href":"https:\/\/9play.de\/shop\/wp-json\/wp\/v2\/comments?post=17040"}],"wp:featuredmedia":[{"embeddable":true,"href":"https:\/\/9play.de\/shop\/wp-json\/wp\/v2\/media\/17041"}],"wp:attachment":[{"href":"https:\/\/9play.de\/shop\/wp-json\/wp\/v2\/media?parent=17040"}],"wp:term":[{"taxonomy":"product_brand","embeddable":true,"href":"https:\/\/9play.de\/shop\/wp-json\/wp\/v2\/product_brand?post=17040"},{"taxonomy":"product_cat","embeddable":true,"href":"https:\/\/9play.de\/shop\/wp-json\/wp\/v2\/product_cat?post=17040"},{"taxonomy":"product_tag","embeddable":true,"href":"https:\/\/9play.de\/shop\/wp-json\/wp\/v2\/product_tag?post=17040"}],"curies":[{"name":"wp","href":"https:\/\/api.w.org\/{rel}","templated":true}]}}