{"id":17045,"date":"2024-10-06T18:20:48","date_gmt":"2024-10-06T16:20:48","guid":{"rendered":"https:\/\/9play.de\/shop\/produkt\/zahnarzt-koffer-10-teilig-arzt\/"},"modified":"2024-10-06T18:21:15","modified_gmt":"2024-10-06T16:21:15","slug":"zahnarzt-koffer-10-teilig-arzt","status":"publish","type":"product","link":"https:\/\/9play.de\/shop\/produkt\/zahnarzt-koffer-10-teilig-arzt\/","title":{"rendered":"Zahnarzt Koffer 10 Teilig Arzt"},"content":{"rendered":"<p>Mit diesem Zahnarztset k\u00f6nnen Kinder kotrollieren, ob ihre Kuscheltiere und Puppen oder Gro\u00dfeltern gut Z\u00e4hne putzen.<br \/>Der Koffer ist ideal f\u00fcr unterwegs.<br \/>Damit kann man seine Kinder auf den n\u00e4chsten Zahnarzttermin gut vorbereiten, dieses Spielset ist perfekt daf\u00fcr.<br \/>&nbsp;<\/p>\n<p>Inhalt: Koffer, Zahnb\u00fcrste, Pinzette, Spritze, Mundsp\u00fclung, Bohrer, Mundspiegel, Zahnsteinentferner, Sch\u00e4lchen, Gebiss.<br \/>Altersempfehlung: Ab 3 Jahre<br \/>Material: Kunststoff<br \/>Gr\u00f6\u00dfe: ca. 13 \u00d7 21 \u00d7 12,5 cm<\/p>\n<p>Achtung: Nicht f\u00fcr Kinder unter 36 Monaten geeignet wegen verschluckbarer Kleinteile, Erstickungsgefahr. Achtung: Benutzung unter unmittelbarer Aufsicht von Erwachsenen.<\/p>\n","protected":false},"excerpt":{"rendered":"<p>Mit diesem Zahnarztkoffer k\u00f6nnen Kinder sich auf den n\u00e4chsten Zahnarztbesuch vorbereiten !<\/p>\n","protected":false},"featured_media":17046,"comment_status":"closed","ping_status":"open","template":"","meta":[],"product_brand":[],"product_cat":[444],"product_tag":[],"class_list":{"0":"post-17045","1":"product","2":"type-product","3":"status-publish","4":"has-post-thumbnail","6":"product_cat-arzt","8":"first","9":"instock","10":"shipping-taxable","11":"purchasable","12":"product-type-simple"},"_links":{"self":[{"href":"https:\/\/9play.de\/shop\/wp-json\/wp\/v2\/product\/17045","targetHints":{"allow":["GET"]}}],"collection":[{"href":"https:\/\/9play.de\/shop\/wp-json\/wp\/v2\/product"}],"about":[{"href":"https:\/\/9play.de\/shop\/wp-json\/wp\/v2\/types\/product"}],"replies":[{"embeddable":true,"href":"https:\/\/9play.de\/shop\/wp-json\/wp\/v2\/comments?post=17045"}],"wp:featuredmedia":[{"embeddable":true,"href":"https:\/\/9play.de\/shop\/wp-json\/wp\/v2\/media\/17046"}],"wp:attachment":[{"href":"https:\/\/9play.de\/shop\/wp-json\/wp\/v2\/media?parent=17045"}],"wp:term":[{"taxonomy":"product_brand","embeddable":true,"href":"https:\/\/9play.de\/shop\/wp-json\/wp\/v2\/product_brand?post=17045"},{"taxonomy":"product_cat","embeddable":true,"href":"https:\/\/9play.de\/shop\/wp-json\/wp\/v2\/product_cat?post=17045"},{"taxonomy":"product_tag","embeddable":true,"href":"https:\/\/9play.de\/shop\/wp-json\/wp\/v2\/product_tag?post=17045"}],"curies":[{"name":"wp","href":"https:\/\/api.w.org\/{rel}","templated":true}]}}