{"id":17070,"date":"2024-10-06T18:20:48","date_gmt":"2024-10-06T16:20:48","guid":{"rendered":"https:\/\/9play.de\/shop\/produkt\/polizeiauto-porsche-911-polizei-pkw\/"},"modified":"2024-10-06T18:21:28","modified_gmt":"2024-10-06T16:21:28","slug":"polizeiauto-porsche-911-polizei-pkw","status":"publish","type":"product","link":"https:\/\/9play.de\/shop\/produkt\/polizeiauto-porsche-911-polizei-pkw\/","title":{"rendered":"Polizeiauto Porsche 911 Polizei Pkw"},"content":{"rendered":"<p>Modell des Porsche 911 Carrera S als Polizeiauto.<br \/>T\u00fcren kann man \u00f6ffnen und die Fahrzeuge haben Freilaufr\u00e4der.<\/p>\n<p>Inhalt: Porsche 911 Polizei Auto<br \/>Altersempfehlung: Ab 3 Jahre<br \/>Material: Metall, Kunststoff<br \/>Gr\u00f6\u00dfe: ca. 4,5 x 5 x 11,5 cm<br \/>Achtung: Nicht f\u00fcr Kinder unter 36 Monaten geeignet wegen verschluckbarer Kleinteile, Erstickungsgefahr.<\/p>\n","protected":false},"excerpt":{"rendered":"<p>Modell des Porsche 911 Carrera S als Polizeiauto !<\/p>\n","protected":false},"featured_media":17071,"comment_status":"closed","ping_status":"open","template":"","meta":[],"product_brand":[],"product_cat":[526],"product_tag":[],"class_list":{"0":"post-17070","1":"product","2":"type-product","3":"status-publish","4":"has-post-thumbnail","6":"product_cat-pkws","8":"first","9":"instock","10":"shipping-taxable","11":"purchasable","12":"product-type-simple"},"_links":{"self":[{"href":"https:\/\/9play.de\/shop\/wp-json\/wp\/v2\/product\/17070","targetHints":{"allow":["GET"]}}],"collection":[{"href":"https:\/\/9play.de\/shop\/wp-json\/wp\/v2\/product"}],"about":[{"href":"https:\/\/9play.de\/shop\/wp-json\/wp\/v2\/types\/product"}],"replies":[{"embeddable":true,"href":"https:\/\/9play.de\/shop\/wp-json\/wp\/v2\/comments?post=17070"}],"wp:featuredmedia":[{"embeddable":true,"href":"https:\/\/9play.de\/shop\/wp-json\/wp\/v2\/media\/17071"}],"wp:attachment":[{"href":"https:\/\/9play.de\/shop\/wp-json\/wp\/v2\/media?parent=17070"}],"wp:term":[{"taxonomy":"product_brand","embeddable":true,"href":"https:\/\/9play.de\/shop\/wp-json\/wp\/v2\/product_brand?post=17070"},{"taxonomy":"product_cat","embeddable":true,"href":"https:\/\/9play.de\/shop\/wp-json\/wp\/v2\/product_cat?post=17070"},{"taxonomy":"product_tag","embeddable":true,"href":"https:\/\/9play.de\/shop\/wp-json\/wp\/v2\/product_tag?post=17070"}],"curies":[{"name":"wp","href":"https:\/\/api.w.org\/{rel}","templated":true}]}}