{"id":17112,"date":"2024-10-06T18:21:41","date_gmt":"2024-10-06T16:21:41","guid":{"rendered":"https:\/\/9play.de\/shop\/produkt\/traktor-mit-einem-wassertank-und-rueckzug-funktion\/"},"modified":"2024-10-06T18:21:54","modified_gmt":"2024-10-06T16:21:54","slug":"traktor-mit-einem-wassertank-und-rueckzug-funktion","status":"publish","type":"product","link":"https:\/\/9play.de\/shop\/produkt\/traktor-mit-einem-wassertank-und-rueckzug-funktion\/","title":{"rendered":"Traktor mit einem Wassertank und R\u00fcckzug Funktion"},"content":{"rendered":"<p>Bauerntiere brauchen Wasser zum trinken, mit diesem Spielzeug bleibt keiner durstig.<br \/>Detailliertes Model eines Landfahrzeuges mit einem Anh\u00e4nger.<br \/>Motorhaube kann ge\u00f6ffnet werden, Freilaufr\u00e4der.<\/p>\n<p>Inhalt: 1x Trecker, 1x Wassertank als Anh\u00e4nger<br \/>Altersempfehlung: Ab 3 Jahre<br \/>Material: Kunststoff<br \/>Gr\u00f6\u00dfe: ca. 46 x 13 cm<br \/>Verpackung: ca.&nbsp;14,5 x 50 x 18 cm<br \/>Achtung: Nicht f\u00fcr Kinder unter 36 Monaten geeignet wegen verschluckbarer Kleinteile, Erstickungsgefahr.<\/p>\n","protected":false},"excerpt":{"rendered":"<p>Landfahrzeug mit einem Wassertank und einem R\u00fcckzug Funktion f\u00fcr mehr Spa\u00df !<\/p>\n","protected":false},"featured_media":17113,"comment_status":"closed","ping_status":"open","template":"","meta":[],"product_brand":[],"product_cat":[479],"product_tag":[],"class_list":{"0":"post-17112","1":"product","2":"type-product","3":"status-publish","4":"has-post-thumbnail","6":"product_cat-bagger-trecker","8":"first","9":"instock","10":"shipping-taxable","11":"purchasable","12":"product-type-simple"},"_links":{"self":[{"href":"https:\/\/9play.de\/shop\/wp-json\/wp\/v2\/product\/17112","targetHints":{"allow":["GET"]}}],"collection":[{"href":"https:\/\/9play.de\/shop\/wp-json\/wp\/v2\/product"}],"about":[{"href":"https:\/\/9play.de\/shop\/wp-json\/wp\/v2\/types\/product"}],"replies":[{"embeddable":true,"href":"https:\/\/9play.de\/shop\/wp-json\/wp\/v2\/comments?post=17112"}],"wp:featuredmedia":[{"embeddable":true,"href":"https:\/\/9play.de\/shop\/wp-json\/wp\/v2\/media\/17113"}],"wp:attachment":[{"href":"https:\/\/9play.de\/shop\/wp-json\/wp\/v2\/media?parent=17112"}],"wp:term":[{"taxonomy":"product_brand","embeddable":true,"href":"https:\/\/9play.de\/shop\/wp-json\/wp\/v2\/product_brand?post=17112"},{"taxonomy":"product_cat","embeddable":true,"href":"https:\/\/9play.de\/shop\/wp-json\/wp\/v2\/product_cat?post=17112"},{"taxonomy":"product_tag","embeddable":true,"href":"https:\/\/9play.de\/shop\/wp-json\/wp\/v2\/product_tag?post=17112"}],"curies":[{"name":"wp","href":"https:\/\/api.w.org\/{rel}","templated":true}]}}