{"id":17155,"date":"2024-10-06T18:21:41","date_gmt":"2024-10-06T16:21:41","guid":{"rendered":"https:\/\/9play.de\/shop\/produkt\/wasserpistole-und-ball-blaster-5xball-3kegel\/"},"modified":"2024-10-06T18:22:21","modified_gmt":"2024-10-06T16:22:21","slug":"wasserpistole-und-ball-blaster-5xball-3kegel","status":"publish","type":"product","link":"https:\/\/9play.de\/shop\/produkt\/wasserpistole-und-ball-blaster-5xball-3kegel\/","title":{"rendered":"Wasserpistole und Ball Blaster 5xBall 3Kegel"},"content":{"rendered":"<p>2 in 1 Pistole Schie\u00dfe entweder mit einem Schaumstoffball oder mit Wasser 3 mitgelieferte Kegeln lassen sich aufstellen und das Wettschie\u00dfen kann starten.&nbsp;<br \/>Das perfekte Wasserspielzeug f\u00fcr Kinder.<br \/>Wenn du nach Kinderpistolen suchst, dann bist du bei uns genau richtig.<br \/>Du suchst eine Kinderpistole f\u00fcr einen Kinderkost\u00fcm? Dann erg\u00e4nze dein Kost\u00fcm mit dieser Pistole !<\/p>\n<p>Inhalt: 1x Pistole, 5x B\u00e4lle, 3 Kegeln<br \/>Altersempfehlung: ab 6 Jahre<br \/>Material: Kunststoff<br \/>Gr\u00f6\u00dfe: ca. 19 x14 cm<br \/>Verpackung: ca. 5,5 x 25,5 x 36,5 cm<\/p>\n<p>Achtung: Nicht f\u00fcr Kinder unter 36 Monaten geeignet wegen verschluckbarer Kleinteile, Erstickungsgefahr.<\/p>\n","protected":false},"excerpt":{"rendered":"<p>2 in 1 Wasser und Ball Pistole mit Kegeln zum abschlie\u00dfen<\/p>\n","protected":false},"featured_media":17156,"comment_status":"closed","ping_status":"open","template":"","meta":[],"product_brand":[],"product_cat":[482],"product_tag":[],"class_list":{"0":"post-17155","1":"product","2":"type-product","3":"status-publish","4":"has-post-thumbnail","6":"product_cat-schiessspielzeug","8":"first","9":"instock","10":"shipping-taxable","11":"purchasable","12":"product-type-simple"},"_links":{"self":[{"href":"https:\/\/9play.de\/shop\/wp-json\/wp\/v2\/product\/17155","targetHints":{"allow":["GET"]}}],"collection":[{"href":"https:\/\/9play.de\/shop\/wp-json\/wp\/v2\/product"}],"about":[{"href":"https:\/\/9play.de\/shop\/wp-json\/wp\/v2\/types\/product"}],"replies":[{"embeddable":true,"href":"https:\/\/9play.de\/shop\/wp-json\/wp\/v2\/comments?post=17155"}],"wp:featuredmedia":[{"embeddable":true,"href":"https:\/\/9play.de\/shop\/wp-json\/wp\/v2\/media\/17156"}],"wp:attachment":[{"href":"https:\/\/9play.de\/shop\/wp-json\/wp\/v2\/media?parent=17155"}],"wp:term":[{"taxonomy":"product_brand","embeddable":true,"href":"https:\/\/9play.de\/shop\/wp-json\/wp\/v2\/product_brand?post=17155"},{"taxonomy":"product_cat","embeddable":true,"href":"https:\/\/9play.de\/shop\/wp-json\/wp\/v2\/product_cat?post=17155"},{"taxonomy":"product_tag","embeddable":true,"href":"https:\/\/9play.de\/shop\/wp-json\/wp\/v2\/product_tag?post=17155"}],"curies":[{"name":"wp","href":"https:\/\/api.w.org\/{rel}","templated":true}]}}