{"id":17237,"date":"2024-10-06T18:22:39","date_gmt":"2024-10-06T16:22:39","guid":{"rendered":"https:\/\/9play.de\/shop\/produkt\/splash-wasser-ballfangspiel-mit-2-werfer-und-3-baellen\/"},"modified":"2024-10-06T18:23:12","modified_gmt":"2024-10-06T16:23:12","slug":"splash-wasser-ballfangspiel-mit-2-werfer-und-3-baellen","status":"publish","type":"product","link":"https:\/\/9play.de\/shop\/produkt\/splash-wasser-ballfangspiel-mit-2-werfer-und-3-baellen\/","title":{"rendered":"SPLASH Wasser Ballfangspiel mit 2 Werfer und 3 B\u00e4llen"},"content":{"rendered":"<p>Super Spielspa\u00df f\u00fcr einen warmen, sonnigen Sommertag!<br \/>Ball ins Wasser eintauchen, er saugt sich sofort mit Wasser voll.<br \/>Werfe den nassen Ball so hart wie m\u00f6glich auf deinen Mitspieler.<br \/>Er wiederum versucht den Ball mit dem F\u00e4nger zu fangen, durch den Aufprall des Balles wird dein Freund komplett nass gespritzt!<br \/>Ein tolles Spiel um sich an hei\u00dfen Tagen im Sommer abzuk\u00fchlen.<br \/>Das perfekte Wasserspielzeug f\u00fcr Kinder.<\/p>\n<p>Inhalt: 2x Ballwerfer, 3x B\u00e4lle<br \/>Altersempfehlung: ab 6 Jahre<br \/>Material: Kunststoff<br \/>Ballwerfer Gr\u00f6\u00dfe: ca. 32 x 10 cm<br \/>Verpackung: ca. 9 x 28 x 40 cm<\/p>\n<p>Achtung: Nicht f\u00fcr Kinder unter 36 Monaten geeignet wegen verschluckbarer Kleinteile, Erstickungsgefahr.<\/p>\n","protected":false},"excerpt":{"rendered":"<p>B\u00e4lle nass machen und los werfen.<\/p>\n","protected":false},"featured_media":17238,"comment_status":"closed","ping_status":"open","template":"","meta":[],"product_brand":[],"product_cat":[504],"product_tag":[],"class_list":{"0":"post-17237","1":"product","2":"type-product","3":"status-publish","4":"has-post-thumbnail","6":"product_cat-spiele-im-freien","8":"first","9":"instock","10":"shipping-taxable","11":"purchasable","12":"product-type-simple"},"_links":{"self":[{"href":"https:\/\/9play.de\/shop\/wp-json\/wp\/v2\/product\/17237","targetHints":{"allow":["GET"]}}],"collection":[{"href":"https:\/\/9play.de\/shop\/wp-json\/wp\/v2\/product"}],"about":[{"href":"https:\/\/9play.de\/shop\/wp-json\/wp\/v2\/types\/product"}],"replies":[{"embeddable":true,"href":"https:\/\/9play.de\/shop\/wp-json\/wp\/v2\/comments?post=17237"}],"wp:featuredmedia":[{"embeddable":true,"href":"https:\/\/9play.de\/shop\/wp-json\/wp\/v2\/media\/17238"}],"wp:attachment":[{"href":"https:\/\/9play.de\/shop\/wp-json\/wp\/v2\/media?parent=17237"}],"wp:term":[{"taxonomy":"product_brand","embeddable":true,"href":"https:\/\/9play.de\/shop\/wp-json\/wp\/v2\/product_brand?post=17237"},{"taxonomy":"product_cat","embeddable":true,"href":"https:\/\/9play.de\/shop\/wp-json\/wp\/v2\/product_cat?post=17237"},{"taxonomy":"product_tag","embeddable":true,"href":"https:\/\/9play.de\/shop\/wp-json\/wp\/v2\/product_tag?post=17237"}],"curies":[{"name":"wp","href":"https:\/\/api.w.org\/{rel}","templated":true}]}}