{"id":17306,"date":"2024-10-06T18:23:42","date_gmt":"2024-10-06T16:23:42","guid":{"rendered":"https:\/\/9play.de\/shop\/produkt\/krabbe-baby-badespielzeug-mit-vielen-aktivitaeten\/"},"modified":"2024-10-06T18:23:57","modified_gmt":"2024-10-06T16:23:57","slug":"krabbe-baby-badespielzeug-mit-vielen-aktivitaeten","status":"publish","type":"product","link":"https:\/\/9play.de\/shop\/produkt\/krabbe-baby-badespielzeug-mit-vielen-aktivitaeten\/","title":{"rendered":"Krabbe Baby-Badespielzeug mit vielen Aktivit\u00e4ten"},"content":{"rendered":"<p>Die Wasserkrabbe liebt es, bespritzt zu werden!<br \/>Seine Krallen knacken, der Seestern dreht sich um, Fische schwimmen, Krabbenaugen rollen und seine Zangen bewegen sich.<br \/>F\u00fclle den Oktopus mit Schaumwasser und dr\u00fccke darauf, um sch\u00f6ne Blasen aus seinem Mund kommen zu lassen.<br \/>Verwenden Sie die kleine Delphin-f\u00f6rmige Schaufel, um Wasser in die Muschel zu gie\u00dfen.<br \/>P\u00e4dagogische Nutzung! Kleinkinder entwickeln Greiff\u00e4higkeit und Geschicklichkeit, entdecken Ursache und Wirkung, bauen ihr Selbstvertrauen auf und sch\u00e4rfen ihre visuellen F\u00e4higkeiten.<br \/>Verwenden Sie die 3 Saugn\u00e4pfe, um es an der Badewanne oder an der Duschwand zu befestigen.<\/p>\n<p>Altersempfehlung: Ab 12 Monate<br \/>Material: Kunststoff<br \/>Gr\u00f6\u00dfe: ca. 33 x16 x 36 cm<\/p>\n<p>Achtung! Benutzung unter unmittelbarer Aufsicht von Erwachsenen.<\/p>\n","protected":false},"excerpt":{"rendered":"<p>Badespielzeug mit vielen Aktivit\u00e4ten in Form einer Krabbe<\/p>\n","protected":false},"featured_media":17307,"comment_status":"closed","ping_status":"open","template":"","meta":[],"product_brand":[],"product_cat":[531],"product_tag":[],"class_list":{"0":"post-17306","1":"product","2":"type-product","3":"status-publish","4":"has-post-thumbnail","6":"product_cat-wasserspielzeug","8":"first","9":"instock","10":"shipping-taxable","11":"purchasable","12":"product-type-simple"},"_links":{"self":[{"href":"https:\/\/9play.de\/shop\/wp-json\/wp\/v2\/product\/17306","targetHints":{"allow":["GET"]}}],"collection":[{"href":"https:\/\/9play.de\/shop\/wp-json\/wp\/v2\/product"}],"about":[{"href":"https:\/\/9play.de\/shop\/wp-json\/wp\/v2\/types\/product"}],"replies":[{"embeddable":true,"href":"https:\/\/9play.de\/shop\/wp-json\/wp\/v2\/comments?post=17306"}],"wp:featuredmedia":[{"embeddable":true,"href":"https:\/\/9play.de\/shop\/wp-json\/wp\/v2\/media\/17307"}],"wp:attachment":[{"href":"https:\/\/9play.de\/shop\/wp-json\/wp\/v2\/media?parent=17306"}],"wp:term":[{"taxonomy":"product_brand","embeddable":true,"href":"https:\/\/9play.de\/shop\/wp-json\/wp\/v2\/product_brand?post=17306"},{"taxonomy":"product_cat","embeddable":true,"href":"https:\/\/9play.de\/shop\/wp-json\/wp\/v2\/product_cat?post=17306"},{"taxonomy":"product_tag","embeddable":true,"href":"https:\/\/9play.de\/shop\/wp-json\/wp\/v2\/product_tag?post=17306"}],"curies":[{"name":"wp","href":"https:\/\/api.w.org\/{rel}","templated":true}]}}