{"id":17311,"date":"2024-10-06T18:23:42","date_gmt":"2024-10-06T16:23:42","guid":{"rendered":"https:\/\/9play.de\/shop\/produkt\/elefant-wasserspritze-baby-badespielzeug\/"},"modified":"2024-10-06T18:24:01","modified_gmt":"2024-10-06T16:24:01","slug":"elefant-wasserspritze-baby-badespielzeug","status":"publish","type":"product","link":"https:\/\/9play.de\/shop\/produkt\/elefant-wasserspritze-baby-badespielzeug\/","title":{"rendered":"Elefant Wasserspritze Baby- Badespielzeug"},"content":{"rendered":"<p>Eine lustige Badeaktivit\u00e4t!<br \/>Tauche den Elefanten ins Wasser, ziehe und dr\u00fccke den kleinen Griff, um Wasser aus dem Elefantenr\u00fcssel zu spr\u00fchen!<br \/>Dies wird sicher zum Lieblingsspielzeug deines Kleinkindes.<br \/>Wachsen &amp; Lernen: Kleinkinder entwickeln ihren Griff und ihre Geschicklichkeit.<br \/>Sie entdecken Ursache und Wirkung, bauen ihr Selbstvertrauen auf und sch\u00e4rfen ihre F\u00e4higkeiten.<\/p>\n<p>Altersempfehlung: Ab 18m Monate<br \/>Material: Kunststoff<br \/>Gr\u00f6\u00dfe: ca. 25 x 13 x 9 cm<\/p>\n<p>Achtung! Benutzung unter unmittelbarer Aufsicht von Erwachsenen.<\/p>\n","protected":false},"excerpt":{"rendered":"<p>Wasserspritze Elefant<\/p>\n","protected":false},"featured_media":17312,"comment_status":"closed","ping_status":"open","template":"","meta":[],"product_brand":[],"product_cat":[531],"product_tag":[],"class_list":{"0":"post-17311","1":"product","2":"type-product","3":"status-publish","4":"has-post-thumbnail","6":"product_cat-wasserspielzeug","8":"first","9":"instock","10":"shipping-taxable","11":"purchasable","12":"product-type-simple"},"_links":{"self":[{"href":"https:\/\/9play.de\/shop\/wp-json\/wp\/v2\/product\/17311","targetHints":{"allow":["GET"]}}],"collection":[{"href":"https:\/\/9play.de\/shop\/wp-json\/wp\/v2\/product"}],"about":[{"href":"https:\/\/9play.de\/shop\/wp-json\/wp\/v2\/types\/product"}],"replies":[{"embeddable":true,"href":"https:\/\/9play.de\/shop\/wp-json\/wp\/v2\/comments?post=17311"}],"wp:featuredmedia":[{"embeddable":true,"href":"https:\/\/9play.de\/shop\/wp-json\/wp\/v2\/media\/17312"}],"wp:attachment":[{"href":"https:\/\/9play.de\/shop\/wp-json\/wp\/v2\/media?parent=17311"}],"wp:term":[{"taxonomy":"product_brand","embeddable":true,"href":"https:\/\/9play.de\/shop\/wp-json\/wp\/v2\/product_brand?post=17311"},{"taxonomy":"product_cat","embeddable":true,"href":"https:\/\/9play.de\/shop\/wp-json\/wp\/v2\/product_cat?post=17311"},{"taxonomy":"product_tag","embeddable":true,"href":"https:\/\/9play.de\/shop\/wp-json\/wp\/v2\/product_tag?post=17311"}],"curies":[{"name":"wp","href":"https:\/\/api.w.org\/{rel}","templated":true}]}}