{"id":17352,"date":"2024-10-06T18:23:42","date_gmt":"2024-10-06T16:23:42","guid":{"rendered":"https:\/\/9play.de\/shop\/produkt\/einhorn-karaoke-und-musiklautsprecher-mit-2-mikrofon\/"},"modified":"2024-10-06T18:24:30","modified_gmt":"2024-10-06T16:24:30","slug":"einhorn-karaoke-und-musiklautsprecher-mit-2-mikrofon","status":"publish","type":"product","link":"https:\/\/9play.de\/shop\/produkt\/einhorn-karaoke-und-musiklautsprecher-mit-2-mikrofon\/","title":{"rendered":"Einhorn Karaoke und Musiklautsprecher mit 2 Mikrofon"},"content":{"rendered":"<p>Ein blinkender Lautsprecher mit zwei Mikrofonen f\u00fcr stundenlanges Singen allein oder im Duett!<br \/>Produkt im Einhorn Design!<br \/>2 Mikrofone im Lieferumfang enthalten, um im Solo oder Duett mit Freunden zu singen.<br \/>Erm\u00f6glicht das Hinzuf\u00fcgen von lustigen Stimmeffekten.<br \/>Mehrfarbige Lichteffekte auf dem Stativ und dem Lautsprecher.<br \/>Eine spezielle Funktion erm\u00f6glicht es im Karaoke-Betrieb, die Lautst\u00e4rke der Stimme zu regeln.<br \/>Schlie\u00dfen Sie dank des Audiokabels ein beliebiges Audioger\u00e4t (Smartphone nicht im Lieferumfang enthalten) an den Lautsprecher an, und singen Sie Ihre Lieblingslieder mit.<br \/>Einschlie\u00dflich Handyhalterung zum Aufnehmen von Fotos oder Videos w\u00e4hrend der Show oder zum Ablesen des Textes der Lieder beim Singen.<br \/>H\u00f6he ist verstellbar (60 bis 87 cm) und damit passend f\u00fcr alle jungen Musiker.<br \/>Einstellbare Lautst\u00e4rke.<br \/>Auf der R\u00fcckseite des Lautsprechers ist eine Halterung integriert.<\/p>\n<p>Stromversorgung \u00fcber 3x LR6\/AA Batterien 1,5 V (nicht mitgeliefert).<br \/>Altersempfehlung: Ab 3 Jahre<br \/>Material: Kunststoff<br \/>Gr\u00f6\u00dfe: ca. 34 x 27 x 10 cm<\/p>\n<p>Achtung! Nicht f\u00fcr Kinder unter 36 Monaten geeignet wegen verschluckbarer Kleinteile, Erstickungsgefahr.<\/p>\n<p>Hinweis zur Entsorgung von Altbatterien Der nachfolgende Hinweis richtet sich an diejenigen, die Batterien oder Produkte mit eingebauten Batterien nutzen und in der an sie gelieferten Form nicht mehr weiterver\u00e4u\u00dfern (Endnutzer): 1. Unentgeltliche R\u00fccknahme von Altbatterien Batterien d\u00fcrfen nicht \u00fcber den Hausm\u00fcll entsorgt werden. Sie sind zur R\u00fcckgabe von Altbatterien gesetzlich verpflichtet, damit eine fachgerechte Entsorgung gew\u00e4hrleistet werden kann. Sie k\u00f6nnen Altbatterien an einer kommunalen Sammelstelle oder im Handel vor Ort abgeben. Auch wir sind als Vertreiber von Batterien zur R\u00fccknahme von Altbatterien verpflichtet, wobei sich unsere R\u00fccknahmeverpflichtung auf Altbatterien der Art beschr\u00e4nkt, die wir als Neubatterien in unserem Sortiment f\u00fchren oder gef\u00fchrt haben. Altbatterien vorgenannter Art k\u00f6nnen Sie daher entweder ausreichend frankiert an uns zur\u00fccksenden oder sie direkt an unserem Versandlager unter der im Impressum genannten Adresse unentgeltlich abgeben. 2. Bedeutung der Batteriesymbole Batterien sind mit dem Symbol einer durchgekreuzten M\u00fclltonne gekennzeichnet. Dieses Symbol weist darauf hin, dass Batterien nicht in den Hausm\u00fcll gegeben werden d\u00fcrfen. Bei Batterien, die mehr als 0,0005 Masseprozent Quecksilber, mehr als 0,002 Masseprozent Cadmium oder mehr als 0,004 Masseprozent Blei enthalten, befindet sich unter dem M\u00fclltonnen-Symbol die chemische Bezeichnung des jeweils eingesetzten Schadstoffes \u2013 dabei steht &#8222;Cd&#8220; f\u00fcr Cadmium, &#8222;Pb&#8220; steht f\u00fcr Blei, und &#8222;Hg&#8220; f\u00fcr Quecksilber.<\/p>\n","protected":false},"excerpt":{"rendered":"<p>Einhorn Karaoke- und Musiklautsprecher mit 2 Mikrofon, Lichteffekten und Audio-In-Kabel<\/p>\n","protected":false},"featured_media":17353,"comment_status":"closed","ping_status":"open","template":"","meta":[],"product_brand":[],"product_cat":[500],"product_tag":[],"class_list":{"0":"post-17352","1":"product","2":"type-product","3":"status-publish","4":"has-post-thumbnail","6":"product_cat-karaoke-musik","8":"first","9":"instock","10":"shipping-taxable","11":"purchasable","12":"product-type-simple"},"_links":{"self":[{"href":"https:\/\/9play.de\/shop\/wp-json\/wp\/v2\/product\/17352","targetHints":{"allow":["GET"]}}],"collection":[{"href":"https:\/\/9play.de\/shop\/wp-json\/wp\/v2\/product"}],"about":[{"href":"https:\/\/9play.de\/shop\/wp-json\/wp\/v2\/types\/product"}],"replies":[{"embeddable":true,"href":"https:\/\/9play.de\/shop\/wp-json\/wp\/v2\/comments?post=17352"}],"wp:featuredmedia":[{"embeddable":true,"href":"https:\/\/9play.de\/shop\/wp-json\/wp\/v2\/media\/17353"}],"wp:attachment":[{"href":"https:\/\/9play.de\/shop\/wp-json\/wp\/v2\/media?parent=17352"}],"wp:term":[{"taxonomy":"product_brand","embeddable":true,"href":"https:\/\/9play.de\/shop\/wp-json\/wp\/v2\/product_brand?post=17352"},{"taxonomy":"product_cat","embeddable":true,"href":"https:\/\/9play.de\/shop\/wp-json\/wp\/v2\/product_cat?post=17352"},{"taxonomy":"product_tag","embeddable":true,"href":"https:\/\/9play.de\/shop\/wp-json\/wp\/v2\/product_tag?post=17352"}],"curies":[{"name":"wp","href":"https:\/\/api.w.org\/{rel}","templated":true}]}}