{"id":17404,"date":"2024-10-06T18:24:47","date_gmt":"2024-10-06T16:24:47","guid":{"rendered":"https:\/\/9play.de\/shop\/produkt\/paw-patrol-grosse-stehlampe-dekorative-lampe-mit-schirm\/"},"modified":"2024-10-06T18:25:07","modified_gmt":"2024-10-06T16:25:07","slug":"paw-patrol-grosse-stehlampe-dekorative-lampe-mit-schirm","status":"publish","type":"product","link":"https:\/\/9play.de\/shop\/produkt\/paw-patrol-grosse-stehlampe-dekorative-lampe-mit-schirm\/","title":{"rendered":"Paw Patrol gro\u00dfe Stehlampe dekorative Lampe mit Schirm"},"content":{"rendered":"<p>Die perfekte Lampe f\u00fcr dein Kinderzimmer im tollen Paw Patrol Design.<br \/>Dekoriere das Zimmer deines Kindes mit Lieblingshelden, die dein Kind beim Spielen, Lernen und Schlafen begleiten.<br \/>Eine sanfte und gleichm\u00e4\u00dfige Beleuchtung dank des Lampenschirms, der f\u00fcr ausreichend Helligkeit sorgt und gleichzeitig die Augen des Kindes sch\u00fctzt.<br \/>Ein-Ausschalter am Stromkabel (L\u00e4nge ca. 71 cm).<\/p>\n<p>Produktma\u00dfe ca. 18,5 x 18,5 x 29 cm<br \/>Ben\u00f6tigt eine E27 LED-Gl\u00fchbirne von maximal 25 W (nicht inbegriffen).<br \/>Stromversorgung \u00fcber AC.<br \/>Altersempfehlung: Ab 3 Jahre<br \/>Material: Kunststoff<\/p>\n<p>Achtung! Nicht f\u00fcr Kinder unter 36 Monaten geeignet wegen verschluckbarer Kleinteile, Erstickungsgefahr.<\/p>\n","protected":false},"excerpt":{"rendered":"<p>Paw Patrol Stehlampe mit dekorativem Lampenschirm<\/p>\n","protected":false},"featured_media":17405,"comment_status":"closed","ping_status":"open","template":"","meta":[],"product_brand":[],"product_cat":[501],"product_tag":[],"class_list":{"0":"post-17404","1":"product","2":"type-product","3":"status-publish","4":"has-post-thumbnail","6":"product_cat-nachtleuchten","8":"first","9":"instock","10":"shipping-taxable","11":"purchasable","12":"product-type-simple"},"_links":{"self":[{"href":"https:\/\/9play.de\/shop\/wp-json\/wp\/v2\/product\/17404","targetHints":{"allow":["GET"]}}],"collection":[{"href":"https:\/\/9play.de\/shop\/wp-json\/wp\/v2\/product"}],"about":[{"href":"https:\/\/9play.de\/shop\/wp-json\/wp\/v2\/types\/product"}],"replies":[{"embeddable":true,"href":"https:\/\/9play.de\/shop\/wp-json\/wp\/v2\/comments?post=17404"}],"wp:featuredmedia":[{"embeddable":true,"href":"https:\/\/9play.de\/shop\/wp-json\/wp\/v2\/media\/17405"}],"wp:attachment":[{"href":"https:\/\/9play.de\/shop\/wp-json\/wp\/v2\/media?parent=17404"}],"wp:term":[{"taxonomy":"product_brand","embeddable":true,"href":"https:\/\/9play.de\/shop\/wp-json\/wp\/v2\/product_brand?post=17404"},{"taxonomy":"product_cat","embeddable":true,"href":"https:\/\/9play.de\/shop\/wp-json\/wp\/v2\/product_cat?post=17404"},{"taxonomy":"product_tag","embeddable":true,"href":"https:\/\/9play.de\/shop\/wp-json\/wp\/v2\/product_tag?post=17404"}],"curies":[{"name":"wp","href":"https:\/\/api.w.org\/{rel}","templated":true}]}}