{"id":17555,"date":"2024-10-06T18:25:54","date_gmt":"2024-10-06T16:25:54","guid":{"rendered":"https:\/\/9play.de\/shop\/produkt\/roboter-power-einhorn-robotereinhorn-ferngesteuerter-pony-pferd\/"},"modified":"2024-10-06T18:26:55","modified_gmt":"2024-10-06T16:26:55","slug":"roboter-power-einhorn-robotereinhorn-ferngesteuerter-pony-pferd","status":"publish","type":"product","link":"https:\/\/9play.de\/shop\/produkt\/roboter-power-einhorn-robotereinhorn-ferngesteuerter-pony-pferd\/","title":{"rendered":"Roboter Power Einhorn Robotereinhorn Ferngesteuerter Pony Pferd"},"content":{"rendered":"<p>Power Unicorn, mein programmierbares magisches Einhorn!<br \/>Eine tolle Begleiterin, die man immer streicheln kann.<br \/>Power Unicorn ist ein lehrreiches und unterhaltsames Robotereinhorn mit vielen Funktionen wie Zahlen lehren.<br \/>Es kennt viele Choreografien und T\u00e4nze im Rhythmus. Es kann singen, w\u00e4hrend es viele Lieder wiehert.<br \/>Das Einhorn kann sich hinsetzen, sich hinlegen, dein Schlafzimmer bewachen, Hallo sagen, w\u00fctend sein, Yoga und Liegest\u00fctze machen und viele andere Tricks!<br \/>Programmierbar, wiederholt Sequenzen. Es kann andere Tiere imitieren!<br \/>Mit Gestensteuerung und Fernbedienung in alle Richtungen steuerbar! Es reagiert wenn man seinen Kopf streicht.<br \/>Hat viele Ton- und Lichteffekte und tolle Str\u00e4hnen.<\/p>\n<p>Inhalt: 1x Roboter Einhorn&nbsp;<br \/>Stromversorgung:Aufladbarer&nbsp;Akku<br \/>Fernbedienung:&nbsp;LR6\/AA Batterien (Im Lieferumfang nicht enthalten)<br \/>Altersempfehlung: Ab 4 Jahre<br \/>Material: Kunststoff<br \/>Gr\u00f6\u00dfe: ca. 25,7 x 16 x 28 cm<\/p>\n<p>Achtung! Nicht f\u00fcr Kinder unter 36 Monaten geeignet wegen verschluckbarer Kleinteile, Erstickungsgefahr.<\/p>\n<p>Hinweis zur Entsorgung von Altbatterien Der nachfolgende Hinweis richtet sich an diejenigen, die Batterien oder Produkte mit eingebauten Batterien nutzen und in der an sie gelieferten Form nicht mehr weiterver\u00e4u\u00dfern (Endnutzer): 1. Unentgeltliche R\u00fccknahme von Altbatterien Batterien d\u00fcrfen nicht \u00fcber den Hausm\u00fcll entsorgt werden. Sie sind zur R\u00fcckgabe von Altbatterien gesetzlich verpflichtet, damit eine fachgerechte Entsorgung gew\u00e4hrleistet werden kann. Sie k\u00f6nnen Altbatterien an einer kommunalen Sammelstelle oder im Handel vor Ort abgeben. Auch wir sind als Vertreiber von Batterien zur R\u00fccknahme von Altbatterien verpflichtet, wobei sich unsere R\u00fccknahmeverpflichtung auf Altbatterien der Art beschr\u00e4nkt, die wir als Neubatterien in unserem Sortiment f\u00fchren oder gef\u00fchrt haben. Altbatterien vorgenannter Art k\u00f6nnen Sie daher entweder ausreichend frankiert an uns zur\u00fccksenden oder sie direkt an unserem Versandlager unter der im Impressum genannten Adresse unentgeltlich abgeben. 2. Bedeutung der Batteriesymbole Batterien sind mit dem Symbol einer durchgekreuzten M\u00fclltonne gekennzeichnet. Dieses Symbol weist darauf hin, dass Batterien nicht in den Hausm\u00fcll gegeben werden d\u00fcrfen. Bei Batterien, die mehr als 0,0005 Masseprozent Quecksilber, mehr als 0,002 Masseprozent Cadmium oder mehr als 0,004 Masseprozent Blei enthalten, befindet sich unter dem M\u00fclltonnen-Symbol die chemische Bezeichnung des jeweils eingesetzten Schadstoffes \u2013 dabei steht &#8222;Cd&#8220; f\u00fcr Cadmium, &#8222;Pb&#8220; steht f\u00fcr Blei, und &#8222;Hg&#8220; f\u00fcr Quecksilber.<\/p>\n","protected":false},"excerpt":{"rendered":"<p>Roboter Power Einhorn Robotereinhorn mit Fernbedienung<\/p>\n","protected":false},"featured_media":17556,"comment_status":"closed","ping_status":"open","template":"","meta":[],"product_brand":[],"product_cat":[498],"product_tag":[],"class_list":{"0":"post-17555","1":"product","2":"type-product","3":"status-publish","4":"has-post-thumbnail","6":"product_cat-roboter","8":"first","9":"instock","10":"shipping-taxable","11":"purchasable","12":"product-type-simple"},"_links":{"self":[{"href":"https:\/\/9play.de\/shop\/wp-json\/wp\/v2\/product\/17555","targetHints":{"allow":["GET"]}}],"collection":[{"href":"https:\/\/9play.de\/shop\/wp-json\/wp\/v2\/product"}],"about":[{"href":"https:\/\/9play.de\/shop\/wp-json\/wp\/v2\/types\/product"}],"replies":[{"embeddable":true,"href":"https:\/\/9play.de\/shop\/wp-json\/wp\/v2\/comments?post=17555"}],"wp:featuredmedia":[{"embeddable":true,"href":"https:\/\/9play.de\/shop\/wp-json\/wp\/v2\/media\/17556"}],"wp:attachment":[{"href":"https:\/\/9play.de\/shop\/wp-json\/wp\/v2\/media?parent=17555"}],"wp:term":[{"taxonomy":"product_brand","embeddable":true,"href":"https:\/\/9play.de\/shop\/wp-json\/wp\/v2\/product_brand?post=17555"},{"taxonomy":"product_cat","embeddable":true,"href":"https:\/\/9play.de\/shop\/wp-json\/wp\/v2\/product_cat?post=17555"},{"taxonomy":"product_tag","embeddable":true,"href":"https:\/\/9play.de\/shop\/wp-json\/wp\/v2\/product_tag?post=17555"}],"curies":[{"name":"wp","href":"https:\/\/api.w.org\/{rel}","templated":true}]}}