{"id":17581,"date":"2024-10-06T18:27:04","date_gmt":"2024-10-06T16:27:04","guid":{"rendered":"https:\/\/9play.de\/shop\/produkt\/baby-besteck-set-loeffel-und-gabel-farbe-orange\/"},"modified":"2024-10-06T18:27:12","modified_gmt":"2024-10-06T16:27:12","slug":"baby-besteck-set-loeffel-und-gabel-farbe-orange","status":"publish","type":"product","link":"https:\/\/9play.de\/shop\/produkt\/baby-besteck-set-loeffel-und-gabel-farbe-orange\/","title":{"rendered":"Baby Besteck Set L\u00f6ffel und Gabel Farbe Orange"},"content":{"rendered":"<p>Das L\u00f6ffel- und Gabelset von OrangieFly ist speziell f\u00fcr Babys entwickelt worden, um ihnen das Essenlernen zu erleichtern.<br \/>Das Set besteht aus Silikon und verf\u00fcgt \u00fcber ein Anti-Sk\u00f6der-System, das die Sicherheit des Kindes beim Essen gew\u00e4hrleistet.<br \/>Es ist unbedenklich f\u00fcr Ihr Kind.<br \/>Das niedliche Frootimals-Design macht das Set zu einem unterhaltsamen und treuen Begleiter w\u00e4hrend der Mahlzeiten Ihres Babys.<\/p>\n<p>Inhalt: 1x L\u00f6ffel, 1x Gabel<br \/>Altersempfehlung: ab 6 Monate<br \/>Verpackung: ca. 15,2 \u00d7 18,2 \u00d7 5,5 cm<br \/>Material: Silikon<\/p>\n<p>Achtung: Benutzung unter unmittelbarer Aufsicht von Erwachsenen.<\/p>\n","protected":false},"excerpt":{"rendered":"<p>Das niedliche Frootimals-Design macht das Set zu einem unterhaltsamen und treuen Begleiter<\/p>\n","protected":false},"featured_media":17582,"comment_status":"closed","ping_status":"open","template":"","meta":[],"product_brand":[],"product_cat":[533],"product_tag":[],"class_list":{"0":"post-17581","1":"product","2":"type-product","3":"status-publish","4":"has-post-thumbnail","6":"product_cat-ernaehrung","8":"first","9":"instock","10":"shipping-taxable","11":"purchasable","12":"product-type-simple"},"_links":{"self":[{"href":"https:\/\/9play.de\/shop\/wp-json\/wp\/v2\/product\/17581","targetHints":{"allow":["GET"]}}],"collection":[{"href":"https:\/\/9play.de\/shop\/wp-json\/wp\/v2\/product"}],"about":[{"href":"https:\/\/9play.de\/shop\/wp-json\/wp\/v2\/types\/product"}],"replies":[{"embeddable":true,"href":"https:\/\/9play.de\/shop\/wp-json\/wp\/v2\/comments?post=17581"}],"wp:featuredmedia":[{"embeddable":true,"href":"https:\/\/9play.de\/shop\/wp-json\/wp\/v2\/media\/17582"}],"wp:attachment":[{"href":"https:\/\/9play.de\/shop\/wp-json\/wp\/v2\/media?parent=17581"}],"wp:term":[{"taxonomy":"product_brand","embeddable":true,"href":"https:\/\/9play.de\/shop\/wp-json\/wp\/v2\/product_brand?post=17581"},{"taxonomy":"product_cat","embeddable":true,"href":"https:\/\/9play.de\/shop\/wp-json\/wp\/v2\/product_cat?post=17581"},{"taxonomy":"product_tag","embeddable":true,"href":"https:\/\/9play.de\/shop\/wp-json\/wp\/v2\/product_tag?post=17581"}],"curies":[{"name":"wp","href":"https:\/\/api.w.org\/{rel}","templated":true}]}}