{"id":17587,"date":"2024-10-06T18:27:04","date_gmt":"2024-10-06T16:27:04","guid":{"rendered":"https:\/\/9play.de\/shop\/produkt\/baby-silikon-fruchtsauger-gemuesesauger-schmetterling\/"},"modified":"2024-10-06T18:27:15","modified_gmt":"2024-10-06T16:27:15","slug":"baby-silikon-fruchtsauger-gemuesesauger-schmetterling","status":"publish","type":"product","link":"https:\/\/9play.de\/shop\/produkt\/baby-silikon-fruchtsauger-gemuesesauger-schmetterling\/","title":{"rendered":"Baby Silikon Fruchtsauger Gem\u00fcsesauger Schmetterling"},"content":{"rendered":"<p>Der Silikon-Schnuller von OrangieFly ist ein praktisches Zubeh\u00f6r f\u00fcr die F\u00fctterungszeit Ihres Babys. Er unterst\u00fctzt die fr\u00fche Entwicklung Ihres Kindes, indem er es von fl\u00fcssiger zu fester Nahrung f\u00fchrt.<br \/>Der Schnuller verf\u00fcgt \u00fcber ein Fach, in dem feste Fr\u00fcchte platziert werden k\u00f6nnen, so dass das Baby lernen kann zu kauen, um das Essen zu bekommen.<br \/>Zus\u00e4tzlich kann der Schnuller in den Gefrierschrank gelegt werden, um das Zahnfleisch des Babys zu beruhigen, wenn es mit dem Zahnen beginnt.<br \/>Das Silikonmaterial ist und sicher f\u00fcr das Baby.<\/p>\n<p>Inhalt: 1x Silikon-Schnuller &nbsp;(Fruchtsauger \/ Gem\u00fcsesauger)<br \/>Altersempfehlung: ab 6 Monate<br \/>Verpackung: ca. 15,6 \u00d7 12,7 x 3 cm<br \/>Material: Silikon<\/p>\n<p>Achtung: Benutzung unter unmittelbarer Aufsicht von Erwachsenen.<\/p>\n","protected":false},"excerpt":{"rendered":"<p>Er unterst\u00fctzt die fr\u00fche Entwicklung Ihres Kindes, indem er es von fl\u00fcssiger zu fester Nahrung f\u00fchrt.<\/p>\n","protected":false},"featured_media":17588,"comment_status":"closed","ping_status":"open","template":"","meta":[],"product_brand":[],"product_cat":[534],"product_tag":[],"class_list":{"0":"post-17587","1":"product","2":"type-product","3":"status-publish","4":"has-post-thumbnail","6":"product_cat-schnuller-beissringe","8":"first","9":"instock","10":"shipping-taxable","11":"purchasable","12":"product-type-simple"},"_links":{"self":[{"href":"https:\/\/9play.de\/shop\/wp-json\/wp\/v2\/product\/17587","targetHints":{"allow":["GET"]}}],"collection":[{"href":"https:\/\/9play.de\/shop\/wp-json\/wp\/v2\/product"}],"about":[{"href":"https:\/\/9play.de\/shop\/wp-json\/wp\/v2\/types\/product"}],"replies":[{"embeddable":true,"href":"https:\/\/9play.de\/shop\/wp-json\/wp\/v2\/comments?post=17587"}],"wp:featuredmedia":[{"embeddable":true,"href":"https:\/\/9play.de\/shop\/wp-json\/wp\/v2\/media\/17588"}],"wp:attachment":[{"href":"https:\/\/9play.de\/shop\/wp-json\/wp\/v2\/media?parent=17587"}],"wp:term":[{"taxonomy":"product_brand","embeddable":true,"href":"https:\/\/9play.de\/shop\/wp-json\/wp\/v2\/product_brand?post=17587"},{"taxonomy":"product_cat","embeddable":true,"href":"https:\/\/9play.de\/shop\/wp-json\/wp\/v2\/product_cat?post=17587"},{"taxonomy":"product_tag","embeddable":true,"href":"https:\/\/9play.de\/shop\/wp-json\/wp\/v2\/product_tag?post=17587"}],"curies":[{"name":"wp","href":"https:\/\/api.w.org\/{rel}","templated":true}]}}