{"id":17593,"date":"2024-10-06T18:27:04","date_gmt":"2024-10-06T16:27:04","guid":{"rendered":"https:\/\/9play.de\/shop\/produkt\/baby-anti-rutsch-teller-elefant\/"},"modified":"2024-10-06T18:27:19","modified_gmt":"2024-10-06T16:27:19","slug":"baby-anti-rutsch-teller-elefant","status":"publish","type":"product","link":"https:\/\/9play.de\/shop\/produkt\/baby-anti-rutsch-teller-elefant\/","title":{"rendered":"Baby Anti Rutsch Teller Elefant"},"content":{"rendered":"<p>Die Silikonteller ist ein ideales Begleiter f\u00fcr Babys, die gerade anfangen, selbst zu essen.<br \/>Dank seiner Anti-Rutsch-Funktion, die durch ein Adh\u00e4sionssystem erreicht wird, kann die Platte auf jeder Oberfl\u00e4che befestigt werden, so dass sie nicht verrutscht und das Baby in v\u00f6lliger Freiheit experimentieren kann.<br \/>Die Melany Melephant-Platte verf\u00fcgt \u00fcber 3 F\u00e4cher, um das Essen vollst\u00e4ndig zu trennen, und besteht aus Silikon, das leicht und anpassungsf\u00e4hig ist und somit einfach zu transportieren ist.<\/p>\n<p>Inhalt: 1x Silikon-Teller<br \/>Altersempfehlung: ab 6 Monate<br \/>Verpackung: ca. 27,5 x 19,3 x 3 cm<br \/>Material: Silikon<\/p>\n<p>Achtung: Benutzung unter unmittelbarer Aufsicht von Erwachsenen.<\/p>\n","protected":false},"excerpt":{"rendered":"<p>Die Silikonteller ist ein ideales Begleiter f\u00fcr Babys, die gerade anfangen, selbst zu essen.<\/p>\n","protected":false},"featured_media":17594,"comment_status":"closed","ping_status":"open","template":"","meta":[],"product_brand":[],"product_cat":[533],"product_tag":[],"class_list":{"0":"post-17593","1":"product","2":"type-product","3":"status-publish","4":"has-post-thumbnail","6":"product_cat-ernaehrung","8":"first","9":"instock","10":"shipping-taxable","11":"purchasable","12":"product-type-simple"},"_links":{"self":[{"href":"https:\/\/9play.de\/shop\/wp-json\/wp\/v2\/product\/17593","targetHints":{"allow":["GET"]}}],"collection":[{"href":"https:\/\/9play.de\/shop\/wp-json\/wp\/v2\/product"}],"about":[{"href":"https:\/\/9play.de\/shop\/wp-json\/wp\/v2\/types\/product"}],"replies":[{"embeddable":true,"href":"https:\/\/9play.de\/shop\/wp-json\/wp\/v2\/comments?post=17593"}],"wp:featuredmedia":[{"embeddable":true,"href":"https:\/\/9play.de\/shop\/wp-json\/wp\/v2\/media\/17594"}],"wp:attachment":[{"href":"https:\/\/9play.de\/shop\/wp-json\/wp\/v2\/media?parent=17593"}],"wp:term":[{"taxonomy":"product_brand","embeddable":true,"href":"https:\/\/9play.de\/shop\/wp-json\/wp\/v2\/product_brand?post=17593"},{"taxonomy":"product_cat","embeddable":true,"href":"https:\/\/9play.de\/shop\/wp-json\/wp\/v2\/product_cat?post=17593"},{"taxonomy":"product_tag","embeddable":true,"href":"https:\/\/9play.de\/shop\/wp-json\/wp\/v2\/product_tag?post=17593"}],"curies":[{"name":"wp","href":"https:\/\/api.w.org\/{rel}","templated":true}]}}