{"id":17596,"date":"2024-10-06T18:27:04","date_gmt":"2024-10-06T16:27:04","guid":{"rendered":"https:\/\/9play.de\/shop\/produkt\/baby-anti-rutsch-teller-baer\/"},"modified":"2024-10-06T18:27:20","modified_gmt":"2024-10-06T16:27:20","slug":"baby-anti-rutsch-teller-baer","status":"publish","type":"product","link":"https:\/\/9play.de\/shop\/produkt\/baby-anti-rutsch-teller-baer\/","title":{"rendered":"Baby Anti Rutsch Teller B\u00e4r"},"content":{"rendered":"<p>Die Bubba Tropibear-Platte ist das perfekte Hilfsmittel f\u00fcr Eltern, die ihr Baby dabei unterst\u00fctzen m\u00f6chten, eigenst\u00e4ndig zu essen.<br \/>Die Silikonplatte verf\u00fcgt \u00fcber eine Anti-Rutsch-Funktion, die durch ihr Adh\u00e4sionssystem an jeder Oberfl\u00e4che befestigt werden kann.<br \/>So bleibt die Platte an Ort und Stelle, w\u00e4hrend das Baby ohne Einschr\u00e4nkungen experimentieren kann.<br \/>Die Platte verf\u00fcgt \u00fcber drei F\u00e4cher, um das Essen voneinander zu trennen und ist aus Silikonmaterial hergestellt, was sie leicht und einfach zu transportieren macht.<\/p>\n<p>Inhalt: 1x Silikon-Teller<br \/>Altersempfehlung: ab 6 Monate<br \/>Verpackung: ca. 27,5 x 19,3 x 3 cm<br \/>Material: Silikon<\/p>\n<p>Achtung: Benutzung unter unmittelbarer Aufsicht von Erwachsenen.<\/p>\n","protected":false},"excerpt":{"rendered":"<p>Die Silikonplatte verf\u00fcgt \u00fcber eine Anti-Rutsch-Funktion<\/p>\n","protected":false},"featured_media":17597,"comment_status":"closed","ping_status":"open","template":"","meta":[],"product_brand":[],"product_cat":[533],"product_tag":[],"class_list":{"0":"post-17596","1":"product","2":"type-product","3":"status-publish","4":"has-post-thumbnail","6":"product_cat-ernaehrung","8":"first","9":"instock","10":"shipping-taxable","11":"purchasable","12":"product-type-simple"},"_links":{"self":[{"href":"https:\/\/9play.de\/shop\/wp-json\/wp\/v2\/product\/17596","targetHints":{"allow":["GET"]}}],"collection":[{"href":"https:\/\/9play.de\/shop\/wp-json\/wp\/v2\/product"}],"about":[{"href":"https:\/\/9play.de\/shop\/wp-json\/wp\/v2\/types\/product"}],"replies":[{"embeddable":true,"href":"https:\/\/9play.de\/shop\/wp-json\/wp\/v2\/comments?post=17596"}],"wp:featuredmedia":[{"embeddable":true,"href":"https:\/\/9play.de\/shop\/wp-json\/wp\/v2\/media\/17597"}],"wp:attachment":[{"href":"https:\/\/9play.de\/shop\/wp-json\/wp\/v2\/media?parent=17596"}],"wp:term":[{"taxonomy":"product_brand","embeddable":true,"href":"https:\/\/9play.de\/shop\/wp-json\/wp\/v2\/product_brand?post=17596"},{"taxonomy":"product_cat","embeddable":true,"href":"https:\/\/9play.de\/shop\/wp-json\/wp\/v2\/product_cat?post=17596"},{"taxonomy":"product_tag","embeddable":true,"href":"https:\/\/9play.de\/shop\/wp-json\/wp\/v2\/product_tag?post=17596"}],"curies":[{"name":"wp","href":"https:\/\/api.w.org\/{rel}","templated":true}]}}